000
CXUS54 KHGX 011524
CF6CXO
PRELIMINARY LOCAL CLIMATOLOGICAL DATA (WS FORM: F-6)
STATION: CONROE
MONTH: DECEMBER
YEAR: 2020
LATITUDE: 30 21 N
LONGITUDE: 95 25 W
TEMPERATURE IN F: :PCPN: SNOW: WIND :SUNSHINE: SKY :PK WND
================================================================================
1 2 3 4 5 6A 6B 7 8 9 10 11 12 13 14 15 16 17 18
12Z AVG MX 2MIN
DY MAX MIN AVG DEP HDD CDD WTR SNW DPTH SPD SPD DIR MIN PSBL S-S WX SPD DR
================================================================================
1 62 25 44 -10 21 0 0.00 0.0 0 6.4 18 150 M M 1 23 140
2 59 50 55 1 10 0 0.28 0.0 0 7.9 21 340 M M 10 1 29 330
3 57 40 49 -5 16 0 0.00 0.0 0 8.3 20 340 M M 5 28 330
4 59 35 47 -7 18 0 0.00 0.0 0 4.1 14 350 M M 1 19 340
5 60 31 46 -7 19 0 0.01 0.0 0 1.6 8 140 M M 4 1 11 190
6 66 37 52 -1 13 0 T 0.0 0 4.0 15 310 M M 2 1 21 320
7 65 37 51 -2 14 0 0.00 0.0 0 4.9 16 340 M M 0 1 22 330
8 73 33 53 0 12 0 0.00 0.0 M 2.3 12 280 M M 0 16 290
9 79 34 57 5 8 0 0.00 0.0 0 1.1 10 270 M M 0 13 280
10 78 36 57 5 8 0 0.00 0.0 M 5.4 16 170 M M 1 8 21 200
11 73 55 64 12 1 0 0.18 0.0 M 3.8 14 160 M M 8 1 19 150
12 66 49 58 6 7 0 0.00 0.0 0 4.5 13 340 M M 6 12 17 10
13 66 43 55 3 10 0 0.13 0.0 0 10.1 32 320 M M 9 1 44 320
14 50 34 42 -10 23 0 0.00 0.0 0 6.0 22 330 M M 7 1 27 330
15 48 41 45 -7 20 0 0.07 0.0 0 4.8 14 320 M M 10 1 18 320
16 49 29 39 -12 26 0 0.00 0.0 0 6.0 15 330 M M 5 1 20 320
17 58 26 42 -9 23 0 0.00 0.0 0 1.0 7 180 M M 0 1 9 200
18 66 29 48 -3 17 0 0.00 0.0 0 7.3 22 150 M M 5 18 26 150
19 62 48 55 4 10 0 1.27 0.0 0 4.2 24 330 M M 10 123 31 330
20 67 38 53 2 12 0 0.00 0.0 0 3.2 12 330 M M 5 12 15 320
21 72 34 53 2 12 0 0.00 0.0 0 1.8 12 200 M M 0 1 16 240
22 72 38 55 4 10 0 0.00 0.0 0 5.6 17 160 M M 3 12 21 150
23 80 52 66 15 0 1 0.07 0.0 0 7.7 25 340 M M 7 3 37 360
24 53 32 43 -8 22 0 0.00 0.0 0 11.7 25 330 M M 1 37 350
25 63 29 46 -4 19 0 0.00 0.0 M 1.1 8 330 M M 0 11 30
26 69 31 50 0 15 0 0.00 0.0 0 5.4 16 170 M M 0 1 19 180
27 75 40 58 8 7 0 0.00 0.0 0 5.9 21 180 M M 3 1 25 190
28 77 48 63 13 2 0 0.00 0.0 0 4.7 15 160 M M 5 12 19 150
29 74 49 62 12 3 0 0.00 0.0 0 11.0 24 160 M M 6 1 33 170
30 77 53 65 15 0 0 1.12 0.0 0 8.1 18 330 M M 10 13 24 170
31 63 44 54 4 11 0 0.90 0.0 0 7.9 20 230 M M 10 13 28 220
================================================================================
SM 2038 1200 389 1 4.03 0.0 167.8 M 134
================================================================================
AV 65.7 38.7 5.4 FASTST M M 4 MAX(MPH)
MISC ----> 32 320 44 320
================================================================================
NOTES:
# LAST OF SEVERAL OCCURRENCES
COLUMN 17 PEAK WIND IN M.P.H.
PRELIMINARY LOCAL CLIMATOLOGICAL DATA (WS FORM: F-6) , PAGE 2
STATION: CONROE
MONTH: DECEMBER
YEAR: 2020
LATITUDE: 30 21 N
LONGITUDE: 95 25 W
[TEMPERATURE DATA] [PRECIPITATION DATA] SYMBOLS USED IN COLUMN 16
AVERAGE MONTHLY: 52.2 TOTAL FOR MONTH: 4.03 1 = FOG OR MIST
DPTR FM NORMAL: 0.5 DPTR FM NORMAL: 0.07 2 = FOG REDUCING VISIBILITY
HIGHEST: 80 ON 23 GRTST 24HR 1.27 ON 19-19 TO 1/4 MILE OR LESS
LOWEST: 25 ON 1 3 = THUNDER
SNOW, ICE PELLETS, HAIL 4 = ICE PELLETS
TOTAL MONTH: 0.0 INCH 5 = HAIL
GRTST 24HR 0.0 6 = FREEZING RAIN OR DRIZZLE
GRTST DEPTH: 0 7 = DUSTSTORM OR SANDSTORM:
VSBY 1/2 MILE OR LESS
8 = SMOKE OR HAZE
[NO. OF DAYS WITH] [WEATHER - DAYS WITH] 9 = BLOWING SNOW
X = TORNADO
MAX 32 OR BELOW: 0 0.01 INCH OR MORE: 9
MAX 90 OR ABOVE: 0 0.10 INCH OR MORE: 6
MIN 32 OR BELOW: 8 0.50 INCH OR MORE: 3
MIN 0 OR BELOW: 0 1.00 INCH OR MORE: 2
[HDD (BASE 65) ]
TOTAL THIS MO. 389 CLEAR (SCALE 0-3) 14
DPTR FM NORMAL -38 PTCLDY (SCALE 4-7) 11
TOTAL FM JUL 1 569 CLOUDY (SCALE 8-10) 6
DPTR FM NORMAL -126
[CDD (BASE 65) ]
TOTAL THIS MO. 1
DPTR FM NORMAL -14 [PRESSURE DATA]
TOTAL FM JAN 1 3133 HIGHEST SLP 30.39 ON 24
DPTR FM NORMAL 499 LOWEST SLP 29.53 ON 31
[REMARKS]
#FINAL-12-20#