000
CXUS54 KHGX 011515
CF6CXO
PRELIMINARY LOCAL CLIMATOLOGICAL DATA (WS FORM: F-6)
STATION: CONROE
MONTH: MAY
YEAR: 2020
LATITUDE: 30 21 N
LONGITUDE: 95 25 W
TEMPERATURE IN F: :PCPN: SNOW: WIND :SUNSHINE: SKY :PK WND
================================================================================
1 2 3 4 5 6A 6B 7 8 9 10 11 12 13 14 15 16 17 18
12Z AVG MX 2MIN
DY MAX MIN AVG DEP HDD CDD WTR SNW DPTH SPD SPD DIR MIN PSBL S-S WX SPD DR
================================================================================
1 86 51 69 -2 0 4 0.00 0.0 0 7.1 18 150 M M 0 22 150
2 88 58 73 2 0 8 0.00 0.0 0 9.3 18 150 M M 2 1 24 140
3 90 69 80 9 0 15 0.00 0.0 0 9.4 17 180 M M 4 24 170
4 91 70 81 10 0 16 0.00 0.0 0 9.5 17 160 M M 5 24 190
5 89 69 79 7 0 14 T 0.0 0 6.1 16 350 M M 7 13 21 340
6 86 57 72 0 0 7 0.00 0.0 0 4.3 14 90 M M 2 38 21 70
7 86 54 70 -2 0 5 0.00 0.0 0 10.4 23 170 M M 3 30 150
8 88 63 76 4 0 11 T 0.0 0 10.8 24 350 M M 9 34 10
9 72 56 64 -9 1 0 0.00 0.0 0 5.6 16 90 M M 1 22 80
10 82 50 66 -7 0 1 0.00 0.0 0 3.5 10 360 M M 0 15 40
11 84 51 68 -5 0 3 0.00 0.0 0 6.0 16 140 M M 0 20 140
12 83 61 72 -2 0 7 0.71 0.0 0 7.7 21 170 M M 4 13 24 170
13 86 70 78 4 0 13 0.09 0.0 0 6.7 18 170 M M 7 1 22 170
14 90 69 80 6 0 15 0.01 0.0 0 7.3 20 150 M M 6 13 26 120
15 90 69 80 6 0 15 0.09 0.0 0 4.6 22 110 M M 7 123 27 120
16 78 67 73 -2 0 8 0.59 0.0 0 8.1 17 220 M M 8 13 23 220
17 85 64 75 0 0 10 0.02 0.0 0 7.0 17 290 M M 2 26 290
18 92 60 76 1 0 11 0.00 0.0 0 1.9 10 240 M M 0 14 250
19 94 67 81 6 0 16 0.00 0.0 0 5.5 15 200 M M 0 1 20 200
20 95 68 82 6 0 17 0.00 0.0 0 5.7 16 160 M M 4 1 19 170
21 91 72 82 6 0 17 0.00 0.0 0 7.9 17 150 M M 3 1 23 160
22 92 74 83 7 0 18 T 0.0 0 9.7 21 170 M M 5 123 27 170
23 92 75 84 8 0 19 T 0.0 0 7.9 18 150 M M 5 13 25 150
24 84 65 75 -1 0 10 1.60 0.0 0 6.7 18 250 M M 8 1238 27 230
25 82 65 74 -3 0 9 0.06 0.0 0 5.7 16 70 M M 6 24 90
26 86 65 76 -1 0 11 0.50 0.0 0 4.1 20 330 M M 3 13 28 330
27 88 59 74 -3 0 9 0.68 0.0 0 5.8 30 350 M M 3 13 40 360
28 88 61 75 -2 0 10 0.00 0.0 0 2.7 15 130 M M 4 1 20 120
29 88 64 76 -2 0 11 0.00 0.0 0 4.5 12 10 M M 2 1 18 360
30 87 63 75 -3 0 10 0.00 0.0 0 3.7 10 20 M M 2 15 330
31 86 72 79 1 0 14 0.01 0.0 0 2.7 13 100 M M 5 1 17 90
================================================================================
SM 2699 1978 1 334 4.36 0.0 197.9 M 117
================================================================================
AV 87.1 63.8 6.4 FASTST M M 4 MAX(MPH)
MISC ----> # 30 350 # 40 360
================================================================================
NOTES:
# LAST OF SEVERAL OCCURRENCES
COLUMN 17 PEAK WIND IN M.P.H.
PRELIMINARY LOCAL CLIMATOLOGICAL DATA (WS FORM: F-6) , PAGE 2
STATION: CONROE
MONTH: MAY
YEAR: 2020
LATITUDE: 30 21 N
LONGITUDE: 95 25 W
[TEMPERATURE DATA] [PRECIPITATION DATA] SYMBOLS USED IN COLUMN 16
AVERAGE MONTHLY: 75.4 TOTAL FOR MONTH: 4.36 1 = FOG OR MIST
DPTR FM NORMAL: 1.0 DPTR FM NORMAL: -0.56 2 = FOG REDUCING VISIBILITY
HIGHEST: 95 ON 20 GRTST 24HR 1.60 ON 24-24 TO 1/4 MILE OR LESS
LOWEST: 50 ON 10 3 = THUNDER
SNOW, ICE PELLETS, HAIL 4 = ICE PELLETS
TOTAL MONTH: 0.0 INCH 5 = HAIL
GRTST 24HR 0.0 6 = FREEZING RAIN OR DRIZZLE
GRTST DEPTH: 0 7 = DUSTSTORM OR SANDSTORM:
VSBY 1/2 MILE OR LESS
8 = SMOKE OR HAZE
[NO. OF DAYS WITH] [WEATHER - DAYS WITH] 9 = BLOWING SNOW
X = TORNADO
MAX 32 OR BELOW: 0 0.01 INCH OR MORE: 11
MAX 90 OR ABOVE: 10 0.10 INCH OR MORE: 5
MIN 32 OR BELOW: 0 0.50 INCH OR MORE: 5
MIN 0 OR BELOW: 0 1.00 INCH OR MORE: 1
[HDD (BASE 65) ]
TOTAL THIS MO. 1 CLEAR (SCALE 0-3) 12
DPTR FM NORMAL -2 PTCLDY (SCALE 4-7) 18
TOTAL FM JUL 1 1492 CLOUDY (SCALE 8-10) 1
DPTR FM NORMAL -248
[CDD (BASE 65) ]
TOTAL THIS MO. 334
DPTR FM NORMAL 38 [PRESSURE DATA]
TOTAL FM JAN 1 672 HIGHEST SLP 30.25 ON 11
DPTR FM NORMAL 187 LOWEST SLP 29.61 ON 16
[REMARKS]
#FINAL-05-20#