000
CXUS52 KMLB 010725
CF6DAB
PRELIMINARY LOCAL CLIMATOLOGICAL DATA (WS FORM: F-6)
STATION: DAYTONA BEACH
MONTH: FEBRUARY
YEAR: 2021
LATITUDE: 29 10 N
LONGITUDE: 81 3 W
TEMPERATURE IN F: :PCPN: SNOW: WIND :SUNSHINE: SKY :PK WND
================================================================================
1 2 3 4 5 6A 6B 7 8 9 10 11 12 13 14 15 16 17 18
12Z AVG MX 2MIN
DY MAX MIN AVG DEP HDD CDD WTR SNW DPTH SPD SPD DIR MIN PSBL S-S WX SPD DR
================================================================================
1 69 44 57 -2 8 0 0.27 0.0 0 13.9 25 290 M M 8 1 34 300
2 55 37 46 -13 19 0 0.00 0.0 0 12.7 24 280 M M 5 8 30 280
3 58 34 46 -13 19 0 0.00 0.0 0 6.0 17 320 M M 1 21 330
4 65 33 49 -10 16 0 0.00 0.0 0 2.5 12 80 M M 3 16 70
5 79 45 62 3 3 0 0.00 0.0 0 7.4 22 210 M M 7 30 210
6 70 57 64 5 1 0 0.28 0.0 0 7.2 20 20 M M 9 13 22 20
7 75 56 66 6 0 1 0.19 0.0 0 10.0 21 10 M M 7 13 30 200
8 70 56 63 3 2 0 0.01 0.0 0 6.1 14 70 M M 9 1 17 60
9 82 63 73 13 0 8 0.00 0.0 0 4.7 23 20 M M 9 12 27 20
10 84 62 73 13 0 8 0.00 0.0 0 3.9 15 40 M M 6 12 17 40
11 83 61 72 12 0 7 0.04 0.0 0 3.2 14 200 M M 7 12 19 210
12 84 63 74 14 0 9 0.00 0.0 0 4.1 13 90 M M 7 1 15 200
13 78 63 71 11 0 6 1.08 0.0 0 3.9 16 230 M M 9 13 23 220
14 82 58 70 10 0 5 0.95 0.0 0 7.5 23 270 M M 9 138 32 290
15 86 58 72 12 0 7 T 0.0 0 6.0 14 170 M M 8 13 20 170
16 75 58 67 6 0 2 0.41 0.0 0 9.6 22 280 M M 5 13 32 280
17 64 56 60 -1 5 0 T 0.0 0 6.3 16 20 M M 8 1 22 360
18 88 64 76 15 0 11 0.00 0.0 0 8.9 20 210 M M 5 1 26 200
19 82 52 67 6 0 2 0.34 0.0 0 10.0 29 260 M M 7 13 39 260
20 61 48 55 -6 10 0 0.00 0.0 0 11.9 20 20 M M 5 23 30
21 70 54 62 1 3 0 T 0.0 0 10.5 22 70 M M 5 27 80
22 81 56 69 8 0 4 T 0.0 0 5.0 16 230 M M 5 22 160
23 70 51 61 0 4 0 0.11 0.0 0 6.6 17 40 M M 4 1 27 350
24 75 49 62 0 3 0 0.00 0.0 0 3.4 13 70 M M 2 1 16 70
25 78 51 65 3 0 0 0.00 0.0 0 5.2 14 60 M M 0 1 17 40
26 80 52 66 4 0 1 0.00 0.0 0 2.9 13 80 M M 1 14 70
27 84 61 73 11 0 8 0.00 0.0 0 4.6 14 110 M M 3 1 20 110
28 85 66 76 14 0 11 0.00 0.0 0 6.2 15 170 M M 4 1 21 180
================================================================================
SM 2113 1508 93 90 3.68 0.0 190.2 M 158
================================================================================
AV 75.5 53.9 6.8 FASTST M M 6 MAX(MPH)
MISC ----> 29 260 39 260
================================================================================
NOTES:
# LAST OF SEVERAL OCCURRENCES
COLUMN 17 PEAK WIND IN M.P.H.
PRELIMINARY LOCAL CLIMATOLOGICAL DATA (WS FORM: F-6) , PAGE 2
STATION: DAYTONA BEACH
MONTH: FEBRUARY
YEAR: 2021
LATITUDE: 29 10 N
LONGITUDE: 81 3 W
[TEMPERATURE DATA] [PRECIPITATION DATA] SYMBOLS USED IN COLUMN 16
AVERAGE MONTHLY: 64.7 TOTAL FOR MONTH: 3.68 1 = FOG OR MIST
DPTR FM NORMAL: 4.3 DPTR FM NORMAL: 0.90 2 = FOG REDUCING VISIBILITY
HIGHEST: 88 ON 18 GRTST 24HR 1.36 ON 13-14 TO 1/4 MILE OR LESS
LOWEST: 33 ON 4 3 = THUNDER
SNOW, ICE PELLETS, HAIL 4 = ICE PELLETS
TOTAL MONTH: 0.0 INCH 5 = HAIL
GRTST 24HR 0.0 6 = FREEZING RAIN OR DRIZZLE
GRTST DEPTH: 0 7 = DUSTSTORM OR SANDSTORM:
VSBY 1/2 MILE OR LESS
8 = SMOKE OR HAZE
[NO. OF DAYS WITH] [WEATHER - DAYS WITH] 9 = BLOWING SNOW
X = TORNADO
MAX 32 OR BELOW: 0 0.01 INCH OR MORE: 10
MAX 90 OR ABOVE: 0 0.10 INCH OR MORE: 8
MIN 32 OR BELOW: 0 0.50 INCH OR MORE: 2
MIN 0 OR BELOW: 0 1.00 INCH OR MORE: 1
[HDD (BASE 65) ]
TOTAL THIS MO. 93 CLEAR (SCALE 0-3) 5
DPTR FM NORMAL -72 PTCLDY (SCALE 4-7) 16
TOTAL FM JUL 1 564 CLOUDY (SCALE 8-10) 7
DPTR FM NORMAL -119
[CDD (BASE 65) ]
TOTAL THIS MO. 90
DPTR FM NORMAL 54 [PRESSURE DATA]
TOTAL FM JAN 1 121 HIGHEST SLP M ON M
DPTR FM NORMAL 59 LOWEST SLP 29.76 ON 1
[REMARKS]
#FINAL-02-21#