000
CXUS52 KMLB 011208
CLMDAB
CLIMATE REPORT
NATIONAL WEATHER SERVICE MELBOURNE FL
808 AM EDT MON MAY 01 2023
...................................
...THE DAYTONA BEACH CLIMATE SUMMARY FOR THE MONTH OF APRIL 2023...
CLIMATE NORMAL PERIOD 1991 TO 2020
CLIMATE RECORD PERIOD 1923 TO 2023
WEATHER OBSERVED NORMAL DEPART LAST YEAR`S
VALUE DATE(S) VALUE FROM VALUE
NORMAL
..............................................................
TEMPERATURE (F)
MONTHLY RECORD
HOTTEST 75.3 2015
COLDEST 63.7 1950
DAILY RECORD
HIGH 96 04/24/1968
LOW 32 04/14/1940
APRIL 2023
HIGHEST 90 04/01 89
LOWEST 51 04/18 45
AVG. MAXIMUM 82.5 80.2 2.3 80.7
AVG. MINIMUM 65.0 60.1 4.9 64.0
MEAN 73.7 70.2 3.5 72.3
DAYS MAX >= 90 1 1.3 -0.3 0
DAYS MAX <= 32 0 0.0 0.0 0
DAYS MIN <= 32 0 0.0 0.0 0
DAYS MIN <= 0 0 0.0 0.0 0
PRECIPITATION (INCHES)
MONTHLY RECORD
MAXIMUM 7.12 1949
MINIMUM T 1967
DAILY RECORD
MAXIMUM 4.07 04/5/1931
APRIL 2023
TOTALS 5.81 2.23 3.58 2.26
DAYS >= .01 14 6.3 7.7 6
DAYS >= .10 11 3.9 7.1 5
DAYS >= .50 4 1.5 2.5 2
DAYS >= 1.00 1 0.5 0.5 0
GREATEST
24 HR. TOTAL 1.27 04/22 TO 04/22
SNOWFALL (INCHES)
TOTALS 0.0 MM MM 0.0
SINCE 7/1 0.0 MM MM MM
DAYS >= TRACE 0 0
DEGREE DAYS
HEATING TOTAL 1 20 -19 12
SINCE 7/1 422 703 -281 MM
COOLING TOTAL 268 174 94 242
SINCE 1/1 654 341 313 MM
..............................................................
WIND (MPH)
AVERAGE WIND SPEED 8.1
HIGHEST WIND SPEED/DIRECTION 33/270 DATE 04/27
HIGHEST GUST SPEED/DIRECTION 45/300 DATE 04/22
SKY COVER
POSSIBLE SUNSHINE (PERCENT) MM
AVERAGE SKY COVER 0.55
NUMBER OF DAYS FAIR 5
NUMBER OF DAYS PC 20
NUMBER OF DAYS CLOUDY 5
AVERAGE RH (PERCENT) 71
WEATHER CONDITIONS. NUMBER OF DAYS WITH
THUNDERSTORM 11 MIXED PRECIP 0
HEAVY RAIN 9 RAIN 9
LIGHT RAIN 15 LT FREEZING RAIN 0
HAIL 0 LIGHT SNOW 0
SLEET 0 FOG 18
FOG W/VIS <= 1/4 MILE 1 HAZE 3
- INDICATES NEGATIVE NUMBERS.
R INDICATES RECORD WAS SET OR TIED.
MM INDICATES DATA IS MISSING.
T INDICATES TRACE AMOUNT.
$$