000
CXUS55 KVEF 022241
CF6DAG
PRELIMINARY LOCAL CLIMATOLOGICAL DATA (WS FORM: F-6)
STATION: BARSTOW-DAGGETT CA
MONTH: NOVEMBER
YEAR: 2023
LATITUDE: 34 51 N
LONGITUDE: 116 47 W
TEMPERATURE IN F: :PCPN: SNOW: WIND :SUNSHINE: SKY :PK WND
================================================================================
1 2 3 4 5 6A 6B 7 8 9 10 11 12 13 14 15 16 17 18
12Z AVG MX 2MIN
DY MAX MIN AVG DEP HDD CDD WTR SNW DPTH SPD SPD DIR MIN PSBL S-S WX SPD DR
================================================================================
1 75 40 58 -4 7 0 0.00 0.0 0 6.6 12 70 M M 0 17 70
2 78 43 61 -1 4 0 0.00 0.0 0 6.6 14 290 M M 0 17 270
3 80 46 63 2 2 0 0.00 0.0 0 6.5 14 280 M M 0 17 280
4 81 46 64 3 1 0 0.00 0.0 0 5.4 13 290 M M 0 16 290
5 89 50 70 10 0 5 0.00 0.0 0 9.2 20 270 M M 0 26 260
6 84 54 69 9 0 4 0.00 0.0 0 15.0 26 260 M M 0 35 270
7 69 50 60 0 5 0 0.00 0.0 0 20.1 35 260 M M 0 44 280
8 68 44 56 -3 9 0 0.00 0.0 0 8.7 24 20 M M 0 29 30
9 68 42 55 -4 10 0 0.00 0.0 0 4.7 13 270 M M 0 8 15 60
10 68 39 54 -4 11 0 0.00 0.0 0 7.6 15 280 M M 0 19 280
11 71 38 55 -3 10 0 0.00 0.0 0 6.2 14 300 M M 0 18 290
12 72 36 54 -4 11 0 0.00 0.0 0 6.3 14 80 M M 0 19 70
13 74 39 57 0 8 0 0.00 0.0 0 4.3 15 90 M M 0 20 100
14 75 42 59 2 6 0 0.00 0.0 0 4.4 14 280 M M 0 17 280
15 62 39 51 -5 14 0 0.04 0.0 0 5.6 15 290 M M 5 19 280
16 68 44 56 0 9 0 0.00 0.0 0 4.1 10 280 M M 3 1 15 270
17 70 43 57 2 8 0 0.00 0.0 0 6.1 16 90 M M 1 1 23 80
18 71 47 59 4 6 0 0.00 0.0 0 11.1 23 260 M M 3 29 290
19 68 45 57 3 8 0 0.00 0.0 0 21.2 38 250 M M 1 48 240
20 63 42 53 -1 12 0 0.00 0.0 0 11.3 37 10 M M 1 47 360
21 65 36 51 -3 14 0 0.00 0.0 0 4.6 10 80 M M 0 14 90
22 67 36 52 -1 13 0 0.00 0.0 0 4.2 12 290 M M 0 14 280
23 74 44 59 6 6 0 0.00 0.0 0 11.1 38 270 M M 0 49 270
24 63 39 51 -1 14 0 0.00 0.0 0 5.8 12 290 M M 0 13 290
25 58 31 45 -7 20 0 0.00 0.0 0 4.6 12 90 M M 0 17 70
26 55 28 42 -10 23 0 0.00 0.0 0 4.8 13 110 M M 0 17 90
27 61 29 45 -6 20 0 0.00 0.0 0 5.0 13 100 M M 0 19 80
28 63 34 49 -2 16 0 0.00 0.0 0 5.8 13 80 M M 0 18 70
29 63 37 50 -1 15 0 0.00 0.0 0 10.9 18 300 M M 0 24 300
30 61 41 51 1 14 0 0.00 0.0 0 12.9 25 280 M M 0 33 270
================================================================================
SM 2084 1224 296 9 0.04 0.0 240.7 M 14
================================================================================
AV 69.5 40.8 8.0 FASTST M M 0 MAX(MPH)
MISC ----> # 38 250 49 270
================================================================================
NOTES:
# LAST OF SEVERAL OCCURRENCES
COLUMN 17 PEAK WIND IN M.P.H.
PRELIMINARY LOCAL CLIMATOLOGICAL DATA (WS FORM: F-6) , PAGE 2
STATION: BARSTOW-DAGGETT CA
MONTH: NOVEMBER
YEAR: 2023
LATITUDE: 34 51 N
LONGITUDE: 116 47 W
[TEMPERATURE DATA] [PRECIPITATION DATA] SYMBOLS USED IN COLUMN 16
AVERAGE MONTHLY: 55.1 TOTAL FOR MONTH: 0.04 1 = FOG OR MIST
DPTR FM NORMAL: -1.0 DPTR FM NORMAL: -0.28 2 = FOG REDUCING VISIBILITY
HIGHEST: 89 ON 5 GRTST 24HR 0.04 ON 15-15 TO 1/4 MILE OR LESS
LOWEST: 28 ON 26 3 = THUNDER
SNOW, ICE PELLETS, HAIL 4 = ICE PELLETS
TOTAL MONTH: 0.0 INCH 5 = HAIL
GRTST 24HR 0.0 6 = FREEZING RAIN OR DRIZZLE
GRTST DEPTH: 0 7 = DUSTSTORM OR SANDSTORM:
VSBY 1/2 MILE OR LESS
8 = SMOKE OR HAZE
[NO. OF DAYS WITH] [WEATHER - DAYS WITH] 9 = BLOWING SNOW
X = TORNADO
MAX 32 OR BELOW: 0 0.01 INCH OR MORE: 1
MAX 90 OR ABOVE: 0 0.10 INCH OR MORE: 0
MIN 32 OR BELOW: 3 0.50 INCH OR MORE: 0
MIN 0 OR BELOW: 0 1.00 INCH OR MORE: 0
[HDD (BASE 65) ]
TOTAL THIS MO. 296 CLEAR (SCALE 0-3) 28
DPTR FM NORMAL 18 PTCLDY (SCALE 4-7) 2
TOTAL FM JUL 1 344 CLOUDY (SCALE 8-10) 0
DPTR FM NORMAL 20
[CDD (BASE 65) ]
TOTAL THIS MO. 9
DPTR FM NORMAL -1 [PRESSURE DATA]
TOTAL FM JAN 1 3045 HIGHEST SLP 30.49 ON 21
DPTR FM NORMAL -83 LOWEST SLP 29.63 ON 23
[REMARKS]
#FINAL-11-23#