000
CXUS54 KFWD 010730
CF6DAL
PRELIMINARY LOCAL CLIMATOLOGICAL DATA (WS FORM: F-6)
STATION: DALLAS LOVE FIELD
MONTH: APRIL
YEAR: 2023
LATITUDE: 32 50 N
LONGITUDE: 96 51 W
TEMPERATURE IN F: :PCPN: SNOW: WIND :SUNSHINE: SKY :PK WND
================================================================================
1 2 3 4 5 6A 6B 7 8 9 10 11 12 13 14 15 16 17 18
12Z AVG MX 2MIN
DY MAX MIN AVG DEP HDD CDD WTR SNW DPTH SPD SPD DIR MIN PSBL S-S WX SPD DR
================================================================================
1 77 58 68 4 0 3 0.00 0.0 0 7.2 18 330 M M 6 31 70
2 79 58 69 5 0 4 0.05 0.0 0 9.4 18 170 M M 7 138 29 180
3 92 64 78 14 0 13 0.00 0.0 0 10.2 21 160 M M 4 18 32 150
4 82 72 77 12 0 12 0.00 0.0 0 13.8 21 170 M M 9 8 36 180
5 77 53 65 0 0 0 0.14 0.0 0 12.5 28 320 M M 8 13 36 10
6 58 50 54 -11 11 0 0.00 0.0 0 9.6 16 30 M M 10 27 50
7 61 53 57 -8 8 0 0.00 0.0 0 7.0 13 40 M M 10 23 60
8 75 54 65 -1 0 0 0.00 0.0 0 4.3 9 80 M M 7 25 80
9 73 54 64 -2 1 0 0.00 0.0 0 4.1 15 130 M M 7 21 140
10 74 57 66 0 0 1 0.00 0.0 0 5.6 13 100 M M 7 18 110
11 76 52 64 -2 1 0 0.00 0.0 0 4.5 14 120 M M 2 22 80
12 78 55 67 1 0 2 0.00 0.0 0 7.8 17 150 M M 2 25 140
13 79 57 68 2 0 3 0.00 0.0 0 7.2 16 150 M M 3 22 160
14 78 60 69 2 0 4 0.00 0.0 0 12.8 22 180 M M 7 32 180
15 81 59 70 3 0 5 0.00 0.0 0 14.6 28 340 M M 5 40 350
16 73 49 61 -6 4 0 0.00 0.0 0 8.1 21 350 M M 0 33 20
17 79 48 64 -3 1 0 0.00 0.0 0 8.1 21 150 M M 3 28 180
18 73 61 67 -1 0 2 0.00 0.0 0 12.7 23 160 M M 6 31 160
19 83 66 75 7 0 10 0.00 0.0 0 14.6 25 170 M M 7 41 190
20 84 63 74 6 0 9 0.21 0.0 0 11.2 21 180 M M 9 1358 33 30
21 77 57 67 -1 0 2 0.00 0.0 0 7.2 18 320 M M 3 28 40
22 73 53 63 -5 2 0 0.00 0.0 0 8.6 18 30 M M 7 31 50
23 58 47 53 -16 12 0 0.04 0.0 0 7.4 18 10 M M 8 1 27 20
24 70 47 59 -10 6 0 T 0.0 0 7.4 17 130 M M 7 27 140
25 72 59 66 -3 0 1 0.01 0.0 0 9.9 17 130 M M 10 25 140
26 64 56 60 -9 5 0 1.01 0.0 0 8.4 29 330 M M 10 13 38 320
27 69 55 62 -8 3 0 T 0.0 0 9.5 22 310 M M 7 18 29 330
28 73 53 63 -7 2 0 0.81 0.0 0 9.8 26 330 M M 7 135 40 360
29 72 53 63 -7 2 0 0.00 0.0 0 14.7 25 340 M M 6 43 10
30 82 52 67 -3 0 2 0.00 0.0 0 6.2 13 60 M M 2 26 70
================================================================================
SM 2242 1675 58 73 2.27 0.0 274.4 M 186
================================================================================
AV 74.7 55.8 9.1 FASTST M M 6 MAX(MPH)
MISC ----> 29 330 43 10
================================================================================
NOTES:
# LAST OF SEVERAL OCCURRENCES
COLUMN 17 PEAK WIND IN M.P.H.
PRELIMINARY LOCAL CLIMATOLOGICAL DATA (WS FORM: F-6) , PAGE 2
STATION: DALLAS LOVE FIELD
MONTH: APRIL
YEAR: 2023
LATITUDE: 32 50 N
LONGITUDE: 96 51 W
[TEMPERATURE DATA] [PRECIPITATION DATA] SYMBOLS USED IN COLUMN 16
AVERAGE MONTHLY: 65.3 TOTAL FOR MONTH: 2.27 1 = FOG OR MIST
DPTR FM NORMAL: -1.8 DPTR FM NORMAL: -0.88 2 = FOG REDUCING VISIBILITY
HIGHEST: 92 ON 3 GRTST 24HR 1.02 ON 25-26 TO 1/4 MILE OR LESS
LOWEST: 47 ON 24,23 3 = THUNDER
SNOW, ICE PELLETS, HAIL 4 = ICE PELLETS
TOTAL MONTH: 0.0 INCH 5 = HAIL
GRTST 24HR 0.0 6 = FREEZING RAIN OR DRIZZLE
GRTST DEPTH: 0 7 = DUSTSTORM OR SANDSTORM:
VSBY 1/2 MILE OR LESS
8 = SMOKE OR HAZE
[NO. OF DAYS WITH] [WEATHER - DAYS WITH] 9 = BLOWING SNOW
X = TORNADO
MAX 32 OR BELOW: 0 0.01 INCH OR MORE: 7
MAX 90 OR ABOVE: 1 0.10 INCH OR MORE: 4
MIN 32 OR BELOW: 0 0.50 INCH OR MORE: 2
MIN 0 OR BELOW: 0 1.00 INCH OR MORE: 1
[HDD (BASE 65) ]
TOTAL THIS MO. 58 CLEAR (SCALE 0-3) 5
DPTR FM NORMAL -7 PTCLDY (SCALE 4-7) 18
TOTAL FM JUL 1 1819 CLOUDY (SCALE 8-10) 7
DPTR FM NORMAL -167
[CDD (BASE 65) ]
TOTAL THIS MO. 73
DPTR FM NORMAL -55 [PRESSURE DATA]
TOTAL FM JAN 1 165 HIGHEST SLP M ON M
DPTR FM NORMAL -25 LOWEST SLP 29.51 ON 4
[REMARKS]
#FINAL-04-23#