000
CXUS51 KILN 010539
CF6DAY
PRELIMINARY LOCAL CLIMATOLOGICAL DATA (WS FORM: F-6)
STATION: DAYTON OH
MONTH: NOVEMBER
YEAR: 2023
LATITUDE: 39 54 N
LONGITUDE: 84 12 W
TEMPERATURE IN F: :PCPN: SNOW: WIND :SUNSHINE: SKY :PK WND
================================================================================
1 2 3 4 5 6A 6B 7 8 9 10 11 12 13 14 15 16 17 18
12Z AVG MX 2MIN
DY MAX MIN AVG DEP HDD CDD WTR SNW DPTH SPD SPD DIR MIN PSBL S-S WX SPD DR
================================================================================
1 46 31 39 -11 26 0 0.00 0.0 0 6.4 16 300 M M 6 21 310
2 52 32 42 -7 23 0 0.00 0.0 0 11.5 22 220 M M 2 27 230
3 61 40 51 2 14 0 0.00 0.0 0 14.3 24 220 M M 4 32 210
4 66 48 57 9 8 0 T 0.0 0 9.7 17 260 M M 7 21 260
5 61 37 49 1 16 0 0.00 0.0 0 5.5 13 310 M M 2 18 15 320
6 72 40 56 8 9 0 T 0.0 0 12.3 25 200 M M 7 8 32 220
7 66 46 56 9 9 0 0.00 0.0 0 8.5 16 20 M M 7 19 30
8 77 44 61 14 4 0 0.00 0.0 0 14.8 26 190 M M 5 35 180
9 70 46 58 12 7 0 0.29 0.0 0 11.6 24 320 M M 7 18 30 320
10 61 36 49 3 16 0 0.00 0.0 0 8.2 23 240 M M 4 28 240
11 50 30 40 -6 25 0 0.00 0.0 0 6.0 15 30 M M 3 18 40
12 55 33 44 -1 21 0 0.00 0.0 0 6.7 15 120 M M 3 20 120
13 63 35 49 4 16 0 0.00 0.0 0 8.8 21 310 M M 1 25 310
14 60 33 47 3 18 0 0.00 0.0 0 4.6 9 140 M M 1 13 200
15 65 34 50 6 15 0 0.00 0.0 0 6.8 18 250 M M 2 25 250
16 68 39 54 10 11 0 0.00 0.0 0 7.9 20 210 M M 4 24 210
17 61 44 53 10 12 0 0.76 0.0 0 11.6 21 10 M M 10 13 27 210
18 50 30 40 -3 25 0 0.00 0.0 0 5.5 15 360 M M 1 18 19 340
19 57 31 44 1 21 0 0.00 0.0 0 6.2 10 70 M M 1 13 80
20 50 38 44 2 21 0 0.05 0.0 0 11.4 18 100 M M 9 24 110
21 52 42 47 5 18 0 0.31 0.0 0 13.9 23 140 M M 10 1 32 140
22 48 34 41 -1 24 0 T 0.0 0 10.3 18 330 M M 9 1 24 330
23 53 33 43 2 22 0 0.00 0.0 0 9.1 16 240 M M 3 1 22 220
24 40 26 33 -8 32 0 0.00 0.0 0 10.9 21 10 M M 7 25 360
25 42 21 32 -8 33 0 0.00 0.0 0 5.4 14 110 M M 7 16 100
26 44 31 38 -2 27 0 0.15 T 0 11.9 29 270 M M 8 1 37 290
27 34 24 29 -11 36 0 0.00 0.0 0 15.6 32 270 M M 9 38 280
28 28 17 23 -16 42 0 T T 0 12.3 23 300 M M 7 29 310
29 44 18 31 -8 34 0 0.00 0.0 0 12.3 23 260 M M 2 27 230
30 57 34 46 7 19 0 T 0.0 0 12.7 22 210 M M 6 29 210
================================================================================
SM 1653 1027 604 0 1.56 T 292.7 M 154
================================================================================
AV 55.1 34.2 9.8 FASTST M M 5 MAX(MPH)
MISC ----> 32 270 38 280
================================================================================
NOTES:
# LAST OF SEVERAL OCCURRENCES
COLUMN 17 PEAK WIND IN M.P.H.
PRELIMINARY LOCAL CLIMATOLOGICAL DATA (WS FORM: F-6) , PAGE 2
STATION: DAYTON OH
MONTH: NOVEMBER
YEAR: 2023
LATITUDE: 39 54 N
LONGITUDE: 84 12 W
[TEMPERATURE DATA] [PRECIPITATION DATA] SYMBOLS USED IN COLUMN 16
AVERAGE MONTHLY: 44.7 TOTAL FOR MONTH: 1.56 1 = FOG OR MIST
DPTR FM NORMAL: 0.6 DPTR FM NORMAL: -1.51 2 = FOG REDUCING VISIBILITY
HIGHEST: 77 ON 8 GRTST 24HR 0.76 ON 17-17 TO 1/4 MILE OR LESS
LOWEST: 17 ON 28 3 = THUNDER
SNOW, ICE PELLETS, HAIL 4 = ICE PELLETS
TOTAL MONTH: T 5 = HAIL
GRTST 24HR T ON 26-26 6 = FREEZING RAIN OR DRIZZLE
GRTST DEPTH: 0 7 = DUSTSTORM OR SANDSTORM:
VSBY 1/2 MILE OR LESS
8 = SMOKE OR HAZE
[NO. OF DAYS WITH] [WEATHER - DAYS WITH] 9 = BLOWING SNOW
X = TORNADO
MAX 32 OR BELOW: 1 0.01 INCH OR MORE: 5
MAX 90 OR ABOVE: 0 0.10 INCH OR MORE: 4
MIN 32 OR BELOW: 11 0.50 INCH OR MORE: 1
MIN 0 OR BELOW: 0 1.00 INCH OR MORE: 0
[HDD (BASE 65) ]
TOTAL THIS MO. 604 CLEAR (SCALE 0-3) 11
DPTR FM NORMAL -25 PTCLDY (SCALE 4-7) 13
TOTAL FM JUL 1 906 CLOUDY (SCALE 8-10) 6
DPTR FM NORMAL -84
[CDD (BASE 65) ]
TOTAL THIS MO. 0
DPTR FM NORMAL -1 [PRESSURE DATA]
TOTAL FM JAN 1 1018 HIGHEST SLP M ON M
DPTR FM NORMAL -135 LOWEST SLP 29.68 ON 8
[REMARKS]
#FINAL-11-23#