000
CXUS53 KDDC 041813
CF6DDC
PRELIMINARY LOCAL CLIMATOLOGICAL DATA (WS FORM: F-6)
STATION: DODGE CITY KS
MONTH: DECEMBER
YEAR: 2020
LATITUDE: 37 46 N
LONGITUDE: 99 58 W
TEMPERATURE IN F: :PCPN: SNOW: WIND :SUNSHINE: SKY :PK WND
================================================================================
1 2 3 4 5 6A 6B 7 8 9 10 11 12 13 14 15 16 17 18
12Z AVG MX 2MIN
DY MAX MIN AVG DEP HDD CDD WTR SNW DPTH SPD SPD DIR MIN PSBL S-S WX SPD DR
================================================================================
1 56 21 39 3 26 0 0.00 0.0 0 9.8 23 20 M M 0 29 40
2 36 29 33 -3 32 0 0.26 1.9 0 23.7 35 360 M M 8 128 45 350
3 41 26 34 -1 31 0 0.16 0.7 3 11.1 28 10 M M 5 1 35 10
4 57 23 40 5 25 0 0.00 0.0 1 8.8 15 300 M M 0 19 300
5 57 30 44 10 21 0 0.00 0.0 T 10.9 22 360 M M 0 28 350
6 54 28 41 7 24 0 0.00 0.0 0 7.6 14 360 M M 0 17 350
7 64 28 46 12 19 0 0.00 0.0 0 10.1 17 320 M M 0 24 310
8 65 26 46 12 19 0 0.00 0.0 0 10.0 15 290 M M 0 21 320
9 70 33 52 19 13 0 0.00 0.0 0 7.5 16 290 M M 0 8 19 300
10 57 26 42 9 23 0 0.00 0.0 0 11.2 22 20 M M 2 29 20
11 39 30 35 2 30 0 T T 0 14.6 21 350 M M 10 18 29 360
12 38 28 33 0 32 0 0.08 1.3 0 10.4 18 350 M M 10 1 28 340
13 35 16 26 -7 39 0 0.19 2.2 4 12.6 20 350 M M 5 1 25 340
14 29 8 19 -13 46 0 0.00 0.0 2 17.9 31 150 M M 3 18 42 150
15 30 24 27 -5 38 0 0.17 2.0 2 11.4 24 140 M M 10 12 30 140
16 37 9 23 -9 42 0 0.00 0.0 4 10.1 16 280 M M 1 1 21 280
17 41 21 31 -1 34 0 0.00 0.0 4 12.4 23 160 M M 0 29 160
18 51 33 42 10 23 0 0.00 0.0 2 13.8 21 170 M M 1 28 320
19 44 23 34 2 31 0 0.00 0.0 T 7.9 14 270 M M 0 18 270
20 51 32 42 10 23 0 0.00 0.0 0 13.3 20 310 M M 0 29 310
21 60 33 47 15 18 0 0.00 0.0 0 8.2 14 280 M M 0 17 270
22 63 31 47 15 18 0 0.00 0.0 0 15.2 28 190 M M 0 37 170
23 48 19 34 2 31 0 T T 0 22.5 40 330 M M 3 8 57 340
24 46 16 31 -1 34 0 0.00 0.0 0 13.2 28 320 M M 5 40 320
25 62 25 44 12 21 0 0.00 0.0 0 9.9 21 260 M M 0 26 260
26 61 24 43 11 22 0 0.00 0.0 0 8.5 15 220 M M 0 18 250
27 53 27 40 8 25 0 0.00 0.0 0 12.3 30 330 M M 1 44 310
28 39 28 34 2 31 0 T 0.0 0 10.7 22 110 M M 9 29 100
29 42 30 36 4 29 0 0.24 0.0 0 12.1 22 130 M M 9 16 29 120
30 42 19 31 -1 34 0 0.00 0.0 0 10.2 21 350 M M 0 25 350
31 43 17 30 -2 35 0 0.00 0.0 0 8.2 15 170 M M M 20 170
================================================================================
SM 1511 763 869 0 1.10 8.1 366.1 M 82
================================================================================
AV 48.7 24.6 11.8 FASTST M M 3 MAX(MPH)
MISC ----> 40 330 57 340
================================================================================
NOTES:
# LAST OF SEVERAL OCCURRENCES
COLUMN 17 PEAK WIND IN M.P.H.
PRELIMINARY LOCAL CLIMATOLOGICAL DATA (WS FORM: F-6) , PAGE 2
STATION: DODGE CITY KS
MONTH: DECEMBER
YEAR: 2020
LATITUDE: 37 46 N
LONGITUDE: 99 58 W
[TEMPERATURE DATA] [PRECIPITATION DATA] SYMBOLS USED IN COLUMN 16
AVERAGE MONTHLY: 36.7 TOTAL FOR MONTH: 1.10 1 = FOG OR MIST
DPTR FM NORMAL: 3.9 DPTR FM NORMAL: 0.26 2 = FOG REDUCING VISIBILITY
HIGHEST: 70 ON 9 GRTST 24HR 0.42 ON 2- 3 TO 1/4 MILE OR LESS
LOWEST: 8 ON 14 3 = THUNDER
SNOW, ICE PELLETS, HAIL 4 = ICE PELLETS
TOTAL MONTH: 8.1 INCHES 5 = HAIL
GRTST 24HR 3.5 ON 12-13 6 = FREEZING RAIN OR DRIZZLE
GRTST DEPTH: 4 ON 17,16 7 = DUSTSTORM OR SANDSTORM:
VSBY 1/2 MILE OR LESS
8 = SMOKE OR HAZE
[NO. OF DAYS WITH] [WEATHER - DAYS WITH] 9 = BLOWING SNOW
X = TORNADO
MAX 32 OR BELOW: 2 0.01 INCH OR MORE: 6
MAX 90 OR ABOVE: 0 0.10 INCH OR MORE: 5
MIN 32 OR BELOW: 28 0.50 INCH OR MORE: 0
MIN 0 OR BELOW: 0 1.00 INCH OR MORE: 0
[HDD (BASE 65) ]
TOTAL THIS MO. 869 CLEAR (SCALE 0-3) 21
DPTR FM NORMAL -131 PTCLDY (SCALE 4-7) 3
TOTAL FM JUL 1 1816 CLOUDY (SCALE 8-10) 7
DPTR FM NORMAL -198
[CDD (BASE 65) ]
TOTAL THIS MO. 0
DPTR FM NORMAL 0 [PRESSURE DATA]
TOTAL FM JAN 1 1583 HIGHEST SLP 30.38 ON 28
DPTR FM NORMAL 120 LOWEST SLP 29.45 ON 22
[REMARKS]
#FINAL-12-20#