000
CXUS53 KDDC 011604
CLSDDC
CLIMATE REPORT
NATIONAL WEATHER SERVICE DODGE CITY, KANSAS
1004 AM CST THU DEC 01 2022
...................................
...THE DODGE CITY KS CLIMATE SUMMARY FOR THE SEASON, FROM
9/1/2022 TO 11/30/2022...
CLIMATE NORMAL PERIOD 1991 TO 2020
CLIMATE RECORD PERIOD 1875 TO 2022
WEATHER OBSERVED NORMAL DEPART LAST YEAR`S
VALUE DATE(S) VALUE FROM VALUE DATE(S)
NORMAL
................................................................
TEMPERATURE (F)
RECORD
HIGH 107 09/01/2011
LOW -13 11/27/1887
HIGHEST 99 09/07 MM MM 105 09/11
09/18
LOWEST 11 11/12 MM MM 16 11/18
11/30
AVG. MAXIMUM 72.9 70.6 2.3 74.8
AVG. MINIMUM 42.7 43.1 -0.4 45.8
MEAN 57.8 56.8 1.0 60.3
DAYS MAX >= 90 17 10.5 6.5 17
DAYS MAX <= 32 1 1.5 -0.5 0
DAYS MIN <= 32 26 22.3 3.7 14
DAYS MIN <= 0 0 0.0 0.0 0
PRECIPITATION (INCHES)
RECORD
MAXIMUM 12.72 1906
MINIMUM 0.25 1980
TOTALS 2.96 4.13 -1.17 5.38
DAYS >= .01 12 15.4 -3.4 13
DAYS >= .10 8 7.6 0.4 10
DAYS >= .50 1 2.4 -1.4 4
DAYS >= 1.00 1 1.2 -0.2 1
GREATEST
24 HR. TOTAL 1.82 09/15 TO 09/16 1.78 10/12 TO 10/12
SNOWFALL (INCHES)
RECORDS
TOTAL 26.7 1992
24 HR TOTAL 12.1 11/24/1992 TO 11/24/1992
SNOW DEPTH 14 11/25/1992
11/26/1992
TOTALS 1.9 2.0 -0.1 T
SINCE 7/1 1.9 2.0 -0.1 T
SNOWDEPTH AVG. 0 0
DAYS >= TRACE 3 1.6 1.4 1
DAYS >= 1.0 1 0.6 0.4 0
GREATEST
SNOW DEPTH 2 11/15 0 11/30
24 HR TOTAL 1.9 11/14 TO 11/14 T
DEGREE DAYS
HEATING TOTAL 938 979 -41 748
SINCE 7/1 938 982 -44 748
COOLING TOTAL 306 236 70 341
SINCE 1/1 1998 1547 451 1747
................................................................
WIND (MPH)
AVERAGE WIND SPEED 11.9
RESULTANT WIND SPEED/DIRECTION 3/180
HIGHEST WIND SPEED/DIRECTION 49/210 DATE 10/23
HIGHEST GUST SPEED/DIRECTION 69/220 DATE 10/23
SKY COVER
POSSIBLE SUNSHINE (PERCENT) MM
AVERAGE SKY COVER 0.16
NUMBER OF DAYS FAIR 73
NUMBER OF DAYS PC 14
NUMBER OF DAYS CLOUDY 4
AVERAGE RH (PERCENT) 54
WEATHER CONDITIONS. NUMBER OF DAYS WITH
THUNDERSTORM 9 MIXED PRECIP 0
HEAVY RAIN 4 RAIN 5
LIGHT RAIN 16 FREEZING RAIN 0
LT FREEZING RAIN 1 HAIL 0
HEAVY SNOW 0 SNOW 1
LIGHT SNOW 3 SLEET 0
FOG 20 FOG W/VIS <= 1/4 MILE 5
HAZE 36
- INDICATES NEGATIVE NUMBERS.
R INDICATES RECORD WAS SET OR TIED.
MM INDICATES DATA IS MISSING.
T INDICATES TRACE AMOUNT.
$$