000
CXUS55 KALY 010710
CF6DDH
PRELIMINARY LOCAL CLIMATOLOGICAL DATA (WS FORM: F-6)
STATION: BENNINGTON VT
MONTH: OCTOBER
YEAR: 2022
LATITUDE: 42 53 N
LONGITUDE: 73 15 W
TEMPERATURE IN F: :PCPN: SNOW: WIND :SUNSHINE: SKY :PK WND
================================================================================
1 2 3 4 5 6A 6B 7 8 9 10 11 12 13 14 15 16 17 18
12Z AVG MX 2MIN
DY MAX MIN AVG DEP HDD CDD WTR SNW DPTH SPD SPD DIR MIN PSBL S-S WX SPD DR
================================================================================
1 69 39 54 0 11 0 0.00 M M 1.1 7 200 M M 3 18 9 360
2 60 41 51 -3 14 0 0.00 M M 3.5 14 360 M M 5 19 20
3 58 37 48 -6 17 0 0.00 M M 2.2 10 360 M M 0 15 350
4 58 41 50 -3 15 0 0.07 M M 2.0 10 90 M M 8 1 14 70
5 61 42 52 -1 13 0 0.01 M M 1.3 7 200 M M 8 12 11 210
6 74 38 56 4 9 0 0.00 M M 0.3 7 330 M M 3 12 10 340
7 70 46 58 6 7 0 0.00 M M 4.8 15 280 M M 6 1 20 260
8 52 31 42 -10 23 0 0.00 M M 4.0 14 250 M M 4 18 220
9 58 29 44 -7 21 0 0.00 M M 4.0 17 270 M M 5 1 22 220
10 58 34 46 -5 19 0 0.02 M M 1.7 13 350 M M 7 1 17 350
11 66 30 48 -2 17 0 0.00 M M 1.6 12 260 M M 2 128 15 270
12 71 38 55 5 10 0 0.00 M M 4.9 17 180 M M 0 8 23 200
13 72 52 62 12 3 0 1.17 M M 10.9 29 160 M M 5 39 140
14 62 37 50 1 15 0 0.45 M M 2.9 12 270 M M 6 18 16 260
15 68 33 51 2 14 0 0.00 M M 6.3 20 180 M M 2 128 28 160
16 62 34 48 -1 17 0 0.00 M M 1.4 9 270 M M 2 8 12 270
17 57 35 46 -2 19 0 0.52 M M 5.6 22 160 M M 6 8 28 160
18 56 35 46 -2 19 0 0.00 M M 2.1 10 270 M M 7 8 13 280
19 51 29 40 -8 25 0 0.00 M M 5.0 17 180 M M 5 22 240
20 54 33 44 -3 21 0 0.00 M M 7.1 20 200 M M 1 29 200
21 60 28 44 -3 21 0 0.00 M M 2.7 12 200 M M 0 15 210
22 72 31 52 5 13 0 0.00 M M 1.5 12 180 M M 0 15 190
23 65 35 50 4 15 0 0.00 M M 1.0 7 100 M M 1 11 100
24 68 54 61 15 4 0 0.05 M M 1.7 9 100 M M 9 13 100
25 75 59 67 21 0 2 0.04 M M 6.1 16 130 M M 7 21 130
26 78 54 66 21 0 1 0.06 M M 5.3 15 210 M M 5 8 22 210
27 61 32 47 2 18 0 0.00 M M 7.1 16 340 M M 4 28 240
28 55 27 41 -4 24 0 0.00 M M 1.2 6 150 M M 0 9 300
29 62 25 44 0 21 0 0.00 M M 1.4 7 330 M M 0 10 320
30 69 27 48 4 17 0 0.00 M M 1.2 8 310 M M 0 11 320
31 65 32 49 5 16 0 0.00 M M 2.1 10 240 M M 3 14 250
================================================================================
SM 1967 1138 458 3 2.39 M 104.0 M 114
================================================================================
AV 63.5 36.7 3.4 FASTST M M 4 MAX(MPH)
MISC ----> 29 160 39 140
================================================================================
NOTES:
# LAST OF SEVERAL OCCURRENCES
COLUMN 17 PEAK WIND IN M.P.H.
PRELIMINARY LOCAL CLIMATOLOGICAL DATA (WS FORM: F-6) , PAGE 2
STATION: BENNINGTON VT
MONTH: OCTOBER
YEAR: 2022
LATITUDE: 42 53 N
LONGITUDE: 73 15 W
[TEMPERATURE DATA] [PRECIPITATION DATA] SYMBOLS USED IN COLUMN 16
AVERAGE MONTHLY: 50.1 TOTAL FOR MONTH: 2.39 1 = FOG OR MIST
DPTR FM NORMAL: 1.2 DPTR FM NORMAL: -1.22 2 = FOG REDUCING VISIBILITY
HIGHEST: 78 ON 26 GRTST 24HR 1.62 ON 13-14 TO 1/4 MILE OR LESS
LOWEST: 25 ON 29 3 = THUNDER
SNOW, ICE PELLETS, HAIL 4 = ICE PELLETS
TOTAL MONTH: M 5 = HAIL
GRTST 24HR M ON M 6 = FREEZING RAIN OR DRIZZLE
GRTST DEPTH: M ON M 7 = DUSTSTORM OR SANDSTORM:
VSBY 1/2 MILE OR LESS
8 = SMOKE OR HAZE
[NO. OF DAYS WITH] [WEATHER - DAYS WITH] 9 = BLOWING SNOW
X = TORNADO
MAX 32 OR BELOW: 0 0.01 INCH OR MORE: 9
MAX 90 OR ABOVE: 0 0.10 INCH OR MORE: 3
MIN 32 OR BELOW: 11 0.50 INCH OR MORE: 2
MIN 0 OR BELOW: 0 1.00 INCH OR MORE: 1
[HDD (BASE 65) ]
TOTAL THIS MO. 458 CLEAR (SCALE 0-3) 15
DPTR FM NORMAL -45 PTCLDY (SCALE 4-7) 14
TOTAL FM JUL 1 630 CLOUDY (SCALE 8-10) 2
DPTR FM NORMAL -112
[CDD (BASE 65) ]
TOTAL THIS MO. 3
DPTR FM NORMAL 0 [PRESSURE DATA]
TOTAL FM JAN 1 530 HIGHEST SLP M ON M
DPTR FM NORMAL 159 LOWEST SLP 29.54 ON 18
[REMARKS]
#FINAL-10-22#