000
CXUS51 KALY 051738
CLSDDH
CLIMATE REPORT...CORRECTED PRECIPITATION
NATIONAL WEATHER SERVICE ALBANY NY
1238 PM EST TUE JAN 05 2021
...................................
...THE BENNINGTON VT CLIMATE SUMMARY FOR THE SEASON, FROM
9/1/2020 TO 11/30/2020...
CLIMATE NORMAL PERIOD: 1981 TO 2010
CLIMATE RECORD PERIOD: 9999 TO 9999
WEATHER OBSERVED NORMAL DEPART LAST YEAR`S
VALUE DATE(S) VALUE FROM VALUE DATE(S)
NORMAL
................................................................
TEMPERATURE (F)
HIGHEST 84 09/08 84 09/23
09/22
LOWEST 14 11/18 28 10/05
11/19
AVG. MAXIMUM 62.4 58.8 3.6 66.2
AVG. MINIMUM 39.8 37.8 2.0 43.5
MEAN 51.1 48.3 2.8 54.8
DAYS MAX >= 90 0 0.2 -0.2 0
DAYS MAX <= 32 1 2.0 -1.0 0
DAYS MIN <= 32 27 30.6 -3.6 4
DAYS MIN <= 0 0 0.0 0.0 0
PRECIPITATION (INCHES)
TOTALS 10.51 10.37 0.14 8.21
DAILY AVG. 0.12 0.13
DAYS >= .01 30 22
DAYS >= .10 19 13
DAYS >= .50 8 5
DAYS >= 1.00 2 1
GREATEST
24 HR. TOTAL 1.72
DEGREE DAYS
HEATING TOTAL 1286 1541 -255 619
SINCE 7/1 1316 1613 -297 654
COOLING TOTAL 41 25 16 24
SINCE 1/1 575 313 262 375
................................................................
WIND (MPH)
AVERAGE WIND SPEED 4.8
HIGHEST WIND SPEED/DIRECTION 45/140 DATE 11/15
HIGHEST GUST SPEED/DIRECTION 45/140 DATE 11/15
WEATHER CONDITIONS. NUMBER OF DAYS WITH
THUNDERSTORM 1 MIXED PRECIP 0
HEAVY RAIN 9 RAIN 12
LIGHT RAIN 35 FREEZING RAIN 0
LT FREEZING RAIN 1 HAIL 0
HEAVY SNOW 0 SNOW 0
LIGHT SNOW 5 SLEET 0
FOG 50 FOG W/VIS <= 1/4 MILE 8
HAZE 9
- INDICATES NEGATIVE NUMBERS.
R INDICATES RECORD WAS SET OR TIED.
MM INDICATES DATA IS MISSING.
T INDICATES TRACE AMOUNT.
$$