000
CXUS53 KILX 010900
CF6DEC
PRELIMINARY LOCAL CLIMATOLOGICAL DATA (WS FORM: F-6)
STATION: DECATUR IL AIRPORT
MONTH: OCTOBER
YEAR: 2022
LATITUDE: 39 49 N
LONGITUDE: 88 51 W
TEMPERATURE IN F: :PCPN: SNOW: WIND :SUNSHINE: SKY :PK WND
================================================================================
1 2 3 4 5 6A 6B 7 8 9 10 11 12 13 14 15 16 17 18
12Z AVG MX 2MIN
DY MAX MIN AVG DEP HDD CDD WTR SNW DPTH SPD SPD DIR MIN PSBL S-S WX SPD DR
================================================================================
1 75 41 58 -3 7 0 0.00 M M 9.6 17 40 M M 0 1 24 30
2 75 47 61 0 4 0 0.00 M M 8.5 17 40 M M 0 1 23 30
3 72 41 57 -4 8 0 0.00 M M 6.0 15 70 M M 0 21 90
4 75 37 56 -4 9 0 0.00 M M 1.9 7 10 M M 0 8 10 260
5 76 39 58 -2 7 0 T M M 3.6 14 300 M M 2 18 17 300
6 76 54 65 6 0 0 0.16 M M 7.7 23 330 M M 4 13 31 320
7 61 38 50 -9 15 0 0.00 M M 9.5 16 360 M M 4 22 350
8 59 34 47 -11 18 0 0.00 M M 5.5 15 240 M M 1 19 240
9 71 36 54 -4 11 0 0.00 M M 9.4 20 240 M M 2 27 230
10 77 40 59 1 6 0 0.00 M M 6.5 16 230 M M 1 21 220
11 66 57 62 5 3 0 0.20 M M 11.5 17 190 M M 8 1 25 180
12 68 48 58 1 7 0 0.34 M M 12.4 28 320 M M 6 13 40 320
13 60 38 49 -7 16 0 0.00 M M 10.2 24 260 M M 2 36 310
14 66 38 52 -4 13 0 0.11 M M 12.6 26 230 M M 3 1 39 240
15 57 37 47 -9 18 0 0.00 M M 7.3 15 310 M M 1 19 310
16 62 45 54 -1 11 0 0.00 M M 11.9 22 320 M M 3 31 310
17 46 35 41 -14 24 0 0.00 M M 14.6 25 320 M M 4 38 320
18 49 31 40 -14 25 0 0.00 M M 14.8 23 320 M M 2 34 300
19 50 29 40 -14 25 0 0.00 M M 9.9 18 280 M M 0 26 270
20 67 35 51 -3 14 0 0.00 M M 10.5 18 230 M M 1 25 220
21 78 45 62 9 3 0 0.00 M M 13.4 24 210 M M 0 36 190
22 80 54 67 14 0 2 0.00 M M 15.8 29 200 M M 0 39 190
23 77 63 70 18 0 5 T M M 19.3 31 160 M M 1 45 190
24 78 63 71 19 0 6 T M M 17.4 28 170 M M 1 38 170
25 64 46 55 3 10 0 1.95 M M 11.0 30 30 M M 10 13 37 350
26 57 36 47 -4 18 0 0.10 M M 10.5 23 320 M M 3 1 33 310
27 57 33 45 -6 20 0 0.00 M M 8.6 16 90 M M 0 20 90
28 62 35 49 -1 16 0 0.00 M M 5.4 14 40 M M 0 18 30
29 68 34 51 1 14 0 0.00 M M 4.8 9 140 M M 0 1 12 120
30 59 45 52 2 13 0 0.09 M M 6.5 16 100 M M 7 12 19 110
31 59 49 54 5 11 0 T M M 6.9 13 230 M M 10 12 19 220
================================================================================
SM 2047 1303 346 13 2.95 M 303.5 M 76
================================================================================
AV 66.0 42.0 9.8 FASTST M M 2 MAX(MPH)
MISC ----> 31 160 45 190
================================================================================
NOTES:
# LAST OF SEVERAL OCCURRENCES
COLUMN 17 PEAK WIND IN M.P.H.
PRELIMINARY LOCAL CLIMATOLOGICAL DATA (WS FORM: F-6) , PAGE 2
STATION: DECATUR IL AIRPORT
MONTH: OCTOBER
YEAR: 2022
LATITUDE: 39 49 N
LONGITUDE: 88 51 W
[TEMPERATURE DATA] [PRECIPITATION DATA] SYMBOLS USED IN COLUMN 16
AVERAGE MONTHLY: 54.0 TOTAL FOR MONTH: 2.95 1 = FOG OR MIST
DPTR FM NORMAL: -1.2 DPTR FM NORMAL: -0.23 2 = FOG REDUCING VISIBILITY
HIGHEST: 80 ON 22 GRTST 24HR 1.95 ON 25-25 TO 1/4 MILE OR LESS
LOWEST: 29 ON 19 3 = THUNDER
SNOW, ICE PELLETS, HAIL 4 = ICE PELLETS
TOTAL MONTH: M 5 = HAIL
GRTST 24HR M ON M 6 = FREEZING RAIN OR DRIZZLE
GRTST DEPTH: M ON M 7 = DUSTSTORM OR SANDSTORM:
VSBY 1/2 MILE OR LESS
8 = SMOKE OR HAZE
[NO. OF DAYS WITH] [WEATHER - DAYS WITH] 9 = BLOWING SNOW
X = TORNADO
MAX 32 OR BELOW: 0 0.01 INCH OR MORE: 7
MAX 90 OR ABOVE: 0 0.10 INCH OR MORE: 6
MIN 32 OR BELOW: 2 0.50 INCH OR MORE: 1
MIN 0 OR BELOW: 0 1.00 INCH OR MORE: 1
[HDD (BASE 65) ]
TOTAL THIS MO. 346 CLEAR (SCALE 0-3) 23
DPTR FM NORMAL 21 PTCLDY (SCALE 4-7) 5
TOTAL FM JUL 1 424 CLOUDY (SCALE 8-10) 3
DPTR FM NORMAL 28
[CDD (BASE 65) ]
TOTAL THIS MO. 13
DPTR FM NORMAL -9 [PRESSURE DATA]
TOTAL FM JAN 1 1227 HIGHEST SLP 30.48 ON 8
DPTR FM NORMAL 123 LOWEST SLP 29.41 ON 25
[REMARKS]
#FINAL-10-22#