000
CXUS54 KSHV 011300
CF6DEQ
PRELIMINARY LOCAL CLIMATOLOGICAL DATA (WS FORM: F-6)
STATION: DE QUEEN
MONTH: JUNE
YEAR: 2021
LATITUDE: 34 2 N
LONGITUDE: 94 24 W
TEMPERATURE IN F: :PCPN: SNOW: WIND :SUNSHINE: SKY :PK WND
================================================================================
1 2 3 4 5 6A 6B 7 8 9 10 11 12 13 14 15 16 17 18
12Z AVG MX 2MIN
DY MAX MIN AVG DEP HDD CDD WTR SNW DPTH SPD SPD DIR MIN PSBL S-S WX SPD DR
================================================================================
1 80 67 74 -2 0 9 0.59 0.0 0 4.3 12 260 M M 9 1 15 270
2 75 61 68 -8 0 3 0.00 0.0 0 4.9 14 280 M M 8 1 17 270
3 85 57 71 -5 0 6 0.00 0.0 0 1.3 8 40 M M 2 1 10 50
4 85 63 74 -2 0 9 0.00 0.0 0 2.3 10 120 M M 1 1 15 170
5 80 68 74 -3 0 9 0.81 0.0 0 4.2 14 110 M M 7 13 19 110
6 82 66 74 -3 0 9 1.43 0.0 0 3.2 22 310 M M 6 123 28 310
7 79 67 73 -4 0 8 0.45 0.0 0 4.9 14 140 M M 9 13 20 100
8 86 70 78 1 0 13 2.27 0.0 0 3.9 12 310 M M 8 123 15 310
9 91 74 83 5 0 18 0.00 0.0 0 2.2 9 200 M M 6 1 13 220
10 91 75 83 5 0 18 0.00 0.0 0 3.7 12 240 M M 4 1 15 230
11 89 72 81 3 0 16 0.00 0.0 0 4.1 12 250 M M 7 1 15 160
12 93 73 83 5 0 18 0.00 0.0 0 3.1 12 240 M M 2 1 15 230
13 99 74 87 9 0 22 0.00 0.0 0 1.8 9 90 M M 3 12 12 90
14 96 71 84 5 0 19 0.00 0.0 0 2.0 8 110 M M 0 1 12 90
15 96 67 82 3 0 17 0.00 0.0 0 1.5 6 270 M M 0 1 10 340
16 96 71 84 5 0 19 T 0.0 0 1.2 8 70 M M 1 13 11 80
17 94 73 84 5 0 19 0.00 0.0 0 2.0 8 180 M M 0 1 13 120
18 91 70 81 2 0 16 0.00 0.0 0 2.9 10 130 M M 2 1 13 150
19 91 66 79 -1 0 14 0.00 0.0 0 2.0 8 240 M M 1 1 12 220
20 94 70 82 2 0 17 0.00 0.0 0 4.3 15 180 M M 2 18 21 190
21 91 65 78 -2 0 13 0.10 0.0 0 4.6 16 90 M M 3 13 28 350
22 84 57 71 -9 0 6 0.00 0.0 0 4.0 14 90 M M 1 12 18 80
23 86 60 73 -7 0 8 0.00 0.0 0 4.9 12 110 M M 5 16 110
24 93 74 84 4 0 19 0.00 0.0 0 5.6 12 190 M M 3 1 17 180
25 93 75 84 4 0 19 0.00 0.0 0 6.0 15 190 M M 3 1 20 190
26 93 78 86 6 0 21 0.00 0.0 0 6.8 15 190 M M 3 20 220
27 90 75 83 2 0 18 0.04 0.0 0 4.3 20 150 M M 4 3 25 140
28 89 73 81 0 0 16 0.37 0.0 0 4.3 22 200 M M 4 13 32 190
29 91 71 81 0 0 16 0.12 0.0 0 4.1 10 140 M M 2 1 14 150
30 91 71 81 0 0 16 0.00 0.0 0 1.5 8 170 M M 2 13 14 250
================================================================================
SM 2674 2074 0 431 6.18 0.0 105.9 M 108
================================================================================
AV 89.1 69.1 3.5 FASTST M M 4 MAX(MPH)
MISC ----> # 22 310 32 190
================================================================================
NOTES:
# LAST OF SEVERAL OCCURRENCES
COLUMN 17 PEAK WIND IN M.P.H.
PRELIMINARY LOCAL CLIMATOLOGICAL DATA (WS FORM: F-6) , PAGE 2
STATION: DE QUEEN
MONTH: JUNE
YEAR: 2021
LATITUDE: 34 2 N
LONGITUDE: 94 24 W
[TEMPERATURE DATA] [PRECIPITATION DATA] SYMBOLS USED IN COLUMN 16
AVERAGE MONTHLY: 79.1 TOTAL FOR MONTH: 6.18 1 = FOG OR MIST
DPTR FM NORMAL: 0.4 DPTR FM NORMAL: 1.88 2 = FOG REDUCING VISIBILITY
HIGHEST: 99 ON 13 GRTST 24HR 2.65 ON 7- 8 TO 1/4 MILE OR LESS
LOWEST: 57 ON 22, 3 3 = THUNDER
SNOW, ICE PELLETS, HAIL 4 = ICE PELLETS
TOTAL MONTH: 0.0 INCH 5 = HAIL
GRTST 24HR 0.0 6 = FREEZING RAIN OR DRIZZLE
GRTST DEPTH: 0 7 = DUSTSTORM OR SANDSTORM:
VSBY 1/2 MILE OR LESS
8 = SMOKE OR HAZE
[NO. OF DAYS WITH] [WEATHER - DAYS WITH] 9 = BLOWING SNOW
X = TORNADO
MAX 32 OR BELOW: 0 0.01 INCH OR MORE: 9
MAX 90 OR ABOVE: 18 0.10 INCH OR MORE: 8
MIN 32 OR BELOW: 0 0.50 INCH OR MORE: 4
MIN 0 OR BELOW: 0 1.00 INCH OR MORE: 2
[HDD (BASE 65) ]
TOTAL THIS MO. 0 CLEAR (SCALE 0-3) 17
DPTR FM NORMAL 0 PTCLDY (SCALE 4-7) 11
TOTAL FM JUL 1 2876 CLOUDY (SCALE 8-10) 2
DPTR FM NORMAL 70
[CDD (BASE 65) ]
TOTAL THIS MO. 431
DPTR FM NORMAL 20 [PRESSURE DATA]
TOTAL FM JAN 1 649 HIGHEST SLP 30.11 ON 30
DPTR FM NORMAL -32 LOWEST SLP 29.71 ON 20
[REMARKS]
#FINAL-06-21#