000
CXUS53 KIWX 010810
CF6DFI
PRELIMINARY LOCAL CLIMATOLOGICAL DATA (WS FORM: F-6)
STATION: DEFIANCE MEMORIAL
MONTH: APRIL
YEAR: 2023
LATITUDE: 41 20 N
LONGITUDE: 84 26 W
TEMPERATURE IN F: :PCPN: SNOW: WIND :SUNSHINE: SKY :PK WND
================================================================================
1 2 3 4 5 6A 6B 7 8 9 10 11 12 13 14 15 16 17 18
12Z AVG MX 2MIN
DY MAX MIN AVG DEP HDD CDD WTR SNW DPTH SPD SPD DIR MIN PSBL S-S WX SPD DR
================================================================================
1 56 36 46 2 19 0 0.06 M M 12.5 26 290 M M 7 13 47 250
2 48 35 42 -2 23 0 0.00 M M 7.9 15 200 M M 7 23 190
3 67 37 52 8 13 0 T M M 6.6 14 50 M M 4 22 30
4 67 47 57 12 8 0 T M M 10.2 18 90 M M 9 28 90
5 76 46 61 16 4 0 0.40 M M 14.7 31 200 M M 4 13 47 210
6 52 38 45 -1 20 0 0.00 M M 6.9 14 300 M M 0 25 290
7 54 33 44 -2 21 0 0.00 M M 5.8 14 30 M M 0 20 30
8 58 31 45 -1 20 0 0.00 M M 7.1 15 120 M M 0 22 100
9 64 31 48 1 17 0 0.00 M M 3.5 12 110 M M 0 17 100
10 67 33 50 3 15 0 0.00 M M 3.4 14 210 M M 0 18 210
11 75 39 57 9 8 0 0.00 M M 7.7 17 220 M M 0 29 220
12 79 53 66 18 0 1 0.00 M M 10.3 23 230 M M 0 33 220
13 81 52 67 19 0 2 0.00 M M 6.8 17 200 M M 0 8 24 180
14 83 46 65 16 0 0 0.00 M M 2.7 10 190 M M 1 17 130
15 82 51 67 18 0 2 0.00 M M 4.2 14 220 M M 3 24 230
16 70 40 55 6 10 0 0.09 M M 12.3 23 260 M M 5 1 41 260
17 40 33 37 -13 28 0 0.07 M M 12.3 23 220 M M 10 18 39 230
18 55 33 44 -6 21 0 0.00 M M 10.0 21 310 M M 6 33 290
19 69 29 49 -2 16 0 0.00 M M 7.7 20 80 M M 1 26 70
20 82 46 64 13 1 0 0.01 M M 10.2 24 190 M M 2 36 170
21 68 45 57 6 8 0 0.25 M M 5.4 18 300 M M 7 1 24 300
22 54 35 45 -7 20 0 0.03 M M 5.8 21 300 M M 9 1 34 250
23 45 34 40 -12 25 0 0.05 M M 6.9 14 230 M M 9 1 27 250
24 49 31 40 -12 25 0 T M M 5.5 18 310 M M 8 28 270
25 47 29 38 -15 27 0 0.03 M M 4.0 14 360 M M 7 1 18 220
26 56 27 42 -11 23 0 0.00 M M 2.7 13 330 M M 4 12 17 320
27 62 29 46 -8 19 0 0.00 M M 6.6 17 80 M M 0 23 100
28 54 44 49 -5 16 0 0.45 M M 9.5 18 20 M M 9 1 26 60
29 67 46 57 3 8 0 0.28 M M 6.7 16 200 M M 7 13 28 290
30 54 39 47 -8 18 0 0.24 M M 7.3 17 250 M M 9 1 30 270
================================================================================
SM 1881 1148 433 5 1.96 M 223.2 M 128
================================================================================
AV 62.7 38.3 7.4 FASTST M M 4 MAX(MPH)
MISC ----> 31 200 # 47 250
================================================================================
NOTES:
# LAST OF SEVERAL OCCURRENCES
COLUMN 17 PEAK WIND IN M.P.H.
PRELIMINARY LOCAL CLIMATOLOGICAL DATA (WS FORM: F-6) , PAGE 2
STATION: DEFIANCE MEMORIAL
MONTH: APRIL
YEAR: 2023
LATITUDE: 41 20 N
LONGITUDE: 84 26 W
[TEMPERATURE DATA] [PRECIPITATION DATA] SYMBOLS USED IN COLUMN 16
AVERAGE MONTHLY: 50.5 TOTAL FOR MONTH: 1.96 1 = FOG OR MIST
DPTR FM NORMAL: 1.3 DPTR FM NORMAL: -1.52 2 = FOG REDUCING VISIBILITY
HIGHEST: 83 ON 14 GRTST 24HR 0.51 ON 31- 1 TO 1/4 MILE OR LESS
LOWEST: 27 ON 26 3 = THUNDER
SNOW, ICE PELLETS, HAIL 4 = ICE PELLETS
TOTAL MONTH: M 5 = HAIL
GRTST 24HR M ON M 6 = FREEZING RAIN OR DRIZZLE
GRTST DEPTH: M ON M 7 = DUSTSTORM OR SANDSTORM:
VSBY 1/2 MILE OR LESS
8 = SMOKE OR HAZE
[NO. OF DAYS WITH] [WEATHER - DAYS WITH] 9 = BLOWING SNOW
X = TORNADO
MAX 32 OR BELOW: 0 0.01 INCH OR MORE: 12
MAX 90 OR ABOVE: 0 0.10 INCH OR MORE: 5
MIN 32 OR BELOW: 7 0.50 INCH OR MORE: 0
MIN 0 OR BELOW: 0 1.00 INCH OR MORE: 0
[HDD (BASE 65) ]
TOTAL THIS MO. 433 CLEAR (SCALE 0-3) 13
DPTR FM NORMAL -46 PTCLDY (SCALE 4-7) 11
TOTAL FM JUL 1 5144 CLOUDY (SCALE 8-10) 6
DPTR FM NORMAL -801
[CDD (BASE 65) ]
TOTAL THIS MO. 5
DPTR FM NORMAL 0 [PRESSURE DATA]
TOTAL FM JAN 1 5 HIGHEST SLP 30.58 ON 7
DPTR FM NORMAL -1 LOWEST SLP 29.29 ON 1
[REMARKS]
#FINAL-04-23#