000
CXUS53 KIWX 010810
CF6DFI
PRELIMINARY LOCAL CLIMATOLOGICAL DATA (WS FORM: F-6)
STATION: DEFIANCE MEMORIAL
MONTH: APRIL
YEAR: 2021
LATITUDE: 41 20 N
LONGITUDE: 84 26 W
TEMPERATURE IN F: :PCPN: SNOW: WIND :SUNSHINE: SKY :PK WND
================================================================================
1 2 3 4 5 6A 6B 7 8 9 10 11 12 13 14 15 16 17 18
12Z AVG MX 2MIN
DY MAX MIN AVG DEP HDD CDD WTR SNW DPTH SPD SPD DIR MIN PSBL S-S WX SPD DR
================================================================================
1 38 27 33 -11 32 0 T M M 11.8 23 350 M M 5 31 340
2 48 21 35 -9 30 0 0.00 0.0 0 4.6 12 300 M M 0 19 230
3 66 30 48 4 17 0 0.00 0.0 0 11.2 25 200 M M 2 37 210
4 74 35 55 10 10 0 0.00 0.0 0 3.5 9 110 M M 0 13 100
5 73 50 62 17 3 0 0.02 0.0 0 4.6 22 360 M M 2 3 28 360
6 80 42 61 15 4 0 0.00 M M 5.0 15 230 M M 1 18 24 220
7 82 55 69 23 0 4 0.00 M M 6.4 17 200 M M 4 24 200
8 75 56 66 20 0 1 0.25 M M 9.2 24 170 M M 6 1 37 180
9 77 53 65 18 0 0 T M M 11.0 29 190 M M 4 1 43 170
10 76 50 63 16 2 0 0.34 M M 7.0 22 180 M M 4 13 42 180
11 58 48 53 6 12 0 0.31 M M 6.7 18 210 M M 9 1 24 210
12 65 49 57 9 8 0 0.00 M M 6.8 17 300 M M 7 25 290
13 65 40 53 5 12 0 0.00 M M 7.1 18 220 M M 0 29 240
14 59 38 49 0 16 0 0.00 M M 8.1 20 300 M M 2 27 230
15 49 33 41 -8 24 0 T M M 11.1 22 310 M M 8 30 300
16 62 40 51 2 14 0 0.00 M M 8.7 20 310 M M 4 27 300
17 61 35 48 -2 17 0 0.19 M M 2.4 13 310 M M 4 128 16 300
18 62 36 49 -1 16 0 T M M 2.2 10 300 M M 2 14 320
19 66 40 53 3 12 0 T M M 9.8 24 330 M M 5 36 230
20 41 33 37 -14 28 0 0.31 M M 6.0 13 340 M M 10 12 16 10
21 43 27 35 -16 30 0 0.01 M M 6.4 21 300 M M 5 18 27 300
22 51 28 40 -12 25 0 0.00 M M 5.3 18 290 M M 3 27 260
23 62 37 50 -2 15 0 0.00 M M 7.5 20 200 M M 1 26 210
24 59 41 50 -2 15 0 0.14 M M 1.4 9 200 M M 9 12 12 140
25 57 38 48 -5 17 0 0.00 M M 8.6 24 320 M M 5 128 29 320
26 71 37 54 1 11 0 0.00 M M 8.6 17 160 M M 2 29 160
27 84 44 64 11 1 0 0.00 M M 10.6 24 210 M M 0 35 190
28 76 62 69 15 0 4 0.02 M M 8.3 16 240 M M 4 1 30 240
29 62 52 57 3 8 0 0.26 M M 7.3 16 320 M M 8 18 21 320
30 60 41 51 -3 14 0 T 0.0 M 10.8 23 330 M M 3 33 310
================================================================================
SM 1902 1218 393 9 1.85 0.0 218.0 M 119
================================================================================
AV 63.4 40.6 7.3 FASTST M M 4 MAX(MPH)
MISC ----> 29 190 43 170
================================================================================
NOTES:
# LAST OF SEVERAL OCCURRENCES
COLUMN 17 PEAK WIND IN M.P.H.
PRELIMINARY LOCAL CLIMATOLOGICAL DATA (WS FORM: F-6) , PAGE 2
STATION: DEFIANCE MEMORIAL
MONTH: APRIL
YEAR: 2021
LATITUDE: 41 20 N
LONGITUDE: 84 26 W
[TEMPERATURE DATA] [PRECIPITATION DATA] SYMBOLS USED IN COLUMN 16
AVERAGE MONTHLY: 52.0 TOTAL FOR MONTH: 1.85 1 = FOG OR MIST
DPTR FM NORMAL: 2.9 DPTR FM NORMAL: -1.01 2 = FOG REDUCING VISIBILITY
HIGHEST: 84 ON 27 GRTST 24HR 0.57 ON 10-11 TO 1/4 MILE OR LESS
LOWEST: 21 ON 2 3 = THUNDER
SNOW, ICE PELLETS, HAIL 4 = ICE PELLETS
TOTAL MONTH: 0.0 INCH 5 = HAIL
GRTST 24HR 0.0 6 = FREEZING RAIN OR DRIZZLE
GRTST DEPTH: 0 7 = DUSTSTORM OR SANDSTORM:
VSBY 1/2 MILE OR LESS
8 = SMOKE OR HAZE
[NO. OF DAYS WITH] [WEATHER - DAYS WITH] 9 = BLOWING SNOW
X = TORNADO
MAX 32 OR BELOW: 0 0.01 INCH OR MORE: 10
MAX 90 OR ABOVE: 0 0.10 INCH OR MORE: 7
MIN 32 OR BELOW: 5 0.50 INCH OR MORE: 0
MIN 0 OR BELOW: 0 1.00 INCH OR MORE: 0
[HDD (BASE 65) ]
TOTAL THIS MO. 393 CLEAR (SCALE 0-3) 13
DPTR FM NORMAL -90 PTCLDY (SCALE 4-7) 14
TOTAL FM JUL 1 5241 CLOUDY (SCALE 8-10) 3
DPTR FM NORMAL -740
[CDD (BASE 65) ]
TOTAL THIS MO. 9
DPTR FM NORMAL 3 [PRESSURE DATA]
TOTAL FM JAN 1 9 HIGHEST SLP 30.59 ON 2
DPTR FM NORMAL 3 LOWEST SLP 29.37 ON 11
[REMARKS]
#FINAL-04-21#