000
CXUS54 KFWD 072138
CF6DFW
PRELIMINARY LOCAL CLIMATOLOGICAL DATA (WS FORM: F-6)
STATION: DALLAS/FORT WORTH
MONTH: APRIL
YEAR: 2022
LATITUDE: 32 54 N
LONGITUDE: 97 2 W
TEMPERATURE IN F: :PCPN: SNOW: WIND :SUNSHINE: SKY :PK WND
================================================================================
1 2 3 4 5 6A 6B 7 8 9 10 11 12 13 14 15 16 17 18
12Z AVG MX 2MIN
DY MAX MIN AVG DEP HDD CDD WTR SNW DPTH SPD SPD DIR MIN PSBL S-S WX SPD DR
================================================================================
1 76 46 61 -1 4 0 0.02 0.0 0 11.4 28 330 M M 3 35 310
2 78 51 65 2 0 0 T 0.0 0 8.0 18 20 M M 1 27 10
3 86 54 70 7 0 5 0.00 0.0 0 13.2 28 180 M M 2 36 160
4 81 59 70 7 0 5 1.31 0.0 0 13.6 36 330 M M 8 135 55 330
5 95 57 76 13 0 11 T 0.0 0 11.9 30 240 M M 3 1 39 210
6 77 57 67 3 0 2 0.00 0.0 0 20.8 45 10 M M 0 61 10
7 71 50 61 -3 4 0 0.00 0.0 0 17.9 40 330 M M 4 55 330
8 69 49 59 -5 6 0 0.00 0.0 0 15.1 33 320 M M 2 42 330
9 88 42 65 1 0 0 0.00 0.0 0 14.8 28 180 M M 0 39 180
10 86 62 74 10 0 9 T 0.0 0 23.7 33 170 M M 5 44 160
11 89 71 80 15 0 15 T 0.0 0 18.2 30 180 M M 5 3 42 200
12 84 66 75 10 0 10 0.25 0.0 0 18.1 43 180 M M 8 3 54 180
13 82 56 69 4 0 4 0.01 0.0 0 20.0 30 200 M M 4 3 44 180
14 77 50 64 -1 1 0 0.00 0.0 0 9.2 18 140 M M 1 25 130
15 84 56 70 4 0 5 0.00 0.0 0 15.2 24 170 M M 5 32 180
16 81 57 69 3 0 4 0.00 0.0 0 13.3 23 340 M M 10 18 27 330
17 79 57 68 2 0 3 0.00 0.0 0 9.2 18 320 M M 6 33 310
18 75 51 63 -3 2 0 0.00 0.0 0 11.7 18 60 M M 4 26 40
19 75 54 65 -1 0 0 T 0.0 0 15.6 30 170 M M 7 41 180
20 91 65 78 11 0 13 T 0.0 0 23.1 35 190 M M 7 1 44 190
21 86 73 80 13 0 15 0.00 0.0 0 18.5 26 150 M M 8 35 190
22 86 71 79 12 0 14 0.00 0.0 0 19.8 33 160 M M 7 47 150
23 84 70 77 10 0 12 0.00 0.0 0 22.6 32 170 M M 9 46 170
24 82 59 71 3 0 6 0.41 0.0 0 16.1 32 170 M M 9 13 40 180
25 68 56 62 -6 3 0 0.54 0.0 0 12.9 24 360 M M 8 13 30 10
26 75 50 63 -5 2 0 0.00 0.0 0 7.2 15 80 M M 2 22 60
27 78 52 65 -3 0 0 0.00 0.0 0 10.0 20 160 M M 5 27 180
28 82 63 73 5 0 8 0.00 0.0 0 14.9 25 170 M M 6 33 170
29 83 70 77 8 0 12 0.00 0.0 0 19.7 30 180 M M 7 40 170
30 85 63 74 5 0 9 0.00 0.0 0 12.6 26 190 M M 4 36 180
================================================================================
SM 2433 1737 22 162 2.54 0.0 458.3 M 150
================================================================================
AV 81.1 57.9 15.3 FASTST M M 5 MAX(MPH)
MISC ----> 45 10 61 10
================================================================================
NOTES:
# LAST OF SEVERAL OCCURRENCES
COLUMN 17 PEAK WIND IN M.P.H.
PRELIMINARY LOCAL CLIMATOLOGICAL DATA (WS FORM: F-6) , PAGE 2
STATION: DALLAS/FORT WORTH
MONTH: APRIL
YEAR: 2022
LATITUDE: 32 54 N
LONGITUDE: 97 2 W
[TEMPERATURE DATA] [PRECIPITATION DATA] SYMBOLS USED IN COLUMN 16
AVERAGE MONTHLY: 69.5 TOTAL FOR MONTH: 2.54 1 = FOG OR MIST
DPTR FM NORMAL: 3.9 DPTR FM NORMAL: -0.68 2 = FOG REDUCING VISIBILITY
HIGHEST: 95 ON 5 GRTST 24HR 1.31 ON 4- 4 TO 1/4 MILE OR LESS
LOWEST: 42 ON 9 3 = THUNDER
SNOW, ICE PELLETS, HAIL 4 = ICE PELLETS
TOTAL MONTH: 0.0 INCH 5 = HAIL
GRTST 24HR 0.0 6 = FREEZING RAIN OR DRIZZLE
GRTST DEPTH: 0 7 = DUSTSTORM OR SANDSTORM:
VSBY 1/2 MILE OR LESS
8 = SMOKE OR HAZE
[NO. OF DAYS WITH] [WEATHER - DAYS WITH] 9 = BLOWING SNOW
X = TORNADO
MAX 32 OR BELOW: 0 0.01 INCH OR MORE: 6
MAX 90 OR ABOVE: 2 0.10 INCH OR MORE: 4
MIN 32 OR BELOW: 0 0.50 INCH OR MORE: 2
MIN 0 OR BELOW: 0 1.00 INCH OR MORE: 1
[HDD (BASE 65) ]
TOTAL THIS MO. 22 CLEAR (SCALE 0-3) 9
DPTR FM NORMAL -60 PTCLDY (SCALE 4-7) 15
TOTAL FM JUL 1 1789 CLOUDY (SCALE 8-10) 6
DPTR FM NORMAL -419
[CDD (BASE 65) ]
TOTAL THIS MO. 162
DPTR FM NORMAL 60 [PRESSURE DATA]
TOTAL FM JAN 1 207 HIGHEST SLP 30.38 ON 26
DPTR FM NORMAL 60 LOWEST SLP 29.38 ON 6
[REMARKS]
#FINAL-04-22#