000
CXUS54 KFWD 040416
CF6DFW
PRELIMINARY LOCAL CLIMATOLOGICAL DATA (WS FORM: F-6)
STATION: DALLAS FORT WORTH
MONTH: OCTOBER
YEAR: 2020
LATITUDE: 32 54 N
LONGITUDE: 97 2 W
TEMPERATURE IN F: :PCPN: SNOW: WIND :SUNSHINE: SKY :PK WND
================================================================================
1 2 3 4 5 6A 6B 7 8 9 10 11 12 13 14 15 16 17 18
12Z AVG MX 2MIN
DY MAX MIN AVG DEP HDD CDD WTR SNW DPTH SPD SPD DIR MIN PSBL S-S WX SPD DR
================================================================================
1 81 60 71 -1 0 6 0.00 0.0 0 9.9 20 50 M M 3 27 50
2 76 52 64 -8 1 0 0.00 0.0 0 6.0 12 120 M M 3 18 130
3 83 59 71 -1 0 6 0.00 0.0 0 9.2 18 170 M M 3 23 170
4 79 58 69 -2 0 4 0.00 0.0 0 9.5 20 360 M M 3 26 350
5 79 54 67 -4 0 2 0.00 0.0 0 7.7 17 130 M M 0 24 130
6 86 57 72 1 0 7 0.00 0.0 0 7.2 14 170 M M 1 22 160
7 87 62 75 5 0 10 0.00 0.0 0 5.9 13 140 M M 2 17 140
8 87 61 74 4 0 9 0.00 0.0 0 5.5 14 140 M M 4 19 140
9 85 67 76 6 0 11 0.00 0.0 0 6.8 15 80 M M 5 1 21 120
10 88 64 76 7 0 11 0.00 0.0 0 4.0 9 190 M M 1 1 13 190
11 96 66 81 12 0 16 0.00 0.0 0 10.8 21 190 M M 0 27 170
12 81 60 71 2 0 6 0.00 0.0 0 12.6 26 340 M M 1 78 35 350
13 82 51 67 -1 0 2 0.00 0.0 0 5.6 12 190 M M 3 8 17 160
14 91 57 74 6 0 9 0.00 0.0 0 13.1 26 190 M M 0 33 190
15 78 62 70 2 0 5 0.00 0.0 0 14.9 28 30 M M 6 36 40
16 71 50 61 -7 4 0 0.00 0.0 0 9.0 24 30 M M 3 30 20
17 76 50 63 -4 2 0 0.00 0.0 0 14.7 28 180 M M 3 37 180
18 88 57 73 6 0 8 0.00 0.0 0 15.8 28 180 M M 7 34 180
19 65 54 60 -7 5 0 T 0.0 0 7.9 13 320 M M 7 18 16 350
20 88 61 75 9 0 10 0.00 0.0 0 9.4 24 190 M M 6 29 180
21 85 69 77 11 0 12 0.00 0.0 0 11.2 21 150 M M 5 28 140
22 86 69 78 12 0 13 0.00 0.0 0 12.5 23 190 M M 4 30 190
23 75 49 62 -3 3 0 0.91 0.0 M 16.8 31 350 M M 9 13 42 350
24 59 46 53 -12 12 0 0.00 0.0 0 7.8 20 10 M M 7 25 10
25 63 51 57 -8 8 0 0.05 0.0 0 9.5 16 40 M M 9 18 23 50
26 54 38 46 -18 19 0 0.24 0.0 0 15.7 23 340 M M 10 1 30 360
27 41 38 40 -24 25 0 0.09 M 0 13.8 18 350 M M 10 1 24 360
28 46 36 41 -23 24 0 0.45 M M 11.4 21 300 M M 8 1 27 310
29 60 36 48 -15 17 0 T M 0 13.0 24 300 M M 6 1 31 300
30 66 38 52 -11 13 0 0.00 0.0 0 3.8 8 120 M M 3 11 110
31 72 41 57 -6 8 0 0.00 0.0 0 6.4 16 190 M M 5 21 190
================================================================================
SM 2354 1673 141 147 1.74 0.0 307.4 M 137
================================================================================
AV 75.9 54.0 9.9 FASTST M M 4 MAX(MPH)
MISC ----> # 31 350 # 42 350
================================================================================
NOTES:
# LAST OF SEVERAL OCCURRENCES
COLUMN 17 PEAK WIND IN M.P.H.
PRELIMINARY LOCAL CLIMATOLOGICAL DATA (WS FORM: F-6) , PAGE 2
STATION: DALLAS FORT WORTH
MONTH: OCTOBER
YEAR: 2020
LATITUDE: 32 54 N
LONGITUDE: 97 2 W
[TEMPERATURE DATA] [PRECIPITATION DATA] SYMBOLS USED IN COLUMN 16
AVERAGE MONTHLY: 65.0 TOTAL FOR MONTH: 1.74 1 = FOG OR MIST
DPTR FM NORMAL: -2.5 DPTR FM NORMAL: -2.48 2 = FOG REDUCING VISIBILITY
HIGHEST: 96 ON 11 GRTST 24HR 0.91 ON 23-23 TO 1/4 MILE OR LESS
LOWEST: 36 ON 29,28 3 = THUNDER
SNOW, ICE PELLETS, HAIL 4 = ICE PELLETS
TOTAL MONTH: 0.0 INCH 5 = HAIL
GRTST 24HR 0.0 6 = FREEZING RAIN OR DRIZZLE
GRTST DEPTH: 0 7 = DUSTSTORM OR SANDSTORM:
VSBY 1/2 MILE OR LESS
8 = SMOKE OR HAZE
[NO. OF DAYS WITH] [WEATHER - DAYS WITH] 9 = BLOWING SNOW
X = TORNADO
MAX 32 OR BELOW: 0 0.01 INCH OR MORE: 5
MAX 90 OR ABOVE: 2 0.10 INCH OR MORE: 3
MIN 32 OR BELOW: 0 0.50 INCH OR MORE: 1
MIN 0 OR BELOW: 0 1.00 INCH OR MORE: 0
[HDD (BASE 65) ]
TOTAL THIS MO. 141 CLEAR (SCALE 0-3) 10
DPTR FM NORMAL 75 PTCLDY (SCALE 4-7) 16
TOTAL FM JUL 1 144 CLOUDY (SCALE 8-10) 5
DPTR FM NORMAL 72
[CDD (BASE 65) ]
TOTAL THIS MO. 147
DPTR FM NORMAL 1 [PRESSURE DATA]
TOTAL FM JAN 1 2759 HIGHEST SLP 30.37 ON 16
DPTR FM NORMAL 36 LOWEST SLP 29.67 ON 15
[REMARKS]
NO EDITS
#FINAL-10-20#