000
CXUS55 KCYS 050156
CF6DGW
PRELIMINARY LOCAL CLIMATOLOGICAL DATA (WS FORM: F-6)
STATION: CONVERSE CO (DOUGLAS) WY ARPT
MONTH: JUNE
YEAR: 2022
LATITUDE: 42 46 N
LONGITUDE: 105 22 W
TEMPERATURE IN F: :PCPN: SNOW: WIND :SUNSHINE: SKY :PK WND
================================================================================
1 2 3 4 5 6A 6B 7 8 9 10 11 12 13 14 15 16 17 18
12Z AVG MX 2MIN
DY MAX MIN AVG DEP HDD CDD WTR SNW DPTH SPD SPD DIR MIN PSBL S-S WX SPD DR
================================================================================
1 62 31 47 -12 18 0 0.00 M M 2.5 10 150 M M 2 1 15 140
2 68 37 53 -6 12 0 0.00 M M 5.4 15 60 M M 3 22 60
3 75 45 60 0 5 0 0.12 M M 8.5 29 240 M M 3 13 40 230
4 78 45 62 2 3 0 T M M 5.2 30 230 M M 1 3 45 240
5 77 52 65 5 0 0 0.01 M M 10.0 28 240 M M 3 38 42 240
6 77 49 63 2 2 0 0.00 M M 11.2 26 300 M M 1 37 280
7 72 42 57 -4 8 0 T M M 8.4 40 300 M M 3 3 62 270
8 74 36 55 -6 10 0 0.00 M M 5.2 14 120 M M 0 1 18 120
9 79 52 66 4 0 1 0.00 M M 9.0 20 10 M M 1 26 10
10 88 48 68 6 0 3 0.00 M M 6.2 26 290 M M 0 35 260
11 94 49 72 10 0 7 0.00 M M 7.8 26 290 M M 0 35 290
12 91 51 71 9 0 6 0.00 M M 11.0 28 140 M M 0 36 130
13 86 47 67 4 0 2 0.00 M M 14.2 40 290 M M 3 3 52 280
14 67 49 58 -5 7 0 0.00 M M 26.2 45 270 M M 1 62 250
15 79 40 60 -4 5 0 0.00 M M 17.5 39 280 M M 0 51 270
16 90 35 63 -1 2 0 0.00 M M 8.6 24 150 M M 0 33 150
17 93 58 76 12 0 11 0.01 M M 15.8 44 220 M M 1 38 56 230
18 91 54 73 9 0 8 0.00 M M 4.8 15 260 M M 1 20 250
19 88 56 72 7 0 7 T M M 7.4 35 280 M M 3 3 46 280
20 81 47 64 -1 1 0 T M M 15.2 47 270 M M 3 123 61 270
21 79 38 59 -6 6 0 0.00 M M 10.7 22 300 M M 0 34 290
22 88 39 64 -2 1 0 0.00 M M 5.8 13 110 M M 0 21 120
23 91 43 67 1 0 2 0.00 M M 8.7 21 280 M M 1 28 290
24 86 54 70 4 0 5 T M M 13.1 31 360 M M 2 8 44 360
25 69 45 57 -10 8 0 T M M 9.7 31 10 M M 5 43 360
26 74 43 59 -8 6 0 0.00 M M 11.6 26 120 M M 2 34 130
27 90 44 67 0 0 2 0.00 M M 6.7 18 310 M M 0 26 300
28 93 49 71 3 0 6 0.00 M M 5.8 15 130 M M 0 21 170
29 92 57 75 7 0 10 0.00 M M 12.8 32 250 M M 0 43 260
30 85 55 70 2 0 5 0.00 M M 9.9 25 190 M M 0 34 230
================================================================================
SM 2457 1390 94 75 0.14 M 294.9 M 39
================================================================================
AV 81.9 46.3 9.8 FASTST M M 1 MAX(MPH)
MISC ----> 47 270 # 62 270
================================================================================
NOTES:
# LAST OF SEVERAL OCCURRENCES
COLUMN 17 PEAK WIND IN M.P.H.
PRELIMINARY LOCAL CLIMATOLOGICAL DATA (WS FORM: F-6) , PAGE 2
STATION: CONVERSE CO (DOUGLAS) WY ARPT
MONTH: JUNE
YEAR: 2022
LATITUDE: 42 46 N
LONGITUDE: 105 22 W
[TEMPERATURE DATA] [PRECIPITATION DATA] SYMBOLS USED IN COLUMN 16
AVERAGE MONTHLY: 64.1 TOTAL FOR MONTH: 0.14 1 = FOG OR MIST
DPTR FM NORMAL: 0.4 DPTR FM NORMAL: -1.49 2 = FOG REDUCING VISIBILITY
HIGHEST: 94 ON 11 GRTST 24HR 0.12 ON 3- 4 TO 1/4 MILE OR LESS
LOWEST: 31 ON 1 3 = THUNDER
SNOW, ICE PELLETS, HAIL 4 = ICE PELLETS
TOTAL MONTH: M 5 = HAIL
GRTST 24HR M ON M 6 = FREEZING RAIN OR DRIZZLE
GRTST DEPTH: M ON M 7 = DUSTSTORM OR SANDSTORM:
VSBY 1/2 MILE OR LESS
8 = SMOKE OR HAZE
[NO. OF DAYS WITH] [WEATHER - DAYS WITH] 9 = BLOWING SNOW
X = TORNADO
MAX 32 OR BELOW: 0 0.01 INCH OR MORE: 3
MAX 90 OR ABOVE: 9 0.10 INCH OR MORE: 1
MIN 32 OR BELOW: 1 0.50 INCH OR MORE: 0
MIN 0 OR BELOW: 0 1.00 INCH OR MORE: 0
[HDD (BASE 65) ]
TOTAL THIS MO. 94 CLEAR (SCALE 0-3) 26
DPTR FM NORMAL -13 PTCLDY (SCALE 4-7) 4
TOTAL FM JUL 1 6899 CLOUDY (SCALE 8-10) 0
DPTR FM NORMAL -403
[CDD (BASE 65) ]
TOTAL THIS MO. 75
DPTR FM NORMAL 8 [PRESSURE DATA]
TOTAL FM JAN 1 79 HIGHEST SLP 30.44 ON 25
DPTR FM NORMAL 5 LOWEST SLP 29.40 ON 12
[REMARKS]
#FINAL-06-22#