000
CXUS55 KCYS 031143
CF6DGW
PRELIMINARY LOCAL CLIMATOLOGICAL DATA (WS FORM: F-6)
STATION: CONVERSE CO (DOUGLAS) WY ARPT
MONTH: FEBRUARY
YEAR: 2022
LATITUDE: 42 46 N
LONGITUDE: 105 22 W
TEMPERATURE IN F: :PCPN: SNOW: WIND :SUNSHINE: SKY :PK WND
================================================================================
1 2 3 4 5 6A 6B 7 8 9 10 11 12 13 14 15 16 17 18
12Z AVG MX 2MIN
DY MAX MIN AVG DEP HDD CDD WTR SNW DPTH SPD SPD DIR MIN PSBL S-S WX SPD DR
================================================================================
1 25 7 16 -10 49 0 T M M 7.0 18 20 M M 7 8 25 20
2 11 -5 3 -23 62 0 T M M 9.6 21 130 M M 7 8 27 130
3 26 -13 7 -19 58 0 0.00 M M 4.6 17 300 M M 0 8 24 310
4 43 6 25 -1 40 0 0.00 M M 8.4 21 270 M M 1 26 290
5 48 27 38 12 27 0 T M M 15.5 36 290 M M 3 1 46 290
6 43 21 32 6 33 0 T M M 13.9 26 280 M M 4 33 280
7 53 19 36 10 29 0 0.00 M M 11.2 30 300 M M 0 8 39 300
8 49 24 37 11 28 0 0.00 M M 13.9 35 290 M M 1 43 310
9 51 18 35 9 30 0 0.00 M M 9.5 32 290 M M 4 8 39 300
10 57 20 39 13 26 0 0.00 M M 16.0 41 290 M M 1 59 290
11 34 20 27 1 38 0 T M M 17.6 36 360 M M 10 18 49 340
12 44 9 27 1 38 0 T M M 12.5 32 300 M M 3 40 300
13 54 14 34 8 31 0 0.00 M M 8.8 29 300 M M 0 38 310
14 57 11 34 8 31 0 0.00 M M 8.1 29 270 M M 0 36 260
15 59 28 44 17 21 0 T M M 9.5 28 360 M M 2 37 360
16 28 14 21 -6 44 0 0.07 M M 6.4 16 110 M M 10 18 20 120
17 35 2 19 -8 46 0 T M M 6.8 20 300 M M 6 8 25 300
18 44 16 30 3 35 0 0.00 M M 9.2 24 280 M M 4 29 280
19 51 20 36 9 29 0 0.00 M M 16.8 45 270 M M 0 59 270
20 58 30 44 16 21 0 0.00 M M 14.0 32 250 M M 1 8 43 250
21 38 -5 17 -11 48 0 T M M 16.3 25 10 M M 9 18 33 10
22 1 -13 -6 -34 71 0 T M M 8.7 16 320 M M 6 8 20 320
23 4 -8 -2 -30 67 0 T M M 17.0 26 130 M M 7 8 34 140
24 20 -6 7 -22 58 0 T M M 8.6 24 310 M M 3 29 310
25 24 -5 10 -19 55 0 0.00 M M 4.2 16 290 M M 2 20 300
26 31 3 17 -13 48 0 0.00 M M 10.0 25 300 M M 0 33 300
27 50 7 29 -1 36 0 0.00 M M 10.5 26 270 M M 0 34 270
28 55 23 39 9 26 0 0.00 M M 11.0 32 280 M M 0 43 280
================================================================================
SM 1093 284 1125 0 0.07 M 305.6 M 91
================================================================================
AV 39.0 10.1 10.9 FASTST M M 3 MAX(MPH)
MISC ----> 45 270 # 59 290
================================================================================
NOTES:
# LAST OF SEVERAL OCCURRENCES
COLUMN 17 PEAK WIND IN M.P.H.
PRELIMINARY LOCAL CLIMATOLOGICAL DATA (WS FORM: F-6) , PAGE 2
STATION: CONVERSE CO (DOUGLAS) WY ARPT
MONTH: FEBRUARY
YEAR: 2022
LATITUDE: 42 46 N
LONGITUDE: 105 22 W
[TEMPERATURE DATA] [PRECIPITATION DATA] SYMBOLS USED IN COLUMN 16
AVERAGE MONTHLY: 24.6 TOTAL FOR MONTH: 0.07 1 = FOG OR MIST
DPTR FM NORMAL: -2.5 DPTR FM NORMAL: -0.24 2 = FOG REDUCING VISIBILITY
HIGHEST: 59 ON 15 GRTST 24HR 0.07 ON 15-16 TO 1/4 MILE OR LESS
LOWEST: -13 ON 22, 3 3 = THUNDER
SNOW, ICE PELLETS, HAIL 4 = ICE PELLETS
TOTAL MONTH: M 5 = HAIL
GRTST 24HR M ON M 6 = FREEZING RAIN OR DRIZZLE
GRTST DEPTH: M ON M 7 = DUSTSTORM OR SANDSTORM:
VSBY 1/2 MILE OR LESS
8 = SMOKE OR HAZE
[NO. OF DAYS WITH] [WEATHER - DAYS WITH] 9 = BLOWING SNOW
X = TORNADO
MAX 32 OR BELOW: 9 0.01 INCH OR MORE: 1
MAX 90 OR ABOVE: 0 0.10 INCH OR MORE: 0
MIN 32 OR BELOW: 28 0.50 INCH OR MORE: 0
MIN 0 OR BELOW: 7 1.00 INCH OR MORE: 0
[HDD (BASE 65) ]
TOTAL THIS MO. 1125 CLEAR (SCALE 0-3) 15
DPTR FM NORMAL 64 PTCLDY (SCALE 4-7) 10
TOTAL FM JUL 1 4666 CLOUDY (SCALE 8-10) 3
DPTR FM NORMAL -618
[CDD (BASE 65) ]
TOTAL THIS MO. 0
DPTR FM NORMAL 0 [PRESSURE DATA]
TOTAL FM JAN 1 0 HIGHEST SLP 30.68 ON 22
DPTR FM NORMAL 0 LOWEST SLP 29.51 ON 15
[REMARKS]
#FINAL-02-22#