000
CXUS52 KTAE 010800
CF6DHN
PRELIMINARY LOCAL CLIMATOLOGICAL DATA (WS FORM: F-6)
STATION: DOTHAN
MONTH: JUNE
YEAR: 2021
LATITUDE: 31 19 N
LONGITUDE: 85 27 W
TEMPERATURE IN F: :PCPN: SNOW: WIND :SUNSHINE: SKY :PK WND
================================================================================
1 2 3 4 5 6A 6B 7 8 9 10 11 12 13 14 15 16 17 18
12Z AVG MX 2MIN
DY MAX MIN AVG DEP HDD CDD WTR SNW DPTH SPD SPD DIR MIN PSBL S-S WX SPD DR
================================================================================
1 88 68 78 -1 0 13 0.00 0.0 0 7.4 14 130 M M 2 17 130
2 89 67 78 -1 0 13 0.00 0.0 0 5.3 13 190 M M 3 19 160
3 88 71 80 0 0 15 0.00 0.0 M 4.4 10 240 M M 2 12 14 240
4 88 72 80 0 0 15 T 0.0 M 4.9 14 300 M M 4 17 310
5 85 71 78 -2 0 13 0.00 0.0 M 4.4 13 240 M M 2 1 15 250
6 92 72 82 2 0 17 0.27 0.0 M 6.4 20 130 M M 3 1 26 140
7 83 73 78 -2 0 13 1.08 0.0 M 5.9 21 140 M M 6 138 27 140
8 87 72 80 0 0 15 1.13 0.0 0 5.9 29 210 M M 6 123 36 210
9 90 69 80 0 0 15 0.00 0.0 0 5.4 14 230 M M 4 12 19 210
10 92 72 82 1 0 17 0.00 0.0 0 7.2 24 320 M M 3 12 30 330
11 88 74 81 0 0 16 0.25 0.0 0 8.7 23 280 M M 3 13 28 280
12 91 73 82 1 0 17 0.45 0.0 0 8.4 33 330 M M 3 138 42 330
13 92 71 82 1 0 17 0.12 0.0 M 5.9 17 90 M M 2 3 23 80
14 94 72 83 2 0 18 T 0.0 M 2.9 13 170 M M 2 13 15 80
15 96 75 86 5 0 21 0.00 0.0 M 7.5 20 220 M M 1 23 220
16 90 71 81 0 0 16 0.00 0.0 M 7.1 17 350 M M 0 8 21 310
17 93 68 81 0 0 16 0.00 0.0 0 6.2 14 70 M M 0 18 110
18 89 74 82 1 0 17 0.00 0.0 0 6.2 22 220 M M 4 28 220
19 81 74 78 -4 0 13 0.76 0.0 0 11.5 24 210 M M 8 13 32 220
20 91 73 82 0 0 17 0.36 0.0 0 12.2 23 210 M M 4 13 31 220
21 86 73 80 -2 0 15 0.11 0.0 0 8.6 25 220 M M 6 1 31 210
22 86 71 79 -3 0 14 0.40 0.0 0 8.1 15 270 M M 7 1 20 260
23 90 71 81 -1 0 16 0.42 0.0 0 3.5 23 200 M M 8 13 28 200
24 89 72 81 -1 0 16 0.65 M M 5.0 22 60 M M 4 138 28 60
25 86 69 78 -4 0 13 0.00 M M 7.6 15 90 M M 0 19 90
26 88 70 79 -3 0 14 0.00 M M 5.7 13 100 M M 3 1 16 280
27 88 72 80 -2 0 15 0.02 0.0 0 5.7 20 240 M M 5 8 24 220
28 87 73 80 -2 0 15 0.00 0.0 0 6.9 14 90 M M 3 18 80
29 90 71 81 -1 0 16 0.09 0.0 0 5.4 21 170 M M 2 13 27 170
30 88 71 80 -2 0 15 0.04 0.0 0 6.3 21 60 M M 5 13 29 80
================================================================================
SM 2665 2145 0 463 6.15 0.0 196.6 M 105
================================================================================
AV 88.8 71.5 6.6 FASTST M M 4 MAX(MPH)
MISC ----> 33 330 42 330
================================================================================
NOTES:
# LAST OF SEVERAL OCCURRENCES
COLUMN 17 PEAK WIND IN M.P.H.
PRELIMINARY LOCAL CLIMATOLOGICAL DATA (WS FORM: F-6) , PAGE 2
STATION: DOTHAN
MONTH: JUNE
YEAR: 2021
LATITUDE: 31 19 N
LONGITUDE: 85 27 W
[TEMPERATURE DATA] [PRECIPITATION DATA] SYMBOLS USED IN COLUMN 16
AVERAGE MONTHLY: 80.2 TOTAL FOR MONTH: 6.15 1 = FOG OR MIST
DPTR FM NORMAL: -0.9 DPTR FM NORMAL: 1.07 2 = FOG REDUCING VISIBILITY
HIGHEST: 96 ON 15 GRTST 24HR 1.34 ON 7- 8 TO 1/4 MILE OR LESS
LOWEST: 67 ON 2 3 = THUNDER
SNOW, ICE PELLETS, HAIL 4 = ICE PELLETS
TOTAL MONTH: 0.0 INCH 5 = HAIL
GRTST 24HR 0.0 6 = FREEZING RAIN OR DRIZZLE
GRTST DEPTH: 0 7 = DUSTSTORM OR SANDSTORM:
VSBY 1/2 MILE OR LESS
8 = SMOKE OR HAZE
[NO. OF DAYS WITH] [WEATHER - DAYS WITH] 9 = BLOWING SNOW
X = TORNADO
MAX 32 OR BELOW: 0 0.01 INCH OR MORE: 15
MAX 90 OR ABOVE: 12 0.10 INCH OR MORE: 12
MIN 32 OR BELOW: 0 0.50 INCH OR MORE: 4
MIN 0 OR BELOW: 0 1.00 INCH OR MORE: 2
[HDD (BASE 65) ]
TOTAL THIS MO. 0 CLEAR (SCALE 0-3) 12
DPTR FM NORMAL 0 PTCLDY (SCALE 4-7) 18
TOTAL FM JUL 1 1493 CLOUDY (SCALE 8-10) 0
DPTR FM NORMAL -141
[CDD (BASE 65) ]
TOTAL THIS MO. 463
DPTR FM NORMAL -19 [PRESSURE DATA]
TOTAL FM JAN 1 899 HIGHEST SLP M ON M
DPTR FM NORMAL -101 LOWEST SLP 29.80 ON 12
[REMARKS]
#FINAL-06-21#