373
CXUS52 KTAE 011254
CF6DHN
PRELIMINARY LOCAL CLIMATOLOGICAL DATA (WS FORM: F-6)
STATION: DOTHAN
MONTH: AUGUST
YEAR: 2020
LATITUDE: 31 19 N
LONGITUDE: 85 27 W
TEMPERATURE IN F: :PCPN: SNOW: WIND :SUNSHINE: SKY :PK WND
================================================================================
1 2 3 4 5 6A 6B 7 8 9 10 11 12 13 14 15 16 17 18
12Z AVG MX 2MIN
DY MAX MIN AVG DEP HDD CDD WTR SNW DPTH SPD SPD DIR MIN PSBL S-S WX SPD DR
================================================================================
1 95 75 85 3 0 20 0.00 0.0 0 7.1 13 240 M M 3 16 240
2 97 73 85 3 0 20 0.00 0.0 0 3.8 10 300 M M 2 1 13 320
3 98 73 86 4 0 21 0.00 0.0 0 4.9 14 270 M M 1 19 300
4 98 73 86 4 0 21 0.00 0.0 0 4.5 13 290 M M 1 24 290
5 98 73 86 4 0 21 0.00 0.0 0 5.4 14 230 M M 1 20 190
6 96 73 85 3 0 20 0.00 0.0 0 5.8 14 230 M M 3 1 18 220
7 99 76 88 6 0 23 0.00 0.0 0 6.8 17 220 M M 1 23 220
8 97 74 86 4 0 21 0.15 0.0 0 5.9 29 330 M M 1 13 34 330
9 98 74 86 4 0 21 0.29 0.0 0 4.5 17 220 M M 2 3 22 220
10 97 71 84 2 0 19 1.29 0.0 0 5.5 32 320 M M 3 138 42 320
11 96 72 84 2 0 19 1.83 0.0 0 5.4 32 220 M M 1 138 44 210
12 94 71 83 2 0 18 0.00 0.0 0 3.1 12 260 M M 0 1 15 250
13 94 76 85 4 0 20 0.27 0.0 0 4.2 31 50 M M 3 138 39 60
14 89 74 82 1 0 17 0.09 0.0 0 4.9 21 270 M M 5 13 24 260
15 92 73 83 2 0 18 T 0.0 0 7.1 14 310 M M 3 16 300
16 94 75 85 4 0 20 0.00 0.0 0 7.0 15 330 M M 0 1 19 320
17 96 73 85 4 0 20 0.00 0.0 0 2.7 21 40 M M 2 3 27 20
18 95 72 84 3 0 19 1.10 0.0 0 4.6 23 340 M M 2 13 29 340
19 90 71 81 0 0 16 1.23 0.0 0 6.0 24 70 M M 3 13 32 80
20 84 71 78 -3 0 13 0.02 0.0 0 4.4 13 100 M M 5 13 16 100
21 85 68 77 -4 0 12 0.06 0.0 0 4.5 13 170 M M 4 1 16 160
22 87 71 79 -2 0 14 0.00 0.0 0 5.9 15 150 M M 1 1 19 130
23 86 71 79 -2 0 14 0.63 0.0 0 4.8 18 120 M M 2 1 23 120
24 79 76 78 -3 0 13 1.84 0.0 0 6.9 15 70 M M 9 13 22 70
25 91 75 83 2 0 18 0.05 0.0 0 6.6 14 130 M M 4 1 18 120
26 92 77 85 5 0 20 0.00 0.0 0 5.8 12 130 M M 1 15 120
27 92 77 85 5 0 20 0.26 0.0 0 6.1 16 130 M M 2 138 22 110
28 92 77 85 5 0 20 0.00 0.0 M 8.5 18 200 M M 2 29 200
29 87 76 82 2 0 17 0.50 0.0 M 7.5 10 160 M M 8 13 M M
30 86 77 82 2 0 17 0.00 0.0 M 4.8 7 99 M M 7 M M
31 92 77 85 5 0 20 0.26 0.0 0 13.2 76 270 M M 7 1 M M
================================================================================
SM 2866 2285 0 572 9.87 0.0 178.2 M 89
================================================================================
AV 92.5 73.7 5.7 FASTST M M 3 MAX(MPH)
MISC ----> # 76 270 # 44 210
================================================================================
NOTES:
# LAST OF SEVERAL OCCURRENCES
COLUMN 17 PEAK WIND IN M.P.H.
PRELIMINARY LOCAL CLIMATOLOGICAL DATA (WS FORM: F-6) , PAGE 2
STATION: DOTHAN
MONTH: AUGUST
YEAR: 2020
LATITUDE: 31 19 N
LONGITUDE: 85 27 W
[TEMPERATURE DATA] [PRECIPITATION DATA] SYMBOLS USED IN COLUMN 16
AVERAGE MONTHLY: 83.1 TOTAL FOR MONTH: 9.87 1 = FOG OR MIST
DPTR FM NORMAL: 2.0 DPTR FM NORMAL: 5.39 2 = FOG REDUCING VISIBILITY
HIGHEST: 99 ON 7 GRTST 24HR 1.84 ON 24-24 TO 1/4 MILE OR LESS
LOWEST: 68 ON 21 3 = THUNDER
SNOW, ICE PELLETS, HAIL 4 = ICE PELLETS
TOTAL MONTH: 0.0 INCH 5 = HAIL
GRTST 24HR 0.0 6 = FREEZING RAIN OR DRIZZLE
GRTST DEPTH: 0 7 = DUSTSTORM OR SANDSTORM:
VSBY 1/2 MILE OR LESS
8 = SMOKE OR HAZE
[NO. OF DAYS WITH] [WEATHER - DAYS WITH] 9 = BLOWING SNOW
X = TORNADO
MAX 32 OR BELOW: 0 0.01 INCH OR MORE: 16
MAX 90 OR ABOVE: 23 0.10 INCH OR MORE: 12
MIN 32 OR BELOW: 0 0.50 INCH OR MORE: 7
MIN 0 OR BELOW: 0 1.00 INCH OR MORE: 5
[HDD (BASE 65) ]
TOTAL THIS MO. 0 CLEAR (SCALE 0-3) 21
DPTR FM NORMAL 0 PTCLDY (SCALE 4-7) 9
TOTAL FM JUL 1 0 CLOUDY (SCALE 8-10) 1
DPTR FM NORMAL 0
[CDD (BASE 65) ]
TOTAL THIS MO. 572
DPTR FM NORMAL 73 [PRESSURE DATA]
TOTAL FM JAN 1 2318 HIGHEST SLP M ON M
DPTR FM NORMAL 438 LOWEST SLP 29.83 ON 19
[REMARKS]
#FINAL-08-20#