000
CXUS54 KEWX 011010
CF6DLF
PRELIMINARY LOCAL CLIMATOLOGICAL DATA (WS FORM: F-6)
STATION: LAUGHLIN AFB
MONTH: JULY
YEAR: 2023
LATITUDE: 29 22 N
LONGITUDE: 100 47 W
TEMPERATURE IN F: :PCPN: SNOW: WIND :SUNSHINE: SKY :PK WND
================================================================================
1 2 3 4 5 6A 6B 7 8 9 10 11 12 13 14 15 16 17 18
12Z AVG MX 2MIN
DY MAX MIN AVG DEP HDD CDD WTR SNW DPTH SPD SPD DIR MIN PSBL S-S WX SPD DR
================================================================================
1 98 73 86 M 0 21 T M M 13.1 24 40 M M 4 3 40 20
2 88 71 80 M 0 15 0.21 M M 8.8 20 80 M M 4 1 M M
3 90 72 81 M 0 16 0.85 M M 9.2 23 110 M M 6 138 33 200
4 93 73 83 M 0 18 0.00 M M 7.3 16 110 M M 5 8 22 110
5 96 77 87 M 0 22 0.00 M M 11.0 15 130 M M 3 8 21 130
6 95 76 86 M 0 21 0.00 M M 10.4 15 120 M M 3 16 70
7 92 74 83 M 0 18 0.22 M M 11.2 20 90 M M 5 24 130
8 97 76 87 M 0 22 T M M 10.5 17 140 M M 4 25 120
9 101 77 89 M 0 24 T M M 11.0 16 110 M M 0 22 150
10 102 78 90 M 0 25 0.00 M M 10.1 16 120 M M 1 24 120
11 103 79 91 M 0 26 0.00 M M 11.1 18 120 M M 0 21 150
12 104 79 92 M 0 27 0.00 M M 11.4 15 90 M M 2 21 90
13 104 80 92 M 0 27 0.00 M M 11.4 18 100 M M 0 23 90
14 105 79 92 M 0 27 0.00 M M 13.7 21 150 M M 0 25 120
15 102 78 90 M 0 25 0.00 M M 12.8 17 80 M M 2 24 120
16 103 77 90 M 0 25 0.00 M M 9.7 17 150 M M 1 23 140
17 103 74 89 M 0 24 0.00 M M 9.8 15 110 M M 0 22 110
18 104 78 91 M 0 26 0.00 M M 10.4 16 160 M M 0 32 150
19 104 77 91 M 0 26 0.00 M M 11.9 18 140 M M 0 24 180
20 103 77 90 M 0 25 0.00 M M 12.7 18 120 M M 0 32 140
21 102 76 89 M 0 24 0.00 M M 10.8 16 120 M M 0 27 90
22 103 77 90 M 0 25 0.00 M M 7.5 13 130 M M 0 M M
23 104 78 91 M 0 26 T M M 7.1 22 10 M M 2 37 20
24 102 76 89 M 0 24 0.00 M M 9.4 17 140 M M 0 27 140
25 101 77 89 M 0 24 0.00 M M 10.5 18 100 M M 1 24 160
26 102 78 90 M 0 25 0.00 M M 11.8 20 130 M M 0 30 150
27 101 76 89 M 0 24 T M M 11.6 18 140 M M 1 24 120
28 100 75 88 M 0 23 0.00 M M 10.3 17 130 M M 1 21 180
29 98 75 87 M 0 22 0.00 M M 9.9 20 130 M M 0 23 70
30 101 76 89 M 0 24 0.00 M M 10.2 17 140 M M 0 23 140
31 103 79 91 M 0 26 0.00 M M 10.5 21 130 M M 0 23 150
================================================================================
SM 3104 2368 0 727 1.28 M 327.1 M 45
================================================================================
AV100.1 76.4 10.6 FASTST M M 1 MAX(MPH)
MISC ----> 24 40 40 20
================================================================================
NOTES:
# LAST OF SEVERAL OCCURRENCES
COLUMN 17 PEAK WIND IN M.P.H.
PRELIMINARY LOCAL CLIMATOLOGICAL DATA (WS FORM: F-6) , PAGE 2
STATION: LAUGHLIN AFB
MONTH: JULY
YEAR: 2023
LATITUDE: 29 22 N
LONGITUDE: 100 47 W
[TEMPERATURE DATA] [PRECIPITATION DATA] SYMBOLS USED IN COLUMN 16
AVERAGE MONTHLY: 88.3 TOTAL FOR MONTH: 1.28 1 = FOG OR MIST
DPTR FM NORMAL: 0.0 DPTR FM NORMAL: M 2 = FOG REDUCING VISIBILITY
HIGHEST: 105 ON 14 GRTST 24HR 0.85 ON 3- 3 TO 1/4 MILE OR LESS
LOWEST: 71 ON 2 3 = THUNDER
SNOW, ICE PELLETS, HAIL 4 = ICE PELLETS
TOTAL MONTH: M 5 = HAIL
GRTST 24HR M ON M 6 = FREEZING RAIN OR DRIZZLE
GRTST DEPTH: M ON M 7 = DUSTSTORM OR SANDSTORM:
VSBY 1/2 MILE OR LESS
8 = SMOKE OR HAZE
[NO. OF DAYS WITH] [WEATHER - DAYS WITH] 9 = BLOWING SNOW
X = TORNADO
MAX 32 OR BELOW: 0 0.01 INCH OR MORE: 3
MAX 90 OR ABOVE: 30 0.10 INCH OR MORE: 3
MIN 32 OR BELOW: 0 0.50 INCH OR MORE: 1
MIN 0 OR BELOW: 0 1.00 INCH OR MORE: 0
[HDD (BASE 65) ]
TOTAL THIS MO. 0 CLEAR (SCALE 0-3) 25
DPTR FM NORMAL M PTCLDY (SCALE 4-7) 6
TOTAL FM JUL 1 0 CLOUDY (SCALE 8-10) 0
DPTR FM NORMAL M
[CDD (BASE 65) ]
TOTAL THIS MO. 727
DPTR FM NORMAL M [PRESSURE DATA]
TOTAL FM JAN 1 2169 HIGHEST SLP M ON M
DPTR FM NORMAL M LOWEST SLP M ON M
[REMARKS]
#FINAL-07-23#