000
CXUS56 KTFX 011110
CF6DLN
PRELIMINARY LOCAL CLIMATOLOGICAL DATA (WS FORM: F-6)
STATION: DILLON AIRPORT MT
MONTH: APRIL
YEAR: 2022
LATITUDE: 45 15 N
LONGITUDE: 112 33 W
TEMPERATURE IN F: :PCPN: SNOW: WIND :SUNSHINE: SKY :PK WND
================================================================================
1 2 3 4 5 6A 6B 7 8 9 10 11 12 13 14 15 16 17 18
12Z AVG MX 2MIN
DY MAX MIN AVG DEP HDD CDD WTR SNW DPTH SPD SPD DIR MIN PSBL S-S WX SPD DR
================================================================================
1 52 17 35 -2 30 0 0.00 M 0 8.5 23 260 M M 1 27 270
2 52 25 39 2 26 0 0.00 M 0 13.5 43 280 M M 2 8 65 250
3 53 17 35 -3 30 0 0.00 M 0 10.0 23 250 M M 1 31 220
4 53 28 41 3 24 0 0.01 M 0 16.8 46 260 M M 7 18 63 250
5 39 21 30 -8 35 0 T M 0 19.6 37 280 M M 4 1 50 280
6 47 18 33 -5 32 0 0.00 M 0 7.9 24 230 M M 0 33 230
7 61 16 39 1 26 0 0.00 M 0 4.8 14 190 M M 0 18 190
8 70 31 51 13 14 0 0.00 M 0 14.0 37 250 M M 1 46 250
9 45 16 31 -8 34 0 0.00 M 0 12.4 28 280 M M 3 37 270
10 36 14 25 -14 40 0 T M 0 10.6 28 270 M M 4 34 260
11 30 12 21 -18 44 0 T M M 14.5 30 20 M M 7 128 38 20
12 21 9 15 -24 50 0 0.01 M 4 20.6 30 40 M M 10 18 37 40
13 19 1 10 -29 55 0 T M 3 7.5 22 40 M M 6 18 27 40
14 23 4 14 -26 51 0 T M 1 7.7 20 50 M M 9 128 25 50
15 32 12 22 -18 43 0 T M M 7.7 20 60 M M 5 18 23 50
16 43 16 30 -10 35 0 T M M 8.1 29 250 M M 5 1 40 250
17 39 20 30 -10 35 0 0.00 M T 11.2 25 260 M M 0 32 250
18 56 21 39 -1 26 0 0.00 M T 2.9 12 60 M M 0 14 70
19 46 28 37 -4 28 0 0.00 M 0 11.0 32 240 M M 3 8 43 230
20 53 25 39 -2 26 0 0.00 M 0 10.3 23 240 M M 4 30 240
21 53 33 43 2 22 0 0.03 M 0 9.7 26 310 M M 6 1 31 310
22 43 32 38 -3 27 0 0.00 M 0 8.1 23 40 M M 9 30 50
23 49 30 40 -2 25 0 0.03 M 0 7.9 22 350 M M 7 1 29 360
24 51 28 40 -2 25 0 0.02 M 0 5.1 20 250 M M 6 1 26 250
25 60 27 44 2 21 0 0.00 M 0 11.0 23 170 M M 0 31 170
26 60 34 47 4 18 0 0.00 M 0 12.3 31 220 M M 3 8 48 230
27 46 26 36 -7 29 0 0.01 M 0 4.4 13 230 M M 4 18 14 20
28 51 28 40 -3 25 0 0.18 M 0 4.7 25 330 M M 8 1 34 310
29 45 29 37 -7 28 0 T M 0 7.4 24 350 M M 8 1 29 350
30 53 26 40 -4 25 0 0.00 M 0 7.7 22 140 M M 4 29 130
================================================================================
SM 1381 644 929 0 0.29 M 297.9 M 127
================================================================================
AV 46.0 21.5 9.9 FASTST M M 4 MAX(MPH)
MISC ----> 46 260 65 250
================================================================================
NOTES:
# LAST OF SEVERAL OCCURRENCES
COLUMN 17 PEAK WIND IN M.P.H.
PRELIMINARY LOCAL CLIMATOLOGICAL DATA (WS FORM: F-6) , PAGE 2
STATION: DILLON AIRPORT MT
MONTH: APRIL
YEAR: 2022
LATITUDE: 45 15 N
LONGITUDE: 112 33 W
[TEMPERATURE DATA] [PRECIPITATION DATA] SYMBOLS USED IN COLUMN 16
AVERAGE MONTHLY: 33.8 TOTAL FOR MONTH: 0.29 1 = FOG OR MIST
DPTR FM NORMAL: -6.3 DPTR FM NORMAL: -0.89 2 = FOG REDUCING VISIBILITY
HIGHEST: 70 ON 8 GRTST 24HR 0.18 ON 28-28 TO 1/4 MILE OR LESS
LOWEST: 1 ON 13 3 = THUNDER
SNOW, ICE PELLETS, HAIL 4 = ICE PELLETS
TOTAL MONTH: M 5 = HAIL
GRTST 24HR M ON M 6 = FREEZING RAIN OR DRIZZLE
GRTST DEPTH: 4 ON 12 7 = DUSTSTORM OR SANDSTORM:
VSBY 1/2 MILE OR LESS
8 = SMOKE OR HAZE
[NO. OF DAYS WITH] [WEATHER - DAYS WITH] 9 = BLOWING SNOW
X = TORNADO
MAX 32 OR BELOW: 5 0.01 INCH OR MORE: 7
MAX 90 OR ABOVE: 0 0.10 INCH OR MORE: 1
MIN 32 OR BELOW: 28 0.50 INCH OR MORE: 0
MIN 0 OR BELOW: 0 1.00 INCH OR MORE: 0
[HDD (BASE 65) ]
TOTAL THIS MO. 929 CLEAR (SCALE 0-3) 12
DPTR FM NORMAL 182 PTCLDY (SCALE 4-7) 14
TOTAL FM JUL 1 7347 CLOUDY (SCALE 8-10) 4
DPTR FM NORMAL -438
[CDD (BASE 65) ]
TOTAL THIS MO. 0
DPTR FM NORMAL 0 [PRESSURE DATA]
TOTAL FM JAN 1 0 HIGHEST SLP 30.62 ON 7
DPTR FM NORMAL 0 LOWEST SLP 29.30 ON 4
[REMARKS]
#FINAL-04-22#