000
CXUS54 KEPZ 011130
CF6DMN
PRELIMINARY LOCAL CLIMATOLOGICAL DATA (WS FORM: F-6)
STATION: DEMING
MONTH: NOVEMBER
YEAR: 2021
LATITUDE: 32 15 N
LONGITUDE: 107 42 W
TEMPERATURE IN F: :PCPN: SNOW: WIND :SUNSHINE: SKY :PK WND
================================================================================
1 2 3 4 5 6A 6B 7 8 9 10 11 12 13 14 15 16 17 18
12Z AVG MX 2MIN
DY MAX MIN AVG DEP HDD CDD WTR SNW DPTH SPD SPD DIR MIN PSBL S-S WX SPD DR
================================================================================
1 77 39 58 2 7 0 0.00 M M 6.3 16 270 M M 0 22 270
2 76 43 60 4 5 0 0.00 M M 7.9 20 260 M M 0 27 270
3 77 37 57 2 8 0 0.00 M M 5.8 18 60 M M 0 26 60
4 71 37 54 -1 11 0 0.00 M M 3.3 12 90 M M 0 14 70
5 77 34 56 1 9 0 0.00 M M 2.9 9 290 M M 0 12 290
6 81 38 60 6 5 0 0.00 M M 3.6 12 220 M M 0 14 240
7 81 39 60 6 5 0 0.00 M M 4.4 10 250 M M 0 8 17 210
8 77 41 59 6 6 0 0.00 M M 4.0 10 230 M M 0 8 15 240
9 79 36 58 5 7 0 0.00 M M 5.0 13 230 M M 0 17 240
10 75 39 57 5 8 0 0.00 M M 8.1 15 300 M M 0 20 300
11 71 37 54 2 11 0 0.00 M M 4.4 12 90 M M 0 M M
12 74 33 54 2 11 0 0.00 M M 5.7 16 60 M M 0 21 70
13 73 33 53 2 12 0 0.00 M M 4.6 9 240 M M 0 8 14 200
14 77 36 57 6 8 0 0.00 M M 3.8 8 310 M M 0 11 260
15 80 33 57 6 8 0 0.00 M M 6.0 13 230 M M 0 18 260
16 77 41 59 9 6 0 0.00 M M 9.5 25 260 M M 0 39 250
17 72 38 55 5 10 0 0.00 M M 7.6 16 250 M M 0 8 22 270
18 59 36 48 -1 17 0 0.00 M M 10.8 20 90 M M 0 25 90
19 65 31 48 -1 17 0 0.00 M M 4.3 10 70 M M 0 13 60
20 75 30 53 4 12 0 0.00 M M 4.6 16 280 M M 0 20 270
21 65 41 53 5 12 0 0.00 M M 13.3 31 40 M M 0 8 43 30
22 63 36 50 2 15 0 0.00 M M 6.8 14 90 M M 0 20 60
23 69 37 53 5 12 0 0.00 M M 3.7 13 240 M M 0 18 230
24 65 50 58 11 7 0 0.03 M M 8.8 23 240 M M 4 31 250
25 52 40 46 -1 19 0 0.01 M M 12.4 29 50 M M 9 37 50
26 56 33 45 -2 20 0 0.01 M M 8.0 16 110 M M 5 23 80
27 65 35 50 4 15 0 0.00 M M 4.7 12 250 M M 2 15 270
28 64 29 47 1 18 0 0.00 M M 4.6 12 80 M M 0 14 80
29 68 29 49 3 16 0 0.00 M M 3.3 8 310 M M 0 11 200
30 70 35 53 8 12 0 0.00 M M 1.9 9 320 M M 0 12 210
================================================================================
SM 2131 1096 329 0 0.05 M 180.1 M 20
================================================================================
AV 71.0 36.5 6.0 FASTST M M 1 MAX(MPH)
MISC ----> 31 40 43 30
================================================================================
NOTES:
# LAST OF SEVERAL OCCURRENCES
COLUMN 17 PEAK WIND IN M.P.H.
PRELIMINARY LOCAL CLIMATOLOGICAL DATA (WS FORM: F-6) , PAGE 2
STATION: DEMING
MONTH: NOVEMBER
YEAR: 2021
LATITUDE: 32 15 N
LONGITUDE: 107 42 W
[TEMPERATURE DATA] [PRECIPITATION DATA] SYMBOLS USED IN COLUMN 16
AVERAGE MONTHLY: 53.8 TOTAL FOR MONTH: 0.05 1 = FOG OR MIST
DPTR FM NORMAL: 3.3 DPTR FM NORMAL: -0.45 2 = FOG REDUCING VISIBILITY
HIGHEST: 81 ON 7, 6 GRTST 24HR 0.04 ON 24-25 TO 1/4 MILE OR LESS
LOWEST: 29 ON 29,28 3 = THUNDER
SNOW, ICE PELLETS, HAIL 4 = ICE PELLETS
TOTAL MONTH: M 5 = HAIL
GRTST 24HR M ON M 6 = FREEZING RAIN OR DRIZZLE
GRTST DEPTH: M ON M 7 = DUSTSTORM OR SANDSTORM:
VSBY 1/2 MILE OR LESS
8 = SMOKE OR HAZE
[NO. OF DAYS WITH] [WEATHER - DAYS WITH] 9 = BLOWING SNOW
X = TORNADO
MAX 32 OR BELOW: 0 0.01 INCH OR MORE: 3
MAX 90 OR ABOVE: 0 0.10 INCH OR MORE: 0
MIN 32 OR BELOW: 4 0.50 INCH OR MORE: 0
MIN 0 OR BELOW: 0 1.00 INCH OR MORE: 0
[HDD (BASE 65) ]
TOTAL THIS MO. 329 CLEAR (SCALE 0-3) 27
DPTR FM NORMAL -106 PTCLDY (SCALE 4-7) 2
TOTAL FM JUL 1 432 CLOUDY (SCALE 8-10) 1
DPTR FM NORMAL -125
[CDD (BASE 65) ]
TOTAL THIS MO. 0
DPTR FM NORMAL 0 [PRESSURE DATA]
TOTAL FM JAN 1 1937 HIGHEST SLP 30.41 ON 25
DPTR FM NORMAL 123 LOWEST SLP 29.80 ON 24
[REMARKS]
#FINAL-11-21#