000
CXUS53 KEAX 010736
CF6DMO
PRELIMINARY LOCAL CLIMATOLOGICAL DATA (WS FORM: F-6)
STATION: SEDALIA MO
MONTH: MAY
YEAR: 2021
LATITUDE: 38 42 N
LONGITUDE: 93 6 W
TEMPERATURE IN F: :PCPN: SNOW: WIND :SUNSHINE: SKY :PK WND
================================================================================
1 2 3 4 5 6A 6B 7 8 9 10 11 12 13 14 15 16 17 18
12Z AVG MX 2MIN
DY MAX MIN AVG DEP HDD CDD WTR SNW DPTH SPD SPD DIR MIN PSBL S-S WX SPD DR
================================================================================
1 80 57 69 10 0 4 0.00 M M 12.2 24 220 M M 0 33 210
2 77 62 70 10 0 5 T M M 10.9 20 170 M M 5 26 170
3 80 60 70 10 0 5 0.00 M M 11.5 20 350 M M 5 1 30 200
4 61 49 55 -5 10 0 0.30 M M 10.9 22 340 M M 6 1 28 10
5 70 44 57 -4 8 0 T M M 4.3 9 310 M M 2 13 300
6 65 48 57 -4 8 0 T M M 11.1 23 320 M M 3 3 30 310
7 73 45 59 -2 6 0 0.00 M M 8.5 20 260 M M 5 8 26 210
8 76 55 66 4 0 1 0.02 M M 12.1 23 110 M M 6 31 100
9 66 45 56 -6 9 0 1.20 M M 12.0 23 100 M M 10 138 32 80
10 60 42 51 -11 14 0 0.00 M M 3.4 9 70 M M 1 13 50
11 59 43 51 -12 14 0 T M M 5.9 15 70 M M 6 21 70
12 64 47 56 -7 9 0 0.00 M M 7.9 20 80 M M 2 30 80
13 67 42 55 -8 10 0 0.00 M M 4.6 10 100 M M 0 15 40
14 74 49 62 -2 3 0 0.00 M M 9.3 17 190 M M 4 8 24 160
15 64 55 60 -4 5 0 0.16 M M 8.1 15 170 M M 10 21 180
16 72 52 62 -2 3 0 1.31 M M 7.2 20 340 M M 7 13 23 340
17 70 61 66 1 0 1 0.66 M M 9.6 20 110 M M 10 1 25 120
18 79 63 71 6 0 6 0.01 M M 10.2 20 140 M M 7 25 140
19 73 66 70 5 0 5 0.30 M M 11.2 22 150 M M 8 1 28 150
20 80 66 73 7 0 8 0.28 M M 13.6 23 140 M M 7 1 34 120
21 73 67 70 4 0 5 0.11 M M 9.7 21 170 M M 6 1 29 170
22 75 65 70 4 0 5 0.12 M M 5.8 18 220 M M 7 1 25 220
23 84 65 75 8 0 10 0.00 M M 3.8 10 200 M M 1 15 210
24 83 65 74 7 0 9 0.00 M M 7.9 17 200 M M 2 23 200
25 80 67 74 7 0 9 0.01 M M 10.5 21 210 M M 4 27 230
26 85 66 76 8 0 11 0.00 M M 5.0 13 140 M M 3 16 130
27 73 64 69 1 0 4 0.57 M M 10.2 29 260 M M 6 13 45 260
28 68 50 59 -9 6 0 T M M 13.3 22 330 M M 10 1 31 330
29 66 47 57 -12 8 0 T M M 8.3 15 50 M M 4 1 21 30
30 70 46 58 -11 7 0 0.00 M M 4.4 16 110 M M 1 23 150
31 70 58 64 -5 1 0 0.00 M M 5.0 13 20 M M 9 17 330
================================================================================
SM 2237 1711 121 88 5.05 M 268.4 M 157
================================================================================
AV 72.2 55.2 8.7 FASTST M M 5 MAX(MPH)
MISC ----> 29 260 45 260
================================================================================
NOTES:
# LAST OF SEVERAL OCCURRENCES
COLUMN 17 PEAK WIND IN M.P.H.
PRELIMINARY LOCAL CLIMATOLOGICAL DATA (WS FORM: F-6) , PAGE 2
STATION: SEDALIA MO
MONTH: MAY
YEAR: 2021
LATITUDE: 38 42 N
LONGITUDE: 93 6 W
[TEMPERATURE DATA] [PRECIPITATION DATA] SYMBOLS USED IN COLUMN 16
AVERAGE MONTHLY: 63.7 TOTAL FOR MONTH: 5.05 1 = FOG OR MIST
DPTR FM NORMAL: -0.6 DPTR FM NORMAL: 0.37 2 = FOG REDUCING VISIBILITY
HIGHEST: 85 ON 26 GRTST 24HR 1.65 ON 16-17 TO 1/4 MILE OR LESS
LOWEST: 42 ON 13,10 3 = THUNDER
SNOW, ICE PELLETS, HAIL 4 = ICE PELLETS
TOTAL MONTH: M 5 = HAIL
GRTST 24HR M ON M 6 = FREEZING RAIN OR DRIZZLE
GRTST DEPTH: M ON M 7 = DUSTSTORM OR SANDSTORM:
VSBY 1/2 MILE OR LESS
8 = SMOKE OR HAZE
[NO. OF DAYS WITH] [WEATHER - DAYS WITH] 9 = BLOWING SNOW
X = TORNADO
MAX 32 OR BELOW: 0 0.01 INCH OR MORE: 13
MAX 90 OR ABOVE: 0 0.10 INCH OR MORE: 10
MIN 32 OR BELOW: 0 0.50 INCH OR MORE: 4
MIN 0 OR BELOW: 0 1.00 INCH OR MORE: 2
[HDD (BASE 65) ]
TOTAL THIS MO. 121 CLEAR (SCALE 0-3) 8
DPTR FM NORMAL 8 PTCLDY (SCALE 4-7) 17
TOTAL FM JUL 1 4612 CLOUDY (SCALE 8-10) 6
DPTR FM NORMAL -327
[CDD (BASE 65) ]
TOTAL THIS MO. 88
DPTR FM NORMAL -4 [PRESSURE DATA]
TOTAL FM JAN 1 115 HIGHEST SLP M ON M
DPTR FM NORMAL 1 LOWEST SLP 29.45 ON 9
[REMARKS]
#FINAL-05-21#