000
CXUS55 KEAX 010736
CF6DMO
PRELIMINARY LOCAL CLIMATOLOGICAL DATA (WS FORM: F-6)
STATION: SEDALIA MO
MONTH: MARCH
YEAR: 2021
LATITUDE: 38 42 N
LONGITUDE: 93 6 W
TEMPERATURE IN F: :PCPN: SNOW: WIND :SUNSHINE: SKY :PK WND
================================================================================
1 2 3 4 5 6A 6B 7 8 9 10 11 12 13 14 15 16 17 18
12Z AVG MX 2MIN
DY MAX MIN AVG DEP HDD CDD WTR SNW DPTH SPD SPD DIR MIN PSBL S-S WX SPD DR
================================================================================
1 53 26 40 -1 25 0 0.00 M M 5.9 14 290 M M 0 20 260
2 58 28 43 2 22 0 0.00 M M 10.5 21 220 M M 0 30 220
3 70 42 56 14 9 0 0.00 M M 9.7 18 220 M M 0 24 210
4 71 36 54 12 11 0 0.00 M M 6.9 17 80 M M 0 26 90
5 56 37 47 5 18 0 0.00 M M 9.2 20 100 M M 1 24 100
6 61 29 45 2 20 0 0.00 M M 6.9 16 200 M M 2 20 200
7 67 41 54 11 11 0 0.00 M M 10.4 22 210 M M 0 8 31 210
8 70 41 56 13 9 0 0.00 M M 11.1 22 200 M M 0 8 33 180
9 75 50 63 19 2 0 0.00 M M 19.3 32 190 M M 0 46 170
10 72 54 63 19 2 0 0.58 M M 21.0 36 200 M M 6 13 52 200
11 57 44 51 7 14 0 0.49 M M 5.6 16 340 M M 9 3 21 320
12 50 44 47 2 18 0 0.45 M M 9.5 18 70 M M 8 1 27 80
13 55 43 49 4 16 0 0.01 M M 11.6 22 100 M M 9 18 32 100
14 51 45 48 2 17 0 0.99 M M 17.9 30 100 M M 10 1 45 100
15 56 39 48 2 17 0 0.35 M M 9.2 30 290 M M 7 123 41 300
16 49 39 44 -2 21 0 0.00 M M 8.4 16 70 M M 10 12 22 70
17 49 37 43 -4 22 0 2.77 M M 15.1 31 20 M M 10 13 42 10
18 45 36 41 -6 24 0 0.55 M M 19.2 29 340 M M 10 1 38 340
19 53 33 43 -4 22 0 0.00 M M 8.2 16 70 M M 0 22 70
20 62 30 46 -2 19 0 0.00 M M 7.9 17 130 M M 0 21 130
21 69 46 58 10 7 0 0.00 M M 15.0 29 170 M M 0 36 180
22 68 51 60 12 5 0 0.00 M M 11.5 21 160 M M 2 26 140
23 63 51 57 8 8 0 0.34 M M 18.2 31 160 M M 9 1 43 150
24 52 45 49 0 16 0 0.00 M M 10.5 24 210 M M 10 34 210
25 47 44 46 -4 19 0 0.20 M M 8.1 15 360 M M 8 1 19 350
26 64 41 53 3 12 0 0.00 M M 6.6 16 120 M M 4 1 25 140
27 72 47 60 10 5 0 0.00 M M 12.8 24 320 M M 2 8 32 320
28 57 39 48 -3 17 0 0.00 M M 12.3 24 330 M M 1 33 310
29 74 41 58 7 7 0 0.00 M M 17.6 24 180 M M 0 41 180
30 64 46 55 4 10 0 0.00 M M 18.0 28 220 M M 5 43 190
31 51 35 43 -9 22 0 0.00 M M 13.1 25 330 M M 1 36 310
================================================================================
SM 1861 1260 447 0 6.73 M 367.2 M 124
================================================================================
AV 60.0 40.6 11.8 FASTST M M 4 MAX(MPH)
MISC ----> 36 200 52 200
================================================================================
NOTES:
# LAST OF SEVERAL OCCURRENCES
COLUMN 17 PEAK WIND IN M.P.H.
PRELIMINARY LOCAL CLIMATOLOGICAL DATA (WS FORM: F-6) , PAGE 2
STATION: SEDALIA MO
MONTH: MARCH
YEAR: 2021
LATITUDE: 38 42 N
LONGITUDE: 93 6 W
[TEMPERATURE DATA] [PRECIPITATION DATA] SYMBOLS USED IN COLUMN 16
AVERAGE MONTHLY: 50.3 TOTAL FOR MONTH: 6.73 1 = FOG OR MIST
DPTR FM NORMAL: 4.1 DPTR FM NORMAL: 4.12 2 = FOG REDUCING VISIBILITY
HIGHEST: 75 ON 9 GRTST 24HR 2.99 ON 17-18 TO 1/4 MILE OR LESS
LOWEST: 26 ON 1 3 = THUNDER
SNOW, ICE PELLETS, HAIL 4 = ICE PELLETS
TOTAL MONTH: M 5 = HAIL
GRTST 24HR M ON M 6 = FREEZING RAIN OR DRIZZLE
GRTST DEPTH: M ON M 7 = DUSTSTORM OR SANDSTORM:
VSBY 1/2 MILE OR LESS
8 = SMOKE OR HAZE
[NO. OF DAYS WITH] [WEATHER - DAYS WITH] 9 = BLOWING SNOW
X = TORNADO
MAX 32 OR BELOW: 0 0.01 INCH OR MORE: 10
MAX 90 OR ABOVE: 0 0.10 INCH OR MORE: 9
MIN 32 OR BELOW: 4 0.50 INCH OR MORE: 4
MIN 0 OR BELOW: 0 1.00 INCH OR MORE: 1
[HDD (BASE 65) ]
TOTAL THIS MO. 447 CLEAR (SCALE 0-3) 17
DPTR FM NORMAL -138 PTCLDY (SCALE 4-7) 5
TOTAL FM JUL 1 4189 CLOUDY (SCALE 8-10) 9
DPTR FM NORMAL -13
[CDD (BASE 65) ]
TOTAL THIS MO. 0
DPTR FM NORMAL -3 [PRESSURE DATA]
TOTAL FM JAN 1 0 HIGHEST SLP M ON M
DPTR FM NORMAL -3 LOWEST SLP 29.46 ON 23
[REMARKS]
#FINAL-03-21#