000
CXUS55 KCAE 011400
CF6DNL
PRELIMINARY LOCAL CLIMATOLOGICAL DATA (WS FORM: F-6)
STATION: AUGUSTA DANIEL FIELD GA
MONTH: JUNE
YEAR: 2020
LATITUDE: 33 28 N
LONGITUDE: 82 2 W
TEMPERATURE IN F: :PCPN: SNOW: WIND :SUNSHINE: SKY :PK WND
================================================================================
1 2 3 4 5 6A 6B 7 8 9 10 11 12 13 14 15 16 17 18
12Z AVG MX 2MIN
DY MAX MIN AVG DEP HDD CDD WTR SNW DPTH SPD SPD DIR MIN PSBL S-S WX SPD DR
================================================================================
1 85 68 77 0 0 12 0.00 M M 6.8 15 50 M M 1 18 60
2 87 65 76 -1 0 11 0.00 M M 4.6 13 190 M M 1 16 200
3 90 69 80 2 0 15 0.00 M M 6.2 13 220 M M 1 17 190
4 88 72 80 2 0 15 0.01 M M 6.7 20 140 M M 4 3 26 160
5 89 72 81 3 0 16 0.01 M M 4.8 14 220 M M 3 3 20 220
6 91 73 82 4 0 17 0.00 M M 4.1 16 210 M M 2 19 210
7 90 73 82 4 0 17 0.00 M M 4.6 13 150 M M 2 16 160
8 90 73 82 4 0 17 0.02 M M 4.7 17 150 M M 6 13 24 160
9 94 74 84 5 0 19 0.64 M M 5.2 29 210 M M 5 1238 36 220
10 88 73 81 2 0 16 0.30 M M 4.8 14 190 M M 4 138 18 170
11 93 75 84 5 0 19 T M M 4.2 10 230 M M 5 14 220
12 90 74 82 3 0 17 0.00 M M 8.1 17 50 M M 3 1 23 30
13 89 70 80 1 0 15 0.00 M M 7.5 18 70 M M 3 24 80
14 88 69 79 0 0 14 0.00 M M 8.4 18 10 M M 1 24 10
15 80 65 73 -7 0 8 0.00 M M 10.9 18 50 M M 7 23 80
16 69 62 66 -14 0 1 0.00 M M 8.4 15 360 M M 10 8 21 360
17 76 61 69 -11 0 4 0.00 M M 3.7 9 340 M M 9 18 12 340
18 84 64 74 -6 0 9 T M M 4.9 10 120 M M 5 1 13 200
19 89 68 79 -1 0 14 0.21 M M 4.4 25 30 M M 4 13 36 10
20 92 68 80 0 0 15 0.00 M M 3.5 12 310 M M 1 1 17 10
21 95 73 84 4 0 19 0.00 M M 5.1 13 170 M M 2 17 200
22 93 72 83 3 0 18 0.38 M M 3.2 18 310 M M 1 3 30 260
23 90 72 81 1 0 16 0.36 M M 5.5 21 250 M M 4 138 33 260
24 89 73 81 0 0 16 0.21 M M 5.3 26 320 M M 2 138 33 320
25 88 71 80 -1 0 15 M M M 5.9 17 320 M M 5 1 22 320
26 91 73 82 1 0 17 0.00 M M 5.7 18 310 M M 1 26 310
27 92 71 82 1 0 17 0.40 M M 6.9 36 300 M M 1 18 49 310
28 93 71 82 1 0 17 T M M 4.5 16 310 M M 1 23 310
29 96 80 88 7 0 23 0.00 M M 6.5 17 310 M M 1 23 310
30 95 76 86 5 0 21 0.58 M M 5.2 35 330 M M 1 38 47 330
================================================================================
SM 2664 2120 0 450 3.12 M 170.3 M 96
================================================================================
AV 88.8 70.7 5.7 FASTST M M 3 MAX(MPH)
MISC ----> # 36 300 # 49 310
================================================================================
NOTES:
# LAST OF SEVERAL OCCURRENCES
COLUMN 17 PEAK WIND IN M.P.H.
PRELIMINARY LOCAL CLIMATOLOGICAL DATA (WS FORM: F-6) , PAGE 2
STATION: AUGUSTA DANIEL FIELD GA
MONTH: JUNE
YEAR: 2020
LATITUDE: 33 28 N
LONGITUDE: 82 2 W
[TEMPERATURE DATA] [PRECIPITATION DATA] SYMBOLS USED IN COLUMN 16
AVERAGE MONTHLY: 79.7 TOTAL FOR MONTH: 3.12 1 = FOG OR MIST
DPTR FM NORMAL: 0.3 DPTR FM NORMAL: -1.17 2 = FOG REDUCING VISIBILITY
HIGHEST: 96 ON 29 GRTST 24HR 0.64 ON 9- 9 TO 1/4 MILE OR LESS
LOWEST: 61 ON 17 3 = THUNDER
SNOW, ICE PELLETS, HAIL 4 = ICE PELLETS
TOTAL MONTH: M 5 = HAIL
GRTST 24HR M ON M 6 = FREEZING RAIN OR DRIZZLE
GRTST DEPTH: M ON M 7 = DUSTSTORM OR SANDSTORM:
VSBY 1/2 MILE OR LESS
8 = SMOKE OR HAZE
[NO. OF DAYS WITH] [WEATHER - DAYS WITH] 9 = BLOWING SNOW
X = TORNADO
MAX 32 OR BELOW: 0 0.01 INCH OR MORE: 11
MAX 90 OR ABOVE: 16 0.10 INCH OR MORE: 8
MIN 32 OR BELOW: 0 0.50 INCH OR MORE: 2
MIN 0 OR BELOW: 0 1.00 INCH OR MORE: 0
[HDD (BASE 65) ]
TOTAL THIS MO. 0 CLEAR (SCALE 0-3) 17
DPTR FM NORMAL -1 PTCLDY (SCALE 4-7) 11
TOTAL FM JUL 1 1537 CLOUDY (SCALE 8-10) 2
DPTR FM NORMAL -634
[CDD (BASE 65) ]
TOTAL THIS MO. 450
DPTR FM NORMAL 16 [PRESSURE DATA]
TOTAL FM JAN 1 933 HIGHEST SLP 30.25 ON 1
DPTR FM NORMAL 142 LOWEST SLP 29.83 ON 23
[REMARKS]
#FINAL-06-20#