000
CXUS55 KGJT 011000
CF6DRO
PRELIMINARY LOCAL CLIMATOLOGICAL DATA (WS FORM: F-6)
STATION: DURANGO AIRPORT CO
MONTH: MAY
YEAR: 2020
LATITUDE: 37 9 N
LONGITUDE: 107 45 W
TEMPERATURE IN F: :PCPN: SNOW: WIND :SUNSHINE: SKY :PK WND
================================================================================
1 2 3 4 5 6A 6B 7 8 9 10 11 12 13 14 15 16 17 18
12Z AVG MX 2MIN
DY MAX MIN AVG DEP HDD CDD WTR SNW DPTH SPD SPD DIR MIN PSBL S-S WX SPD DR
================================================================================
1 80 37 59 10 6 0 0.00 M M 6.6 23 230 M M 0 31 220
2 77 35 56 7 9 0 0.00 M M 8.3 28 260 M M 1 38 260
3 77 35 56 7 9 0 0.00 M M 8.2 22 260 M M 0 32 270
4 73 43 58 9 7 0 0.00 M M 13.4 30 270 M M 0 42 260
5 74 30 52 2 13 0 0.00 M M 6.4 23 280 M M 0 32 250
6 78 32 55 5 10 0 0.00 M M 6.3 24 270 M M 0 32 260
7 76 31 54 4 11 0 0.00 M M 11.9 35 260 M M 0 46 300
8 73 25 49 -2 16 0 0.00 M M 8.3 23 250 M M 0 33 220
9 77 26 52 1 13 0 0.00 M M 9.6 29 260 M M 0 46 260
10 79 32 56 5 9 0 0.00 M M 8.6 25 300 M M 1 36 320
11 67 44 56 4 9 0 0.17 M M 7.4 41 260 M M 4 13 54 250
12 74 36 55 3 10 0 0.00 M M 8.9 24 250 M M 1 41 260
13 73 34 54 2 11 0 0.00 M M 7.5 24 260 M M 0 34 250
14 72 33 53 1 12 0 0.00 M M 6.3 20 270 M M 0 27 190
15 73 33 53 0 12 0 0.00 M M 6.4 21 260 M M 0 32 210
16 78 33 56 3 9 0 0.00 M M 6.3 24 260 M M 0 34 270
17 83 38 61 8 4 0 0.00 M M 6.3 20 270 M M 0 28 300
18 84 36 60 6 5 0 0.00 M M 8.1 25 260 M M 0 33 250
19 80 38 59 5 6 0 T M M 8.7 43 170 M M 1 67 210
20 66 34 50 -4 15 0 0.00 M M 7.7 23 220 M M 0 31 210
21 72 26 49 -6 16 0 0.00 M M 8.1 24 260 M M 0 32 290
22 75 29 52 -3 13 0 0.00 M M 6.8 21 220 M M 0 32 220
23 73 35 54 -1 11 0 0.00 M M 7.6 24 250 M M 1 37 230
24 69 33 51 -5 14 0 0.00 M M 8.8 26 260 M M 0 34 260
25 72 32 52 -4 13 0 0.00 M M 6.1 21 70 M M 1 31 220
26 80 35 58 2 7 0 0.00 M M 9.2 22 310 M M 0 32 250
27 82 44 63 7 2 0 0.03 M M 5.7 33 10 M M 1 3 53 10
28 83 45 64 7 1 0 T M M 5.3 37 320 M M 1 58 290
29 85 49 67 10 0 2 T M M 8.0 35 350 M M 1 3 51 350
30 88 51 70 13 0 5 0.04 M M 6.8 28 70 M M 3 3 37 80
31 86 53 70 12 0 5 0.03 M M 6.5 32 190 M M 5 3 46 210
================================================================================
SM 2379 1117 273 12 0.27 M 240.1 M 21
================================================================================
AV 76.7 36.0 7.7 FASTST M M 1 MAX(MPH)
MISC ----> # 43 170 # 67 210
================================================================================
NOTES:
# LAST OF SEVERAL OCCURRENCES
COLUMN 17 PEAK WIND IN M.P.H.
PRELIMINARY LOCAL CLIMATOLOGICAL DATA (WS FORM: F-6) , PAGE 2
STATION: DURANGO AIRPORT CO
MONTH: MAY
YEAR: 2020
LATITUDE: 37 9 N
LONGITUDE: 107 45 W
[TEMPERATURE DATA] [PRECIPITATION DATA] SYMBOLS USED IN COLUMN 16
AVERAGE MONTHLY: 56.4 TOTAL FOR MONTH: 0.27 1 = FOG OR MIST
DPTR FM NORMAL: 3.4 DPTR FM NORMAL: -0.53 2 = FOG REDUCING VISIBILITY
HIGHEST: 88 ON 30 GRTST 24HR 0.17 ON 11-11 TO 1/4 MILE OR LESS
LOWEST: 25 ON 8 3 = THUNDER
SNOW, ICE PELLETS, HAIL 4 = ICE PELLETS
TOTAL MONTH: M 5 = HAIL
GRTST 24HR M ON M 6 = FREEZING RAIN OR DRIZZLE
GRTST DEPTH: M ON M 7 = DUSTSTORM OR SANDSTORM:
VSBY 1/2 MILE OR LESS
8 = SMOKE OR HAZE
[NO. OF DAYS WITH] [WEATHER - DAYS WITH] 9 = BLOWING SNOW
X = TORNADO
MAX 32 OR BELOW: 0 0.01 INCH OR MORE: 4
MAX 90 OR ABOVE: 0 0.10 INCH OR MORE: 1
MIN 32 OR BELOW: 9 0.50 INCH OR MORE: 0
MIN 0 OR BELOW: 0 1.00 INCH OR MORE: 0
[HDD (BASE 65) ]
TOTAL THIS MO. 273 CLEAR (SCALE 0-3) 29
DPTR FM NORMAL -99 PTCLDY (SCALE 4-7) 2
TOTAL FM JUL 1 6739 CLOUDY (SCALE 8-10) 0
DPTR FM NORMAL -269
[CDD (BASE 65) ]
TOTAL THIS MO. 12
DPTR FM NORMAL 11 [PRESSURE DATA]
TOTAL FM JAN 1 12 HIGHEST SLP 30.18 ON 6
DPTR FM NORMAL 11 LOWEST SLP 29.69 ON 19
[REMARKS]
#FINAL-05-20#