000
CXUS54 KEWX 031250
CF6DRT
PRELIMINARY LOCAL CLIMATOLOGICAL DATA (WS FORM: F-6)
STATION: DEL RIO
MONTH: APRIL
YEAR: 2022
LATITUDE: 29 22 N
LONGITUDE: 100 55 W
TEMPERATURE IN F: :PCPN: SNOW: WIND :SUNSHINE: SKY :PK WND
================================================================================
1 2 3 4 5 6A 6B 7 8 9 10 11 12 13 14 15 16 17 18
12Z AVG MX 2MIN
DY MAX MIN AVG DEP HDD CDD WTR SNW DPTH SPD SPD DIR MIN PSBL S-S WX SPD DR
================================================================================
1 86 58 72 2 0 7 0.00 0.0 0 15.3 31 150 M M 0 40 140
2 89 64 77 7 0 12 0.00 0.0 0 6.5 15 80 M M 3 21 80
3 93 67 80 10 0 15 0.00 0.0 0 13.2 25 160 M M 0 33 160
4 85 67 76 6 0 11 0.03 0.0 0 9.7 18 130 M M 6 13 29 120
5 100 64 82 12 0 17 0.00 0.0 0 4.6 20 290 M M 0 18 27 290
6 84 56 70 -1 0 5 0.00 0.0 0 10.8 26 360 M M 0 39 350
7 79 46 63 -8 2 0 0.00 0.0 0 5.1 14 70 M M 0 21 280
8 82 53 68 -3 0 3 0.00 0.0 0 6.4 14 120 M M 0 23 120
9 90 54 72 1 0 7 0.00 0.0 0 13.1 26 160 M M 0 36 170
10 97 63 80 8 0 15 0.00 0.0 0 9.2 24 100 M M 0 3 35 110
11 97 69 83 11 0 18 0.00 0.0 0 9.0 22 100 M M 2 32 100
12 103 74 89 17 0 24 T 0.0 0 10.2 21 160 M M 2 31 170
13 95 63 79 7 0 14 0.00 0.0 0 10.8 25 310 M M 0 37 320
14 88 58 73 1 0 8 0.00 0.0 0 11.1 22 160 M M 2 31 140
15 89 68 79 6 0 14 0.00 0.0 0 11.5 18 140 M M 4 29 140
16 95 72 84 11 0 19 0.00 0.0 0 7.8 15 110 M M 3 1 22 80
17 104 73 89 16 0 24 0.00 0.0 0 7.5 18 350 M M 1 27 360
18 94 68 81 8 0 16 0.00 0.0 0 11.6 24 100 M M 2 37 90
19 73 65 69 -4 0 4 0.31 0.0 0 12.9 23 100 M M 7 138 34 100
20 91 69 80 6 0 15 0.00 0.0 0 11.7 21 150 M M 3 28 140
21 90 71 81 7 0 16 0.00 0.0 0 14.2 25 150 M M 5 35 130
22 93 72 83 9 0 18 T 0.0 0 18.5 30 130 M M 7 18 46 130
23 93 73 83 9 0 18 0.00 0.0 0 17.5 24 120 M M 5 35 130
24 91 70 81 7 0 16 0.01 0.0 0 10.6 26 130 M M 6 1 39 110
25 78 64 71 -4 0 6 0.12 0.0 0 9.1 20 90 M M 9 13 31 100
26 71 58 65 -10 0 0 0.17 0.0 0 5.1 9 110 M M 9 1 13 120
27 83 62 73 -2 0 8 T 0.0 0 11.7 25 150 M M 7 1 33 150
28 88 71 80 5 0 15 0.00 0.0 0 14.5 23 140 M M 6 29 140
29 92 70 81 5 0 16 0.00 0.0 0 10.5 20 140 M M 5 18 28 150
30 92 75 84 8 0 19 0.00 0.0 0 9.4 15 150 M M 4 23 120
================================================================================
SM 2685 1957 2 380 0.64 0.0 319.1 M 98
================================================================================
AV 89.5 65.2 10.6 FASTST M M 3 MAX(MPH)
MISC ----> 31 150 46 130
================================================================================
NOTES:
# LAST OF SEVERAL OCCURRENCES
COLUMN 17 PEAK WIND IN M.P.H.
PRELIMINARY LOCAL CLIMATOLOGICAL DATA (WS FORM: F-6) , PAGE 2
STATION: DEL RIO
MONTH: APRIL
YEAR: 2022
LATITUDE: 29 22 N
LONGITUDE: 100 55 W
[TEMPERATURE DATA] [PRECIPITATION DATA] SYMBOLS USED IN COLUMN 16
AVERAGE MONTHLY: 77.4 TOTAL FOR MONTH: 0.64 1 = FOG OR MIST
DPTR FM NORMAL: 4.7 DPTR FM NORMAL: -0.86 2 = FOG REDUCING VISIBILITY
HIGHEST: 104 ON 17 GRTST 24HR 0.31 ON 19-19 TO 1/4 MILE OR LESS
LOWEST: 46 ON 7 3 = THUNDER
SNOW, ICE PELLETS, HAIL 4 = ICE PELLETS
TOTAL MONTH: 0.0 INCH 5 = HAIL
GRTST 24HR 0.0 6 = FREEZING RAIN OR DRIZZLE
GRTST DEPTH: 0 7 = DUSTSTORM OR SANDSTORM:
VSBY 1/2 MILE OR LESS
8 = SMOKE OR HAZE
[NO. OF DAYS WITH] [WEATHER - DAYS WITH] 9 = BLOWING SNOW
X = TORNADO
MAX 32 OR BELOW: 0 0.01 INCH OR MORE: 5
MAX 90 OR ABOVE: 17 0.10 INCH OR MORE: 3
MIN 32 OR BELOW: 0 0.50 INCH OR MORE: 0
MIN 0 OR BELOW: 0 1.00 INCH OR MORE: 0
[HDD (BASE 65) ]
TOTAL THIS MO. 2 CLEAR (SCALE 0-3) 16
DPTR FM NORMAL -14 PTCLDY (SCALE 4-7) 12
TOTAL FM JUL 1 773 CLOUDY (SCALE 8-10) 2
DPTR FM NORMAL -475
[CDD (BASE 65) ]
TOTAL THIS MO. 380
DPTR FM NORMAL 133 [PRESSURE DATA]
TOTAL FM JAN 1 556 HIGHEST SLP 30.35 ON 7
DPTR FM NORMAL 171 LOWEST SLP 29.45 ON 12
[REMARKS]
#FINAL-04-22#