000
CXUS54 KFWD 251720
CF6DTO
PRELIMINARY LOCAL CLIMATOLOGICAL DATA (WS FORM: F-6)
STATION: DENTON
MONTH: MARCH
YEAR: 2021
LATITUDE: 33 12 N
LONGITUDE: 97 12 W
TEMPERATURE IN F: :PCPN: SNOW: WIND :SUNSHINE: SKY :PK WND
================================================================================
1 2 3 4 5 6A 6B 7 8 9 10 11 12 13 14 15 16 17 18
12Z AVG MX 2MIN
DY MAX MIN AVG DEP HDD CDD WTR SNW DPTH SPD SPD DIR MIN PSBL S-S WX SPD DR
================================================================================
1 59 41 50 -2 15 0 0.11 M M 10.4 21 40 M M 6 29 30
2 63 32 48 -4 17 0 0.00 M M 3.0 9 180 M M 1 11 260
3 71 30 51 -1 14 0 0.00 M M 6.2 17 170 M M 0 22 170
4 76 43 60 7 5 0 0.00 M M 11.1 23 150 M M 0 32 180
5 69 50 60 7 5 0 T M M 11.3 25 20 M M 4 1 33 20
6 65 37 51 -2 14 0 0.00 M M 4.8 13 100 M M 0 19 100
7 68 31 50 -4 15 0 0.00 M M 6.6 20 170 M M 0 27 160
8 71 33 52 -2 13 0 0.00 M M 9.2 22 160 M M 0 32 150
9 72 55 64 10 1 0 0.00 M M 17.8 29 170 M M 6 39 170
10 73 62 68 14 0 3 0.00 M M 19.9 28 180 M M 9 43 170
11 77 67 72 17 0 7 0.00 M M 15.2 26 180 M M 7 39 160
12 75 64 70 15 0 5 T M M 12.3 21 160 M M 8 1 26 170
13 74 64 69 14 0 4 T M M 15.0 26 150 M M 8 36 140
14 72 41 57 1 8 0 0.05 M M 9.1 28 160 M M 6 13 37 140
15 74 45 60 4 5 0 0.00 M M 8.2 21 250 M M 1 29 240
16 77 44 61 5 4 0 0.00 M M 10.0 23 160 M M 3 29 170
17 69 43 56 -1 9 0 0.12 M M 18.8 35 290 M M 6 13 51 300
18 59 40 50 -7 15 0 0.00 M M 15.1 25 330 M M 2 37 360
19 64 38 51 -6 14 0 0.00 M M 8.6 20 360 M M 0 28 20
20 66 34 50 -7 15 0 0.00 M M 6.0 14 120 M M 0 19 130
21 68 43 56 -2 9 0 0.00 M M 13.3 23 170 M M 0 29 160
22 59 53 56 -2 9 0 0.77 M M 14.9 23 150 M M 8 13 31 130
23 69 43 56 -2 9 0 0.00 M M 9.2 21 240 M M 1 31 250
24 75 40 58 0 7 0 0.15 M M 9.5 25 290 M M 3 13 36 300
25 64 43 54 -5 11 0 0.29 M M 7.8 18 280 M M 5 13 26 330
26 76 42 59 0 6 0 0.00 M M 10.1 24 160 M M 0 30 180
27 78 51 65 6 0 0 0.00 M M 9.5 23 360 M M 5 1 33 340
28 70 42 56 -3 9 0 0.00 M M 8.1 18 360 M M 0 24 360
29 75 38 57 -3 8 0 0.00 M M 11.4 22 170 M M 0 31 160
30 77 54 66 6 0 1 0.00 M M 13.4 26 180 M M 4 35 170
31 65 37 51 -9 14 0 T M M 14.7 26 30 M M 5 36 20
================================================================================
SM 2170 1380 251 20 1.49 M 340.5 M 98
================================================================================
AV 70.0 44.5 11.0 FASTST M M 3 MAX(MPH)
MISC ----> 35 290 51 300
================================================================================
NOTES:
# LAST OF SEVERAL OCCURRENCES
COLUMN 17 PEAK WIND IN M.P.H.
PRELIMINARY LOCAL CLIMATOLOGICAL DATA (WS FORM: F-6) , PAGE 2
STATION: DENTON
MONTH: MARCH
YEAR: 2021
LATITUDE: 33 12 N
LONGITUDE: 97 12 W
[TEMPERATURE DATA] [PRECIPITATION DATA] SYMBOLS USED IN COLUMN 16
AVERAGE MONTHLY: 57.3 TOTAL FOR MONTH: 1.49 1 = FOG OR MIST
DPTR FM NORMAL: 1.2 DPTR FM NORMAL: -1.62 2 = FOG REDUCING VISIBILITY
HIGHEST: 78 ON 27 GRTST 24HR 0.77 ON 22-22 TO 1/4 MILE OR LESS
LOWEST: 30 ON 3 3 = THUNDER
SNOW, ICE PELLETS, HAIL 4 = ICE PELLETS
TOTAL MONTH: M 5 = HAIL
GRTST 24HR M ON M 6 = FREEZING RAIN OR DRIZZLE
GRTST DEPTH: M ON M 7 = DUSTSTORM OR SANDSTORM:
VSBY 1/2 MILE OR LESS
8 = SMOKE OR HAZE
[NO. OF DAYS WITH] [WEATHER - DAYS WITH] 9 = BLOWING SNOW
X = TORNADO
MAX 32 OR BELOW: 0 0.01 INCH OR MORE: 6
MAX 90 OR ABOVE: 0 0.10 INCH OR MORE: 5
MIN 32 OR BELOW: 3 0.50 INCH OR MORE: 1
MIN 0 OR BELOW: 0 1.00 INCH OR MORE: 0
[HDD (BASE 65) ]
TOTAL THIS MO. 251 CLEAR (SCALE 0-3) 16
DPTR FM NORMAL -49 PTCLDY (SCALE 4-7) 13
TOTAL FM JUL 1 2550 CLOUDY (SCALE 8-10) 2
DPTR FM NORMAL 59
[CDD (BASE 65) ]
TOTAL THIS MO. 20
DPTR FM NORMAL -6 [PRESSURE DATA]
TOTAL FM JAN 1 20 HIGHEST SLP 30.48 ON 31
DPTR FM NORMAL -12 LOWEST SLP 29.55 ON 17
[REMARKS]
#FINAL-03-21#