000
CXUS54 KFWD 010831
CF6DTO
PRELIMINARY LOCAL CLIMATOLOGICAL DATA (WS FORM: F-6)
STATION: DENTON
MONTH: NOVEMBER
YEAR: 2023
LATITUDE: 33 12 N
LONGITUDE: 97 12 W
TEMPERATURE IN F: :PCPN: SNOW: WIND :SUNSHINE: SKY :PK WND
================================================================================
1 2 3 4 5 6A 6B 7 8 9 10 11 12 13 14 15 16 17 18
12Z AVG MX 2MIN
DY MAX MIN AVG DEP HDD CDD WTR SNW DPTH SPD SPD DIR MIN PSBL S-S WX SPD DR
================================================================================
1 56 28 42 -17 23 0 0.00 M M 4.2 10 130 M M 0 14 140
2 63 29 46 -13 19 0 0.00 M M 7.4 17 160 M M 0 24 160
3 72 41 57 -1 8 0 0.00 M M 10.0 22 170 M M 0 30 190
4 75 49 62 4 3 0 0.00 M M 9.1 20 170 M M 2 1 27 150
5 80 60 70 12 0 5 0.00 M M 10.1 21 180 M M 3 28 190
6 83 62 73 15 0 8 0.00 M M 12.6 23 170 M M 0 30 180
7 84 61 73 16 0 8 0.00 M M 12.6 22 170 M M 0 30 170
8 85 66 76 19 0 11 T M M 12.2 20 200 M M 0 26 170
9 68 50 59 3 6 0 0.26 M M 12.0 25 10 M M 9 1 33 30
10 62 47 55 -1 10 0 0.00 M M 8.3 17 80 M M 5 22 80
11 66 48 57 1 8 0 T M M 4.5 12 70 M M 6 18 16 120
12 66 43 55 0 10 0 0.00 M M 2.1 6 140 M M 1 9 120
13 67 43 55 0 10 0 0.00 M M 4.4 12 60 M M 0 15 60
14 69 43 56 1 9 0 0.00 M M 2.6 10 150 M M 1 14 150
15 71 42 57 3 8 0 0.00 M M 2.6 10 140 M M 0 1 14 100
16 61 42 52 -2 13 0 0.00 M M 8.9 16 170 M M 7 12 21 170
17 62 57 60 6 5 0 T M M 7.1 15 160 M M 10 1 21 150
18 70 48 59 6 6 0 0.00 M M 3.5 9 360 M M 3 11 340
19 66 51 59 6 6 0 0.05 M M 9.8 21 170 M M 8 13 28 180
20 72 52 62 9 3 0 T M M 13.8 23 330 M M 4 34 340
21 59 35 47 -5 18 0 0.00 M M 14.4 28 340 M M 7 38 350
22 62 28 45 -7 20 0 0.00 M M 4.8 16 330 M M 0 8 21 330
23 65 31 48 -4 17 0 0.00 M M 6.5 15 130 M M 0 8 19 120
24 63 34 49 -2 16 0 0.00 M M 2.5 9 120 M M 0 1 13 130
25 60 36 48 -3 17 0 0.22 M M 6.7 14 130 M M 4 1 22 140
26 51 30 41 -10 24 0 0.01 M M 11.7 22 330 M M 3 1 31 310
27 55 23 39 -11 26 0 0.00 M M 2.1 7 310 M M 0 10 30
28 61 30 46 -4 19 0 0.00 M M 3.7 13 170 M M 0 17 170
29 64 31 48 -2 17 0 0.00 M M 7.6 18 170 M M 3 23 170
30 59 54 57 8 8 0 0.05 M M 6.6 15 160 M M 10 12 20 160
================================================================================
SM 1997 1294 329 32 0.59 M 224.4 M 86
================================================================================
AV 66.6 43.1 7.5 FASTST M M 3 MAX(MPH)
MISC ----> 28 340 38 350
================================================================================
NOTES:
# LAST OF SEVERAL OCCURRENCES
COLUMN 17 PEAK WIND IN M.P.H.
PRELIMINARY LOCAL CLIMATOLOGICAL DATA (WS FORM: F-6) , PAGE 2
STATION: DENTON
MONTH: NOVEMBER
YEAR: 2023
LATITUDE: 33 12 N
LONGITUDE: 97 12 W
[TEMPERATURE DATA] [PRECIPITATION DATA] SYMBOLS USED IN COLUMN 16
AVERAGE MONTHLY: 54.9 TOTAL FOR MONTH: 0.59 1 = FOG OR MIST
DPTR FM NORMAL: 0.5 DPTR FM NORMAL: -2.12 2 = FOG REDUCING VISIBILITY
HIGHEST: 85 ON 8 GRTST 24HR 0.26 ON 9- 9 TO 1/4 MILE OR LESS
LOWEST: 23 ON 27 3 = THUNDER
SNOW, ICE PELLETS, HAIL 4 = ICE PELLETS
TOTAL MONTH: M 5 = HAIL
GRTST 24HR M ON M 6 = FREEZING RAIN OR DRIZZLE
GRTST DEPTH: M ON M 7 = DUSTSTORM OR SANDSTORM:
VSBY 1/2 MILE OR LESS
8 = SMOKE OR HAZE
[NO. OF DAYS WITH] [WEATHER - DAYS WITH] 9 = BLOWING SNOW
X = TORNADO
MAX 32 OR BELOW: 0 0.01 INCH OR MORE: 5
MAX 90 OR ABOVE: 0 0.10 INCH OR MORE: 2
MIN 32 OR BELOW: 8 0.50 INCH OR MORE: 0
MIN 0 OR BELOW: 0 1.00 INCH OR MORE: 0
[HDD (BASE 65) ]
TOTAL THIS MO. 329 CLEAR (SCALE 0-3) 19
DPTR FM NORMAL -11 PTCLDY (SCALE 4-7) 8
TOTAL FM JUL 1 444 CLOUDY (SCALE 8-10) 3
DPTR FM NORMAL -8
[CDD (BASE 65) ]
TOTAL THIS MO. 32
DPTR FM NORMAL 15 [PRESSURE DATA]
TOTAL FM JAN 1 3163 HIGHEST SLP 30.54 ON 1
DPTR FM NORMAL 692 LOWEST SLP 29.59 ON 20
[REMARKS]
#FINAL-11-23#