000
CXUS55 KPSR 011005
CF6DVT
PRELIMINARY LOCAL CLIMATOLOGICAL DATA (WS FORM: F-6)
STATION: DEER VLY/PHOENIX AZ
MONTH: JULY
YEAR: 2022
LATITUDE: 33 41 N
LONGITUDE: 112 4 W
TEMPERATURE IN F: :PCPN: SNOW: WIND :SUNSHINE: SKY :PK WND
================================================================================
1 2 3 4 5 6A 6B 7 8 9 10 11 12 13 14 15 16 17 18
12Z AVG MX 2MIN
DY MAX MIN AVG DEP HDD CDD WTR SNW DPTH SPD SPD DIR MIN PSBL S-S WX SPD DR
================================================================================
1 105 86 96 5 0 31 T M M 8.1 23 110 M M 1 34 120
2 102 85 94 3 0 29 T M M 4.5 14 220 M M 0 20 260
3 104 83 94 2 0 29 0.00 M M 8.6 18 250 M M 0 25 250
4 101 82 92 0 0 27 0.00 M M 6.7 18 250 M M 2 23 230
5 101 85 93 1 0 28 0.00 M M 5.8 15 280 M M 3 24 260
6 103 79 91 -1 0 26 0.00 M M 6.4 17 190 M M 0 28 220
7 105 74 90 -2 0 25 0.00 M M 4.7 14 240 M M 0 22 240
8 110 79 95 3 0 30 0.00 M M 6.1 17 270 M M 0 27 280
9 110 83 97 5 0 32 0.00 M M 8.0 23 120 M M 0 31 120
10 110 87 99 7 0 34 0.00 M M 6.5 16 260 M M 0 22 270
11 114 87 101 9 0 36 0.00 M M 7.1 25 40 M M 0 37 50
12 109 91 100 7 0 35 0.00 M M 7.5 22 140 M M 1 29 140
13 110 90 100 7 0 35 0.00 M M 6.3 18 190 M M 0 25 160
14 108 83 96 3 0 31 0.01 M M 9.0 26 360 M M 1 3 35 360
15 110 86 98 5 0 33 T M M 5.9 22 30 M M 1 29 30
16 113 88 101 8 0 36 T M M 9.3 28 290 M M 0 3 47 80
17 109 79 94 1 0 29 T M M 7.9 30 160 M M 0 38 42 150
18 104 77 91 -2 0 26 0.12 M M 6.9 17 50 M M 1 3 25 280
19 110 87 99 6 0 34 0.00 M M 8.5 24 240 M M 0 32 250
20 110 89 100 7 0 35 0.00 M M 9.9 20 270 M M 0 28 250
21 108 89 99 6 0 34 0.00 M M 8.4 18 250 M M 0 25 260
22 111 91 101 8 0 36 0.00 M M 7.9 18 290 M M 0 24 290
23 104 85 95 2 0 30 T M M 10.1 29 140 M M 0 43 150
24 96 81 89 -4 0 24 0.00 M M 8.8 20 180 M M 1 24 180
25 97 81 89 -4 0 24 0.12 M M 5.8 26 220 M M 4 3 35 220
26 95 74 85 -8 0 20 0.10 M M 5.3 18 280 M M 3 13 21 280
27 92 82 87 -6 0 22 0.01 M M 5.7 24 330 M M 3 3 32 340
28 90 81 86 -6 0 21 0.01 M M 5.3 15 150 M M 3 3 19 150
29 97 76 87 -5 0 22 0.02 M M 6.1 16 270 M M 2 3 21 250
30 102 70 86 -6 0 21 1.34 M M 5.5 44 190 M M 2 1238 64 190
31 99 77 88 -4 0 23 0.00 M M 6.0 25 230 M M 0 31 240
================================================================================
SM 3239 2567 0 898 1.73 M 218.6 M 28
================================================================================
AV104.5 82.8 7.1 FASTST M M 1 MAX(MPH)
MISC ----> 44 190 64 190
================================================================================
NOTES:
# LAST OF SEVERAL OCCURRENCES
COLUMN 17 PEAK WIND IN M.P.H.
PRELIMINARY LOCAL CLIMATOLOGICAL DATA (WS FORM: F-6) , PAGE 2
STATION: DEER VLY/PHOENIX AZ
MONTH: JULY
YEAR: 2022
LATITUDE: 33 41 N
LONGITUDE: 112 4 W
[TEMPERATURE DATA] [PRECIPITATION DATA] SYMBOLS USED IN COLUMN 16
AVERAGE MONTHLY: 93.6 TOTAL FOR MONTH: 1.73 1 = FOG OR MIST
DPTR FM NORMAL: 1.2 DPTR FM NORMAL: 0.92 2 = FOG REDUCING VISIBILITY
HIGHEST: 114 ON 11 GRTST 24HR 1.34 ON 30-30 TO 1/4 MILE OR LESS
LOWEST: 70 ON 30 3 = THUNDER
SNOW, ICE PELLETS, HAIL 4 = ICE PELLETS
TOTAL MONTH: M 5 = HAIL
GRTST 24HR M ON M 6 = FREEZING RAIN OR DRIZZLE
GRTST DEPTH: M ON M 7 = DUSTSTORM OR SANDSTORM:
VSBY 1/2 MILE OR LESS
8 = SMOKE OR HAZE
[NO. OF DAYS WITH] [WEATHER - DAYS WITH] 9 = BLOWING SNOW
X = TORNADO
MAX 32 OR BELOW: 0 0.01 INCH OR MORE: 8
MAX 90 OR ABOVE: 31 0.10 INCH OR MORE: 4
MIN 32 OR BELOW: 0 0.50 INCH OR MORE: 1
MIN 0 OR BELOW: 0 1.00 INCH OR MORE: 1
[HDD (BASE 65) ]
TOTAL THIS MO. 0 CLEAR (SCALE 0-3) 29
DPTR FM NORMAL 0 PTCLDY (SCALE 4-7) 2
TOTAL FM JUL 1 0 CLOUDY (SCALE 8-10) 0
DPTR FM NORMAL 0
[CDD (BASE 65) ]
TOTAL THIS MO. 898
DPTR FM NORMAL 49 [PRESSURE DATA]
TOTAL FM JAN 1 2395 HIGHEST SLP 29.98 ON 31
DPTR FM NORMAL 249 LOWEST SLP 29.58 ON 22
[REMARKS]
#FINAL-07-22#