000
CXUS55 KPSR 011005
CF6DVT
PRELIMINARY LOCAL CLIMATOLOGICAL DATA (WS FORM: F-6)
STATION: DEER VLY/PHOENIX AZ
MONTH: JUNE
YEAR: 2022
LATITUDE: 33 41 N
LONGITUDE: 112 4 W
TEMPERATURE IN F: :PCPN: SNOW: WIND :SUNSHINE: SKY :PK WND
================================================================================
1 2 3 4 5 6A 6B 7 8 9 10 11 12 13 14 15 16 17 18
12Z AVG MX 2MIN
DY MAX MIN AVG DEP HDD CDD WTR SNW DPTH SPD SPD DIR MIN PSBL S-S WX SPD DR
================================================================================
1 97 66 82 -1 0 17 0.00 M M 5.7 16 260 M M 0 21 240
2 99 68 84 1 0 19 0.00 M M 5.3 15 220 M M 0 21 250
3 99 67 83 0 0 18 0.00 M M 7.3 18 250 M M 0 25 260
4 98 67 83 -1 0 18 0.00 M M 5.5 17 260 M M 0 24 280
5 99 73 86 2 0 21 0.00 M M 5.7 17 260 M M 0 24 240
6 101 76 89 5 0 24 0.00 M M 6.1 17 250 M M 0 25 270
7 103 74 89 4 0 24 0.00 M M 4.4 17 260 M M 0 22 270
8 107 77 92 7 0 27 0.00 M M 3.7 15 270 M M 0 21 260
9 108 78 93 8 0 28 0.00 M M 5.0 16 250 M M 0 23 270
10 112 81 97 11 0 32 0.00 M M 6.5 18 290 M M 0 24 270
11 112 79 96 10 0 31 0.00 M M 7.8 29 300 M M 0 8 53 290
12 109 80 95 9 0 30 0.00 M M 8.7 23 230 M M 0 32 210
13 104 83 94 8 0 29 0.00 M M 11.7 25 260 M M 0 34 220
14 100 78 89 2 0 24 0.00 M M 6.5 17 270 M M 0 27 260
15 103 71 87 0 0 22 0.00 M M 4.3 13 190 M M 0 19 220
16 109 75 92 5 0 27 0.00 M M 6.2 15 280 M M 0 22 220
17 106 82 94 6 0 29 0.00 M M 6.8 18 260 M M 0 25 230
18 96 80 88 0 0 23 T M M 9.1 21 140 M M 0 30 160
19 97 77 87 -1 0 22 T M M 7.7 23 270 M M 0 31 270
20 100 69 85 -3 0 20 0.00 M M 5.8 15 240 M M 0 23 270
21 105 75 90 1 0 25 0.00 M M 6.5 24 170 M M 0 8 35 170
22 103 85 94 5 0 29 0.00 M M 5.5 14 200 M M 0 20 240
23 109 82 96 7 0 31 T M M 8.6 35 140 M M 1 38 54 140
24 104 80 92 2 0 27 0.00 M M 9.2 30 10 M M 1 3 41 360
25 105 80 93 3 0 28 0.00 M M 7.3 29 70 M M 0 45 80
26 103 83 93 3 0 28 M M M 7.6 29 70 M M 1 3 43 80
27 100 79 90 0 0 25 0.00 M M 5.5 14 240 M M 1 22 180
28 104 85 95 4 0 30 0.00 M M 6.5 18 160 M M 0 27 150
29 107 84 96 5 0 31 0.00 M M 8.8 25 330 M M 1 36 10
30 103 84 94 3 0 29 0.00 M M 5.4 15 280 M M 0 20 270
================================================================================
SM 3102 2318 0 768 T M 200.7 M 5
================================================================================
AV103.4 77.3 6.7 FASTST M M 0 MAX(MPH)
MISC ----> 35 140 54 140
================================================================================
NOTES:
# LAST OF SEVERAL OCCURRENCES
COLUMN 17 PEAK WIND IN M.P.H.
PRELIMINARY LOCAL CLIMATOLOGICAL DATA (WS FORM: F-6) , PAGE 2
STATION: DEER VLY/PHOENIX AZ
MONTH: JUNE
YEAR: 2022
LATITUDE: 33 41 N
LONGITUDE: 112 4 W
[TEMPERATURE DATA] [PRECIPITATION DATA] SYMBOLS USED IN COLUMN 16
AVERAGE MONTHLY: 90.3 TOTAL FOR MONTH: T 1 = FOG OR MIST
DPTR FM NORMAL: 3.2 DPTR FM NORMAL: -0.03 2 = FOG REDUCING VISIBILITY
HIGHEST: 112 ON 11,10 GRTST 24HR T ON 18-18 TO 1/4 MILE OR LESS
LOWEST: 66 ON 1 3 = THUNDER
SNOW, ICE PELLETS, HAIL 4 = ICE PELLETS
TOTAL MONTH: M 5 = HAIL
GRTST 24HR M ON M 6 = FREEZING RAIN OR DRIZZLE
GRTST DEPTH: M ON M 7 = DUSTSTORM OR SANDSTORM:
VSBY 1/2 MILE OR LESS
8 = SMOKE OR HAZE
[NO. OF DAYS WITH] [WEATHER - DAYS WITH] 9 = BLOWING SNOW
X = TORNADO
MAX 32 OR BELOW: 0 0.01 INCH OR MORE: 0
MAX 90 OR ABOVE: 30 0.10 INCH OR MORE: 0
MIN 32 OR BELOW: 0 0.50 INCH OR MORE: 0
MIN 0 OR BELOW: 0 1.00 INCH OR MORE: 0
[HDD (BASE 65) ]
TOTAL THIS MO. 0 CLEAR (SCALE 0-3) 30
DPTR FM NORMAL 0 PTCLDY (SCALE 4-7) 0
TOTAL FM JUL 1 945 CLOUDY (SCALE 8-10) 0
DPTR FM NORMAL -256
[CDD (BASE 65) ]
TOTAL THIS MO. 768
DPTR FM NORMAL 105 [PRESSURE DATA]
TOTAL FM JAN 1 1497 HIGHEST SLP 30.05 ON 27
DPTR FM NORMAL 200 LOWEST SLP 29.56 ON 13
[REMARKS]
#FINAL-06-22#