000
CXUS55 KPSR 011005
CF6DVT
PRELIMINARY LOCAL CLIMATOLOGICAL DATA (WS FORM: F-6)
STATION: DEER VLY/PHOENIX AZ
MONTH: NOVEMBER
YEAR: 2021
LATITUDE: 33 41 N
LONGITUDE: 112 4 W
TEMPERATURE IN F: :PCPN: SNOW: WIND :SUNSHINE: SKY :PK WND
================================================================================
1 2 3 4 5 6A 6B 7 8 9 10 11 12 13 14 15 16 17 18
12Z AVG MX 2MIN
DY MAX MIN AVG DEP HDD CDD WTR SNW DPTH SPD SPD DIR MIN PSBL S-S WX SPD DR
================================================================================
1 82 60 71 2 0 6 0.00 M M 4.1 12 50 M M 0 16 110
2 82 57 70 2 0 5 0.00 M M 3.3 13 40 M M 0 16 50
3 85 55 70 2 0 5 0.00 M M 2.7 13 40 M M 0 17 40
4 87 60 74 7 0 9 0.00 M M 3.9 13 50 M M 0 18 60
5 87 60 74 7 0 9 0.00 M M 5.7 12 40 M M 0 15 50
6 88 58 73 6 0 8 0.00 M M 3.1 10 60 M M 0 13 50
7 84 55 70 4 0 5 0.00 M M 3.0 12 50 M M 0 15 60
8 84 56 70 4 0 5 0.00 M M 3.2 12 150 M M 0 16 150
9 80 54 67 2 0 2 0.00 M M 2.6 12 240 M M 0 16 250
10 82 54 68 3 0 3 0.00 M M 4.2 15 210 M M 0 19 200
11 85 56 71 7 0 6 0.00 M M 3.7 12 120 M M 0 8 16 110
12 88 56 72 8 0 7 0.00 M M 4.2 13 40 M M 0 17 50
13 85 58 72 8 0 7 0.00 M M 4.3 13 50 M M 0 17 50
14 85 55 70 7 0 5 0.00 M M 4.5 14 50 M M 0 16 50
15 84 53 69 6 0 4 0.00 M M 3.3 14 50 M M 0 18 40
16 78 53 66 4 0 1 0.00 M M 3.5 13 50 M M 0 16 40
17 78 51 65 3 0 0 0.00 M M 3.8 13 40 M M 0 16 40
18 81 50 66 5 0 1 0.00 M M 4.6 13 50 M M 0 16 90
19 79 56 68 7 0 3 0.00 M M 4.7 12 100 M M 0 20 110
20 77 50 64 4 1 0 0.00 M M 2.6 8 40 M M 0 13 60
21 80 57 69 9 0 4 0.00 M M 8.0 17 70 M M 0 24 90
22 82 55 69 9 0 4 0.00 M M 5.9 16 100 M M 0 8 27 90
23 78 63 71 12 0 6 T M M 4.7 10 270 M M 4 14 270
24 72 56 64 5 1 0 0.00 M M 6.1 15 30 M M 1 22 30
25 75 55 65 7 0 0 0.00 M M 9.7 20 20 M M 0 28 20
26 76 50 63 5 2 0 0.00 M M 4.8 14 30 M M 0 18 40
27 73 48 61 4 4 0 0.00 M M 3.1 10 40 M M 0 14 270
28 79 47 63 6 2 0 0.00 M M 3.8 14 50 M M 0 16 50
29 80 53 67 10 0 2 0.00 M M 2.5 13 50 M M 0 17 30
30 79 50 65 9 0 0 0.00 M M 4.0 10 40 M M 0 14 290
================================================================================
SM 2435 1641 10 107 T M 127.6 M 5
================================================================================
AV 81.2 54.7 4.3 FASTST M M 0 MAX(MPH)
MISC ----> 20 20 28 20
================================================================================
NOTES:
# LAST OF SEVERAL OCCURRENCES
COLUMN 17 PEAK WIND IN M.P.H.
PRELIMINARY LOCAL CLIMATOLOGICAL DATA (WS FORM: F-6) , PAGE 2
STATION: DEER VLY/PHOENIX AZ
MONTH: NOVEMBER
YEAR: 2021
LATITUDE: 33 41 N
LONGITUDE: 112 4 W
[TEMPERATURE DATA] [PRECIPITATION DATA] SYMBOLS USED IN COLUMN 16
AVERAGE MONTHLY: 67.9 TOTAL FOR MONTH: T 1 = FOG OR MIST
DPTR FM NORMAL: 5.5 DPTR FM NORMAL: -0.90 2 = FOG REDUCING VISIBILITY
HIGHEST: 88 ON 12, 6 GRTST 24HR T ON 23-23 TO 1/4 MILE OR LESS
LOWEST: 47 ON 28 3 = THUNDER
SNOW, ICE PELLETS, HAIL 4 = ICE PELLETS
TOTAL MONTH: M 5 = HAIL
GRTST 24HR M ON M 6 = FREEZING RAIN OR DRIZZLE
GRTST DEPTH: M ON M 7 = DUSTSTORM OR SANDSTORM:
VSBY 1/2 MILE OR LESS
8 = SMOKE OR HAZE
[NO. OF DAYS WITH] [WEATHER - DAYS WITH] 9 = BLOWING SNOW
X = TORNADO
MAX 32 OR BELOW: 0 0.01 INCH OR MORE: 0
MAX 90 OR ABOVE: 0 0.10 INCH OR MORE: 0
MIN 32 OR BELOW: 0 0.50 INCH OR MORE: 0
MIN 0 OR BELOW: 0 1.00 INCH OR MORE: 0
[HDD (BASE 65) ]
TOTAL THIS MO. 10 CLEAR (SCALE 0-3) 29
DPTR FM NORMAL -125 PTCLDY (SCALE 4-7) 1
TOTAL FM JUL 1 21 CLOUDY (SCALE 8-10) 0
DPTR FM NORMAL -125
[CDD (BASE 65) ]
TOTAL THIS MO. 107
DPTR FM NORMAL 50 [PRESSURE DATA]
TOTAL FM JAN 1 4094 HIGHEST SLP 30.24 ON 25
DPTR FM NORMAL 132 LOWEST SLP 29.79 ON 23
[REMARKS]
#FINAL-11-21#