000
CXUS54 KMAF 011110
CF6E11
PRELIMINARY LOCAL CLIMATOLOGICAL DATA (WS FORM: F-6)
STATION: ANDREWS COUNTY AIRPORT
MONTH: AUGUST
YEAR: 2022
LATITUDE: 32 19 N
LONGITUDE: 102 32 W
TEMPERATURE IN F: :PCPN: SNOW: WIND :SUNSHINE: SKY :PK WND
================================================================================
1 2 3 4 5 6A 6B 7 8 9 10 11 12 13 14 15 16 17 18
12Z AVG MX 2MIN
DY MAX MIN AVG DEP HDD CDD WTR SNW DPTH SPD SPD DIR MIN PSBL S-S WX SPD DR
================================================================================
1 99 76 88 M 0 23 M M M 12.3 18 200 M M 0 24 180
2 99 77 88 M 0 23 M M M 10.8 17 180 M M 0 23 180
3 105 76 91 M 0 26 M M M 9.5 16 200 M M 0 22 130
4 101 76 89 M 0 24 M M M 7.4 18 130 M M 1 24 130
5 100 77 89 M 0 24 M M M 8.5 15 130 M M 1 21 130
6 97 75 86 M 0 21 M M M 9.7 16 150 M M 1 23 150
7 96 72 84 M 0 19 M M M 8.6 15 160 M M 1 21 160
8 96 72 84 M 0 19 M M M 9.4 15 190 M M 3 21 110
9 94 75 85 M 0 20 M M M 6.5 24 100 M M 2 32 100
10 93 74 84 M 0 19 M M M 8.3 14 80 M M 2 25 90
11 95 74 85 M 0 20 M M M 6.8 16 90 M M 4 24 270
12 95 67 81 M 0 16 M M M 7.7 15 110 M M 1 23 90
13 97 68 83 M 0 18 M M M 5.0 12 120 M M 2 18 120
14 98 72 85 M 0 20 M M M 5.5 13 100 M M 2 20 110
15 92 71 82 M 0 17 M M M 10.4 16 140 M M 0 24 130
16 88 70 79 M 0 14 M M M 6.4 15 120 M M 1 20 140
17 94 67 81 M 0 16 0.83 M M 6.5 17 140 M M 3 3 54 90
18 87 68 78 M 0 13 M M M 8.5 15 60 M M 3 21 130
19 89 70 80 M 0 15 0.20 M M 5.6 18 140 M M 3 3 28 290
20 87 68 78 M 0 13 0.77 M M 7.6 14 100 M M 6 3 18 100
21 86 69 78 M 0 13 0.01 M M 6.9 14 360 M M 7 22 310
22 78 68 73 M 0 8 0.06 M M 9.7 14 70 M M 8 1 20 60
23 84 67 76 M 0 11 M M M 6.8 10 100 M M 6 20 70
24 86 64 75 M 0 10 M M M 5.0 13 70 M M 2 17 50
25 89 66 78 M 0 13 M M M 5.4 9 100 M M 2 16 50
26 90 68 79 M 0 14 M M M 3.8 12 160 M M 2 17 160
27 93 71 82 M 0 17 M M M 8.6 15 180 M M 1 24 210
28 97 69 83 M 0 18 0.35 M M 11.2 25 170 M M 2 3 33 170
29 90 65 78 M 0 13 0.41 M M 9.1 23 200 M M 2 3 30 330
30 77 65 71 M 0 6 0.34 M M 8.3 17 20 M M 8 24 20
31 79 65 72 M 0 7 0.66 M M 5.0 12 120 M M 7 3 16 60
================================================================================
SM 2851 2182 0 510 3.63 M 240.8 M 83
================================================================================
AV 92.0 70.4 7.8 FASTST M M 3 MAX(MPH)
MISC ----> 25 170 54 90
================================================================================
NOTES:
# LAST OF SEVERAL OCCURRENCES
COLUMN 17 PEAK WIND IN M.P.H.
PRELIMINARY LOCAL CLIMATOLOGICAL DATA (WS FORM: F-6) , PAGE 2
STATION: ANDREWS COUNTY AIRPORT
MONTH: AUGUST
YEAR: 2022
LATITUDE: 32 19 N
LONGITUDE: 102 32 W
[TEMPERATURE DATA] [PRECIPITATION DATA] SYMBOLS USED IN COLUMN 16
AVERAGE MONTHLY: 81.2 TOTAL FOR MONTH: 3.63 1 = FOG OR MIST
DPTR FM NORMAL: 0.0 DPTR FM NORMAL: M 2 = FOG REDUCING VISIBILITY
HIGHEST: 105 ON 3 GRTST 24HR 0.83 ON 17-17 TO 1/4 MILE OR LESS
LOWEST: 64 ON 24 3 = THUNDER
SNOW, ICE PELLETS, HAIL 4 = ICE PELLETS
TOTAL MONTH: M 5 = HAIL
GRTST 24HR M ON M 6 = FREEZING RAIN OR DRIZZLE
GRTST DEPTH: M ON M 7 = DUSTSTORM OR SANDSTORM:
VSBY 1/2 MILE OR LESS
8 = SMOKE OR HAZE
[NO. OF DAYS WITH] [WEATHER - DAYS WITH] 9 = BLOWING SNOW
X = TORNADO
MAX 32 OR BELOW: 0 0.01 INCH OR MORE: 9
MAX 90 OR ABOVE: 20 0.10 INCH OR MORE: 7
MIN 32 OR BELOW: 0 0.50 INCH OR MORE: 3
MIN 0 OR BELOW: 0 1.00 INCH OR MORE: 0
[HDD (BASE 65) ]
TOTAL THIS MO. 0 CLEAR (SCALE 0-3) 23
DPTR FM NORMAL M PTCLDY (SCALE 4-7) 6
TOTAL FM JUL 1 0 CLOUDY (SCALE 8-10) 2
DPTR FM NORMAL M
[CDD (BASE 65) ]
TOTAL THIS MO. 510
DPTR FM NORMAL M [PRESSURE DATA]
TOTAL FM JAN 1 2314 HIGHEST SLP M ON M
DPTR FM NORMAL M LOWEST SLP M ON M
[REMARKS]
#FINAL-08-22#