000
CXUS54 KMAF 011110
CF6E38
PRELIMINARY LOCAL CLIMATOLOGICAL DATA (WS FORM: F-6)
STATION: ALPINE-CASPARIS MUNICIPAL
MONTH: SEPTEMBER
YEAR: 2022
LATITUDE: 30 23 N
LONGITUDE: 103 41 W
TEMPERATURE IN F: :PCPN: SNOW: WIND :SUNSHINE: SKY :PK WND
================================================================================
1 2 3 4 5 6A 6B 7 8 9 10 11 12 13 14 15 16 17 18
12Z AVG MX 2MIN
DY MAX MIN AVG DEP HDD CDD WTR SNW DPTH SPD SPD DIR MIN PSBL S-S WX SPD DR
================================================================================
1 72 65 69 M 0 4 0.40 M M 1.8 7 40 M M 9 10 0
2 74 65 70 M 0 5 0.48 M M 3.4 12 310 M M 8 20 50
3 77 63 70 M 0 5 M M M 5.5 15 60 M M 4 21 50
4 79 60 70 M 0 5 M M M 4.7 13 70 M M 3 17 60
5 82 56 69 M 0 4 M M M 5.0 13 110 M M 0 17 50
6 85 55 70 M 0 5 M M M 6.6 18 70 M M 1 22 70
7 84 58 71 M 0 6 M M M 6.1 14 40 M M 0 17 30
8 82 54 68 M 0 3 M M M 3.0 9 60 M M 0 M M
9 86 59 73 M 0 8 M M M 4.8 8 180 M M 0 M M
10 85 60 73 M 0 8 0.43 M M 4.8 20 90 M M 1 3 30 200
11 67 58 63 M 2 0 0.01 M M 4.1 12 50 M M 5 20 40
12 82 57 70 M 0 5 M M M 4.7 9 210 M M 1 M M
13 83 60 72 M 0 7 0.10 M M 5.9 16 260 M M 2 18 190
14 82 60 71 M 0 6 0.33 M M 4.0 13 350 M M 5 3 16 190
15 84 60 72 M 0 7 M M M 5.7 10 190 M M 0 M M
16 87 63 75 M 0 10 M M M 6.7 10 190 M M 1 18 200
17 86 62 74 M 0 9 M M M 6.6 13 150 M M 1 16 170
18 84 62 73 M 0 8 M M M 5.8 13 170 M M 0 18 140
19 84 62 73 M 0 8 M M M 6.4 13 100 M M 1 17 160
20 85 63 74 M 0 9 M M M 5.5 10 160 M M 2 18 160
21 87 62 75 M 0 10 M M M 5.6 15 160 M M 1 18 160
22 84 59 72 M 0 7 M M M 5.0 9 140 M M 0 16 120
23 85 57 71 M 0 6 M M M 4.5 8 180 M M 0 M M
24 89 60 75 M 0 10 M M M 6.0 9 30 M M 0 10 10
25 85 58 72 M 0 7 M M M 7.1 16 40 M M 2 21 40
26 81 56 69 M 0 4 M M M 5.8 15 70 M M 3 23 70
27 80 52 66 M 0 1 M M M 4.5 13 130 M M 1 17 130
28 79 44 62 M 3 0 M M M 6.5 12 100 M M 0 20 80
29 79 47 63 M 2 0 M M M 6.4 12 140 M M 0 21 150
30 80 51 66 M 0 1 M M M 5.3 9 140 M M 0 M M
================================================================================
SM 2459 1748 7 168 1.75 M 157.6 M 51
================================================================================
AV 82.0 58.3 5.3 FASTST M M 2 MAX(MPH)
MISC ----> 20 90 30 200
================================================================================
NOTES:
# LAST OF SEVERAL OCCURRENCES
COLUMN 17 PEAK WIND IN M.P.H.
PRELIMINARY LOCAL CLIMATOLOGICAL DATA (WS FORM: F-6) , PAGE 2
STATION: ALPINE-CASPARIS MUNICIPAL
MONTH: SEPTEMBER
YEAR: 2022
LATITUDE: 30 23 N
LONGITUDE: 103 41 W
[TEMPERATURE DATA] [PRECIPITATION DATA] SYMBOLS USED IN COLUMN 16
AVERAGE MONTHLY: 70.1 TOTAL FOR MONTH: 1.75 1 = FOG OR MIST
DPTR FM NORMAL: 0.0 DPTR FM NORMAL: M 2 = FOG REDUCING VISIBILITY
HIGHEST: 89 ON 24 GRTST 24HR 0.48 ON 2- 2 TO 1/4 MILE OR LESS
LOWEST: 44 ON 28 3 = THUNDER
SNOW, ICE PELLETS, HAIL 4 = ICE PELLETS
TOTAL MONTH: M 5 = HAIL
GRTST 24HR M ON M 6 = FREEZING RAIN OR DRIZZLE
GRTST DEPTH: M ON M 7 = DUSTSTORM OR SANDSTORM:
VSBY 1/2 MILE OR LESS
8 = SMOKE OR HAZE
[NO. OF DAYS WITH] [WEATHER - DAYS WITH] 9 = BLOWING SNOW
X = TORNADO
MAX 32 OR BELOW: 0 0.01 INCH OR MORE: 6
MAX 90 OR ABOVE: 0 0.10 INCH OR MORE: 5
MIN 32 OR BELOW: 0 0.50 INCH OR MORE: 0
MIN 0 OR BELOW: 0 1.00 INCH OR MORE: 0
[HDD (BASE 65) ]
TOTAL THIS MO. 7 CLEAR (SCALE 0-3) 24
DPTR FM NORMAL M PTCLDY (SCALE 4-7) 5
TOTAL FM JUL 1 7 CLOUDY (SCALE 8-10) 1
DPTR FM NORMAL M
[CDD (BASE 65) ]
TOTAL THIS MO. 168
DPTR FM NORMAL M [PRESSURE DATA]
TOTAL FM JAN 1 2001 HIGHEST SLP M ON M
DPTR FM NORMAL M LOWEST SLP M ON M
[REMARKS]
#FINAL-09-22#