000
CXUS53 KMPX 011918
CF6EAU
PRELIMINARY LOCAL CLIMATOLOGICAL DATA (WS FORM: F-6)
STATION: EAU CLAIRE WI
MONTH: SEPTEMBER
YEAR: 2021
LATITUDE: 44 52 N
LONGITUDE: 91 29 W
TEMPERATURE IN F: :PCPN: SNOW: WIND :SUNSHINE: SKY :PK WND
================================================================================
1 2 3 4 5 6A 6B 7 8 9 10 11 12 13 14 15 16 17 18
12Z AVG MX 2MIN
DY MAX MIN AVG DEP HDD CDD WTR SNW DPTH SPD SPD DIR MIN PSBL S-S WX SPD DR
================================================================================
1 79 52 66 0 0 1 0.00 0.0 0 3.2 10 70 M M 1 1 13 70
2 73 49 61 -5 4 0 0.00 0.0 0 5.8 14 130 M M 0 1 20 120
3 65 60 63 -3 2 0 0.39 0.0 0 6.2 17 130 M M 10 1 26 130
4 77 56 67 2 0 2 0.00 0.0 0 6.1 16 290 M M 6 1 23 270
5 77 52 65 0 0 0 0.00 0.0 0 5.6 18 300 M M 1 27 300
6 78 47 63 -2 2 0 0.00 0.0 0 5.8 13 170 M M 1 12 17 180
7 79 55 67 3 0 2 0.08 0.0 0 8.8 24 300 M M 1 3 33 320
8 73 52 63 -1 2 0 0.09 0.0 0 7.4 17 310 M M 3 25 330
9 75 50 63 -1 2 0 0.00 0.0 0 2.0 9 280 M M 1 1 14 280
10 79 48 64 1 1 0 0.00 0.0 0 4.9 17 170 M M 1 12 20 180
11 81 58 70 7 0 5 0.00 0.0 0 4.8 12 300 M M 0 17 290
12 72 48 60 -2 5 0 T 0.0 0 4.0 20 50 M M 2 1 27 40
13 77 44 61 -1 4 0 0.08 0.0 0 6.3 18 140 M M 5 123 25 140
14 73 55 64 2 1 0 0.17 0.0 0 9.9 22 260 M M 6 13 34 270
15 77 47 62 1 3 0 0.00 0.0 0 5.8 13 160 M M 0 1 17 180
16 83 60 72 11 0 7 0.00 0.0 0 13.3 26 190 M M 2 33 170
17 75 45 60 0 5 0 T 0.0 0 7.7 25 230 M M 3 39 240
18 77 39 58 -2 7 0 0.00 0.0 0 5.8 15 150 M M 3 12 21 150
19 89 60 75 15 0 10 0.00 0.0 0 11.3 23 180 M M 0 31 170
20 79 58 69 10 0 4 1.01 0.0 0 13.1 23 260 M M 6 13 36 280
21 70 52 61 2 4 0 0.00 0.0 0 8.8 21 290 M M 4 28 290
22 70 41 56 -2 9 0 0.00 0.0 0 2.3 12 360 M M 0 1 16 360
23 73 40 57 -1 8 0 0.00 0.0 0 2.3 13 300 M M 1 12 17 340
24 68 43 56 -1 9 0 0.03 0.0 0 5.4 23 330 M M 4 12 34 330
25 66 42 54 -3 11 0 0.00 0.0 0 6.0 18 300 M M 2 25 250
26 78 41 60 4 5 0 0.00 0.0 0 3.1 10 200 M M 0 1 15 160
27 77 48 63 7 2 0 0.00 0.0 0 4.5 12 40 M M 0 1 16 20
28 77 47 62 6 3 0 0.00 0.0 0 4.4 14 150 M M 0 1 18 180
29 84 49 67 12 0 2 0.00 0.0 0 4.7 14 170 M M 0 18 140
30 84 55 70 15 0 5 0.00 0.0 0 4.6 10 130 M M 0 17 120
================================================================================
SM 2285 1493 89 38 1.85 0.0 183.9 M 63
================================================================================
AV 76.2 49.8 6.1 FASTST M M 2 MAX(MPH)
MISC ----> 26 190 39 240
================================================================================
NOTES:
# LAST OF SEVERAL OCCURRENCES
COLUMN 17 PEAK WIND IN M.P.H.
PRELIMINARY LOCAL CLIMATOLOGICAL DATA (WS FORM: F-6) , PAGE 2
STATION: EAU CLAIRE WI
MONTH: SEPTEMBER
YEAR: 2021
LATITUDE: 44 52 N
LONGITUDE: 91 29 W
[TEMPERATURE DATA] [PRECIPITATION DATA] SYMBOLS USED IN COLUMN 16
AVERAGE MONTHLY: 63.0 TOTAL FOR MONTH: 1.85 1 = FOG OR MIST
DPTR FM NORMAL: 2.2 DPTR FM NORMAL: -1.80 2 = FOG REDUCING VISIBILITY
HIGHEST: 89 ON 19 GRTST 24HR 1.01 ON 20-20 TO 1/4 MILE OR LESS
LOWEST: 39 ON 18 3 = THUNDER
SNOW, ICE PELLETS, HAIL 4 = ICE PELLETS
TOTAL MONTH: 0.0 INCH 5 = HAIL
GRTST 24HR 0.0 6 = FREEZING RAIN OR DRIZZLE
GRTST DEPTH: 0 7 = DUSTSTORM OR SANDSTORM:
VSBY 1/2 MILE OR LESS
8 = SMOKE OR HAZE
[NO. OF DAYS WITH] [WEATHER - DAYS WITH] 9 = BLOWING SNOW
X = TORNADO
MAX 32 OR BELOW: 0 0.01 INCH OR MORE: 7
MAX 90 OR ABOVE: 0 0.10 INCH OR MORE: 3
MIN 32 OR BELOW: 0 0.50 INCH OR MORE: 1
MIN 0 OR BELOW: 0 1.00 INCH OR MORE: 1
[HDD (BASE 65) ]
TOTAL THIS MO. 89 CLEAR (SCALE 0-3) 23
DPTR FM NORMAL -90 PTCLDY (SCALE 4-7) 6
TOTAL FM JUL 1 94 CLOUDY (SCALE 8-10) 1
DPTR FM NORMAL -123
[CDD (BASE 65) ]
TOTAL THIS MO. 38
DPTR FM NORMAL -15 [PRESSURE DATA]
TOTAL FM JAN 1 774 HIGHEST SLP 30.33 ON 22
DPTR FM NORMAL 211 LOWEST SLP 29.53 ON 20
[REMARKS]
#FINAL-09-21#