000
CXUS55 KEAX 010836
CF6EAX
PRELIMINARY LOCAL CLIMATOLOGICAL DATA (WS FORM: F-6)
STATION: PLEASANT HILL NWS MO
MONTH: FEBRUARY
YEAR: 2020
LATITUDE: 38 48 N
LONGITUDE: 94 16 W
TEMPERATURE IN F: :PCPN: SNOW: WIND :SUNSHINE: SKY :PK WND
================================================================================
1 2 3 4 5 6A 6B 7 8 9 10 11 12 13 14 15 16 17 18
12Z AVG MX 2MIN
DY MAX MIN AVG DEP HDD CDD WTR SNW DPTH SPD SPD DIR MIN PSBL S-S WX SPD DR
================================================================================
1 53 29 41 11 24 0 0.00 0.0 0 M M M M M M M M
2 68 40 54 24 11 0 0.00 0.0 0 M M M M M M M M
3 67 36 52 22 13 0 0.00 0.0 0 M M M M M M M M
4 36 28 32 2 33 0 0.03 0.1 0 M M M M M M M M
5 29 25 27 -4 38 0 0.02 0.3 T M M M M M M M M
6 37 19 28 -3 37 0 0.00 0.0 T M M M M M M M M
7 39 25 32 1 33 0 T T 0 M M M M M M M M
8 42 18 30 -1 35 0 0.00 0.0 0 M M M M M M M M
9 51 28 40 8 25 0 0.03 0.0 0 M M M M M M M M
10 43 25 34 2 31 0 0.00 0.0 0 M M M M M M M M
11 44 32 38 6 27 0 0.00 0.0 0 M M M M M M M M
12 35 22 29 -3 36 0 0.42 4.8 0 M M M M M M M M
13 22 3 13 -20 52 0 0.00 0.0 3 M M M M M M M M
14 27 -1 13 -20 52 0 0.00 0.0 3 M M M M M M M M
15 42 26 34 1 31 0 0.00 0.0 2 M M M M M M M M
16 52 24 38 4 27 0 0.00 0.0 1 M M M M M M M M
17 59 35 47 13 18 0 0.01 0.0 0 M M M M M M M M
18 44 30 37 3 28 0 0.00 0.0 0 M M M M M M M M
19 43 25 34 0 31 0 T T 0 M M M M M M M M
20 32 18 25 -10 40 0 T 0.1 T M M M M M M M M
21 41 16 29 -6 36 0 0.00 0.0 0 M M M M M M M M
22 52 26 39 3 26 0 0.00 0.0 0 M M M M M M M M
23 60 40 50 14 15 0 0.22 0.0 0 M M M M M M M M
24 45 37 41 5 24 0 0.44 0.0 0 M M M M M M M M
25 42 33 38 1 27 0 0.03 T 0 M M M M M M M M
26 40 26 33 -4 32 0 T T T M M M M M M M M
27 50 24 37 0 28 0 T 0.0 0 M M M M M M M M
28 54 27 41 3 24 0 0.00 0.0 0 M M M M M M M M
29 61 28 45 7 20 0 0.00 0.0 0 M M M M M M M M
================================================================================
SM 1310 744 854 0 1.20 5.3 M M M
================================================================================
AV 45.2 25.7 M FASTST M M M MAX(MPH)
MISC ----> M M M M
================================================================================
NOTES:
# LAST OF SEVERAL OCCURRENCES
COLUMN 17 PEAK WIND IN M.P.H.
PRELIMINARY LOCAL CLIMATOLOGICAL DATA (WS FORM: F-6) , PAGE 2
STATION: PLEASANT HILL NWS MO
MONTH: FEBRUARY
YEAR: 2020
LATITUDE: 38 48 N
LONGITUDE: 94 16 W
[TEMPERATURE DATA] [PRECIPITATION DATA] SYMBOLS USED IN COLUMN 16
AVERAGE MONTHLY: 35.4 TOTAL FOR MONTH: 1.20 1 = FOG OR MIST
DPTR FM NORMAL: 2.1 DPTR FM NORMAL: -0.52 2 = FOG REDUCING VISIBILITY
HIGHEST: 68 ON 2 GRTST 24HR 0.44 ON 24-24 TO 1/4 MILE OR LESS
LOWEST: -1 ON 14 3 = THUNDER
SNOW, ICE PELLETS, HAIL 4 = ICE PELLETS
TOTAL MONTH: 5.3 INCHES 5 = HAIL
GRTST 24HR 4.8 ON 12-12 6 = FREEZING RAIN OR DRIZZLE
GRTST DEPTH: 3 ON 14,13 7 = DUSTSTORM OR SANDSTORM:
VSBY 1/2 MILE OR LESS
8 = SMOKE OR HAZE
[NO. OF DAYS WITH] [WEATHER - DAYS WITH] 9 = BLOWING SNOW
X = TORNADO
MAX 32 OR BELOW: 4 0.01 INCH OR MORE: 8
MAX 90 OR ABOVE: 0 0.10 INCH OR MORE: 3
MIN 32 OR BELOW: 23 0.50 INCH OR MORE: 0
MIN 0 OR BELOW: 1 1.00 INCH OR MORE: 0
[HDD (BASE 65) ]
TOTAL THIS MO. 854 CLEAR (SCALE 0-3) 0
DPTR FM NORMAL -32 PTCLDY (SCALE 4-7) 0
TOTAL FM JUL 1 3782 CLOUDY (SCALE 8-10) 29
DPTR FM NORMAL -299
[CDD (BASE 65) ]
TOTAL THIS MO. 0
DPTR FM NORMAL 0 [PRESSURE DATA]
TOTAL FM JAN 1 0 HIGHEST SLP M ON M
DPTR FM NORMAL 0 LOWEST SLP M ON M
[REMARKS]
#FINAL-02-20#