000
CXUS52 KAKQ 022011
CLMECG
CLIMATE REPORT
NATIONAL WEATHER SERVICE WAKEFIELD VA
411 PM EDT SUN JUL 02 2023
...................................
...THE ELIZABETH CITY NC CLIMATE SUMMARY FOR THE MONTH OF JUNE 2023...
CLIMATE NORMAL PERIOD: 1991 TO 2020
CLIMATE RECORD PERIOD: 1934 TO 2023
WEATHER OBSERVED NORMAL DEPART LAST YEAR`S
VALUE DATE(S) VALUE FROM VALUE DATE(S)
NORMAL
................................................................
TEMPERATURE (F)
RECORD
HIGH 102 06/20/1939
LOW 43 06/05/1997
HIGHEST 89 06/25 95 -6 96 06/17
06/26
LOWEST 46 06/05 54 -8 53 06/20
AVG. MAXIMUM 82.4 85.4 -3.0 85.4
AVG. MINIMUM 63.2 67.1 -3.9 64.9
MEAN 72.8 76.2 -3.4 75.2
DAYS MAX >= 90 0 8.0 -8.0 6
DAYS MAX <= 32 0 0.0 0.0 0
DAYS MIN <= 32 0 0.0 0.0 0
DAYS MIN <= 0 0 0.0 0.0 0
PRECIPITATION (INCHES)
RECORD
MAXIMUM 10.57 1945
MINIMUM 0.79 2011
TOTALS 2.40 4.71 -2.31 1.91
DAILY AVG. 0.08 0.16 -0.08 0.06
DAYS >= .01 11 10.3 0.7 7
DAYS >= .10 6 7.2 -1.2 3
DAYS >= .50 3 3.5 -0.5 2
DAYS >= 1.00 0 1.5 -1.5 0
GREATEST
24 HR. TOTAL 0.66 06/27 TO 06/27
DEGREE DAYS
HEATING TOTAL 9 2 7 0
SINCE 7/1 2532 3050 -518 MM
COOLING TOTAL 250 339 -89 314
SINCE 1/1 413 549 -136 MM
................................................................
WIND (MPH)
AVERAGE WIND SPEED 8.6
HIGHEST WIND SPEED/DIRECTION 37/360 DATE 06/16
HIGHEST GUST SPEED/DIRECTION 47/010 DATE 06/16
SKY COVER
POSSIBLE SUNSHINE (PERCENT) MM
AVERAGE SKY COVER 0.32
AVERAGE RH (PERCENT) 74
WEATHER CONDITIONS. NUMBER OF DAYS WITH
THUNDERSTORM 7 MIXED PRECIP 0
HEAVY RAIN 5 RAIN 5
LIGHT RAIN 14 FREEZING RAIN 0
LT FREEZING RAIN 0 HAIL 0
HEAVY SNOW 0 SNOW 0
LIGHT SNOW 0 SLEET 0
FOG 25 FOG W/VIS <= 1/4 MILE 4
HAZE 11
- INDICATES NEGATIVE NUMBERS.
R INDICATES RECORD WAS SET OR TIED.
MM INDICATES DATA IS MISSING.
T INDICATES TRACE AMOUNT.
$$