000
CXUS52 KTAE 010900
CF6ECP
PRELIMINARY LOCAL CLIMATOLOGICAL DATA (WS FORM: F-6)
STATION: PANAMA CITY NW
MONTH: DECEMBER
YEAR: 2023
LATITUDE: 30 21 N
LONGITUDE: 85 48 W
TEMPERATURE IN F: :PCPN: SNOW: WIND :SUNSHINE: SKY :PK WND
================================================================================
1 2 3 4 5 6A 6B 7 8 9 10 11 12 13 14 15 16 17 18
12Z AVG MX 2MIN
DY MAX MIN AVG DEP HDD CDD WTR SNW DPTH SPD SPD DIR MIN PSBL S-S WX SPD DR
================================================================================
1 75 55 65 8 0 0 0.09 0.0 0 10.6 25 140 M M 5 1 38 130
2 70 63 67 10 0 2 3.75 M M 7.3 23 310 M M 10 13 32 300
3 74 62 68 11 0 3 0.35 M M 4.5 16 150 M M 6 13 22 140
4 71 51 61 4 4 0 0.00 M M 4.3 14 210 M M 1 12 20 230
5 65 43 54 -2 11 0 0.00 0.0 M 4.8 12 310 M M 0 18 260
6 60 37 49 -7 16 0 0.00 0.0 M 7.8 18 340 M M 0 8 27 350
7 62 36 49 -7 16 0 0.00 M M 2.5 10 150 M M 0 14 160
8 67 46 57 1 8 0 0.00 0.0 M 5.6 9 90 M M 6 14 80
9 78 61 70 14 0 5 0.10 0.0 M 9.6 21 150 M M 7 13 29 150
10 71 45 58 2 7 0 1.12 0.0 0 9.5 31 300 M M 8 13 42 300
11 60 38 49 -6 16 0 0.00 0.0 0 7.9 16 330 M M 0 22 320
12 62 37 50 -5 15 0 0.00 0.0 0 6.9 14 30 M M 0 19 40
13 65 45 55 0 10 0 0.00 0.0 0 10.3 17 20 M M 1 25 20
14 68 51 60 5 5 0 0.00 0.0 0 12.9 21 40 M M 0 32 60
15 66 50 58 3 7 0 0.00 0.0 0 11.8 18 30 M M 1 27 20
16 61 55 58 4 7 0 0.29 0.0 0 9.8 15 10 M M 7 1 24 50
17 64 48 56 2 9 0 0.16 0.0 0 11.9 23 310 M M 8 30 310
18 64 43 54 0 11 0 0.00 0.0 0 9.3 17 310 M M 0 25 310
19 56 34 45 -9 20 0 0.00 0.0 M 6.6 16 350 M M 0 21 350
20 56 35 46 -8 19 0 0.00 0.0 M 5.3 10 50 M M 0 17 10
21 66 36 51 -3 14 0 0.00 0.0 M 5.5 12 20 M M 0 17 40
22 73 46 60 6 5 0 0.00 0.0 M 4.3 10 40 M M 1 15 360
23 74 47 61 8 4 0 0.00 0.0 M 5.0 10 180 M M 0 14 110
24 68 56 62 9 3 0 0.18 0.0 0 8.8 16 90 M M 4 1 25 100
25 74 61 68 15 0 3 0.22 0.0 M 9.7 26 120 M M 9 12 37 120
26 64 52 58 5 7 0 0.00 0.0 M 7.3 14 310 M M 8 12 17 320
27 63 46 55 2 10 0 0.00 0.0 M 3.1 9 290 M M 2 12 270
28 63 41 52 -1 13 0 0.00 0.0 M 7.0 17 240 M M 0 24 190
29 54 35 45 -8 20 0 0.00 0.0 M 6.3 18 270 M M 0 26 230
30 57 35 46 -7 19 0 0.00 0.0 M 5.2 18 250 M M 0 24 250
31 63 31 47 -5 18 0 0.00 0.0 0 1.9 13 170 M M 0 18 180
================================================================================
SM 2034 1421 294 13 6.26 0.0 223.3 M 84
================================================================================
AV 65.6 45.8 7.2 FASTST M M 3 MAX(MPH)
MISC ----> 31 300 42 300
================================================================================
NOTES:
# LAST OF SEVERAL OCCURRENCES
COLUMN 17 PEAK WIND IN M.P.H.
PRELIMINARY LOCAL CLIMATOLOGICAL DATA (WS FORM: F-6) , PAGE 2
STATION: PANAMA CITY NW
MONTH: DECEMBER
YEAR: 2023
LATITUDE: 30 21 N
LONGITUDE: 85 48 W
[TEMPERATURE DATA] [PRECIPITATION DATA] SYMBOLS USED IN COLUMN 16
AVERAGE MONTHLY: 55.7 TOTAL FOR MONTH: 6.26 1 = FOG OR MIST
DPTR FM NORMAL: 1.0 DPTR FM NORMAL: 1.79 2 = FOG REDUCING VISIBILITY
HIGHEST: 78 ON 9 GRTST 24HR 3.86 ON 2- 3 TO 1/4 MILE OR LESS
LOWEST: 31 ON 31 3 = THUNDER
SNOW, ICE PELLETS, HAIL 4 = ICE PELLETS
TOTAL MONTH: 0.0 INCH 5 = HAIL
GRTST 24HR 0.0 6 = FREEZING RAIN OR DRIZZLE
GRTST DEPTH: 0 7 = DUSTSTORM OR SANDSTORM:
VSBY 1/2 MILE OR LESS
8 = SMOKE OR HAZE
[NO. OF DAYS WITH] [WEATHER - DAYS WITH] 9 = BLOWING SNOW
X = TORNADO
MAX 32 OR BELOW: 0 0.01 INCH OR MORE: 9
MAX 90 OR ABOVE: 0 0.10 INCH OR MORE: 8
MIN 32 OR BELOW: 1 0.50 INCH OR MORE: 2
MIN 0 OR BELOW: 0 1.00 INCH OR MORE: 2
[HDD (BASE 65) ]
TOTAL THIS MO. 294 CLEAR (SCALE 0-3) 20
DPTR FM NORMAL -42 PTCLDY (SCALE 4-7) 9
TOTAL FM JUL 1 471 CLOUDY (SCALE 8-10) 2
DPTR FM NORMAL -66
[CDD (BASE 65) ]
TOTAL THIS MO. 13
DPTR FM NORMAL -3 [PRESSURE DATA]
TOTAL FM JAN 1 3123 HIGHEST SLP 30.55 ON 14
DPTR FM NORMAL 501 LOWEST SLP 29.77 ON 17
[REMARKS]
#FINAL-12-23#