000
CXUS54 KEWX 011010
CF6ECU
PRELIMINARY LOCAL CLIMATOLOGICAL DATA (WS FORM: F-6)
STATION: EDWARDS COUNTY AIRPORT
MONTH: SEPTEMBER
YEAR: 2021
LATITUDE: 29 57 N
LONGITUDE: 100 10 W
TEMPERATURE IN F: :PCPN: SNOW: WIND :SUNSHINE: SKY :PK WND
================================================================================
1 2 3 4 5 6A 6B 7 8 9 10 11 12 13 14 15 16 17 18
12Z AVG MX 2MIN
DY MAX MIN AVG DEP HDD CDD WTR SNW DPTH SPD SPD DIR MIN PSBL S-S WX SPD DR
================================================================================
1 93 72 83 M 0 18 0.00 M M 8.7 14 130 M M 1 1 21 140
2 91 72 82 M 0 17 0.00 M M 10.0 15 150 M M 2 24 140
3 91 73 82 M 0 17 0.00 M M 10.5 16 140 M M 1 24 140
4 91 72 82 M 0 17 0.00 M M 9.4 14 150 M M 3 21 140
5 95 70 83 M 0 18 0.00 M M 6.6 10 140 M M 1 16 150
6 95 70 83 M 0 18 0.02 M M 5.0 10 110 M M 2 3 14 110
7 93 68 81 M 0 16 0.17 M M 6.5 13 310 M M 3 23 90
8 93 68 81 M 0 16 0.00 M M 5.2 9 30 M M 3 18 60
9 91 68 80 M 0 15 0.00 M M 6.0 12 50 M M 1 16 60
10 91 64 78 M 0 13 0.00 M M 6.0 12 20 M M 3 16 150
11 90 64 77 M 0 12 0.00 M M 7.2 12 170 M M 2 17 120
12 84 64 74 M 0 9 0.00 M M 7.5 14 150 M M 5 20 150
13 84 66 75 M 0 10 0.00 M M 4.9 10 100 M M 6 1 17 100
14 90 63 77 M 0 12 0.00 M M 5.3 10 80 M M 0 16 30
15 88 64 76 M 0 11 0.00 M M 5.8 9 60 M M 2 18 60
16 91 64 78 M 0 13 0.00 M M 4.9 8 140 M M 0 13 160
17 93 68 81 M 0 16 0.00 M M 7.5 13 160 M M 0 21 170
18 90 70 80 M 0 15 0.00 M M 6.7 12 100 M M 1 20 99
19 91 66 79 M 0 14 0.00 M M 6.7 12 160 M M 1 17 140
20 95 70 83 M 0 18 0.00 M M 10.0 14 190 M M 0 23 180
21 86 72 79 M 0 14 0.00 M M 9.4 15 20 M M 2 1 25 10
22 81 61 71 M 0 6 0.00 M M 7.5 13 50 M M 3 28 50
23 84 55 70 M 0 5 0.00 M M 7.4 14 150 M M 0 17 150
24 84 54 69 M 0 4 0.00 M M 8.6 14 170 M M 0 20 170
25 86 57 72 M 0 7 0.00 M M 7.9 12 130 M M 0 18 180
26 84 57 71 M 0 6 0.00 M M 7.8 15 170 M M 1 20 170
27 88 64 76 M 0 11 0.00 M M 10.0 15 150 M M 2 24 150
28 91 70 81 M 0 16 0.00 M M 8.9 14 150 M M 3 20 150
29 84 68 76 M 0 11 0.00 M M 9.5 16 150 M M 8 1 22 140
30 90 64 77 M 0 12 1.93 M M 10.6 28 310 M M 6 3 38 310
================================================================================
SM 2678 1978 0 387 2.12 M 228.3 M 62
================================================================================
AV 89.3 65.9 7.6 FASTST M M 2 MAX(MPH)
MISC ----> 28 310 38 310
================================================================================
NOTES:
# LAST OF SEVERAL OCCURRENCES
COLUMN 17 PEAK WIND IN M.P.H.
PRELIMINARY LOCAL CLIMATOLOGICAL DATA (WS FORM: F-6) , PAGE 2
STATION: EDWARDS COUNTY AIRPORT
MONTH: SEPTEMBER
YEAR: 2021
LATITUDE: 29 57 N
LONGITUDE: 100 10 W
[TEMPERATURE DATA] [PRECIPITATION DATA] SYMBOLS USED IN COLUMN 16
AVERAGE MONTHLY: 77.6 TOTAL FOR MONTH: 2.12 1 = FOG OR MIST
DPTR FM NORMAL: 0.0 DPTR FM NORMAL: M 2 = FOG REDUCING VISIBILITY
HIGHEST: 95 ON 20, 6 GRTST 24HR 1.93 ON 30-30 TO 1/4 MILE OR LESS
LOWEST: 54 ON 24 3 = THUNDER
SNOW, ICE PELLETS, HAIL 4 = ICE PELLETS
TOTAL MONTH: M 5 = HAIL
GRTST 24HR M ON M 6 = FREEZING RAIN OR DRIZZLE
GRTST DEPTH: M ON M 7 = DUSTSTORM OR SANDSTORM:
VSBY 1/2 MILE OR LESS
8 = SMOKE OR HAZE
[NO. OF DAYS WITH] [WEATHER - DAYS WITH] 9 = BLOWING SNOW
X = TORNADO
MAX 32 OR BELOW: 0 0.01 INCH OR MORE: 3
MAX 90 OR ABOVE: 19 0.10 INCH OR MORE: 2
MIN 32 OR BELOW: 0 0.50 INCH OR MORE: 1
MIN 0 OR BELOW: 0 1.00 INCH OR MORE: 1
[HDD (BASE 65) ]
TOTAL THIS MO. 0 CLEAR (SCALE 0-3) 24
DPTR FM NORMAL M PTCLDY (SCALE 4-7) 6
TOTAL FM JUL 1 0 CLOUDY (SCALE 8-10) 0
DPTR FM NORMAL M
[CDD (BASE 65) ]
TOTAL THIS MO. 387
DPTR FM NORMAL M [PRESSURE DATA]
TOTAL FM JAN 1 2064 HIGHEST SLP M ON M
DPTR FM NORMAL M LOWEST SLP M ON M
[REMARKS]
#FINAL-09-21#