000
CXUS54 KBMX 011110
CF6EET
PRELIMINARY LOCAL CLIMATOLOGICAL DATA (WS FORM: F-6)
STATION: SHELBY COUNTY AIRPORT
MONTH: NOVEMBER
YEAR: 2021
LATITUDE: 33 10 N
LONGITUDE: 86 47 W
TEMPERATURE IN F: :PCPN: SNOW: WIND :SUNSHINE: SKY :PK WND
================================================================================
1 2 3 4 5 6A 6B 7 8 9 10 11 12 13 14 15 16 17 18
12Z AVG MX 2MIN
DY MAX MIN AVG DEP HDD CDD WTR SNW DPTH SPD SPD DIR MIN PSBL S-S WX SPD DR
================================================================================
1 69 47 58 -1 7 0 0.00 0.0 0 2.8 9 310 M M 0 1 14 80
2 69 48 59 1 6 0 0.00 0.0 0 3.4 10 360 M M 0 16 330
3 59 46 53 -5 12 0 T 0.0 0 3.4 10 360 M M 9 14 360
4 54 49 52 -6 13 0 0.12 0.0 0 3.3 7 40 M M 10 1 13 80
5 61 42 52 -5 13 0 0.00 0.0 0 3.1 10 50 M M 3 17 50
6 63 39 51 -6 14 0 0.00 0.0 0 2.4 10 320 M M 0 17 90
7 M M M M M M 0.00 0.0 0 2.1 9 320 M M 0 8 14 10
8 75 38 57 1 8 0 0.00 0.0 0 0.7 7 60 M M 0 11 60
9 75 43 59 3 6 0 0.00 0.0 0 0.5 6 230 M M 0 9 260
10 76 48 62 6 3 0 0.00 0.0 0 1.7 10 170 M M 0 18 12 160
11 76 52 64 8 1 0 1.11 0.0 0 4.0 17 180 M M 6 123 23 180
12 69 45 57 2 8 0 0.00 0.0 0 1.6 12 310 M M 4 128 18 310
13 54 38 46 -9 19 0 0.00 0.0 0 4.8 14 300 M M 0 22 310
14 63 33 48 -7 17 0 0.00 0.0 0 2.1 12 280 M M 0 18 280
15 67 38 53 -1 12 0 0.00 0.0 0 0.8 9 180 M M 0 13 170
16 74 46 60 6 5 0 0.00 0.0 0 3.0 10 170 M M 2 8 14 190
17 77 49 63 9 2 0 0.00 0.0 0 2.5 14 190 M M 2 12 17 170
18 70 45 58 4 7 0 T 0.0 0 4.5 16 320 M M 8 8 24 310
19 63 41 52 -2 13 0 0.00 0.0 0 4.4 13 50 M M 0 19 60
20 65 39 52 -1 13 0 0.00 0.0 0 3.6 12 100 M M 0 19 100
21 70 45 58 5 7 0 0.76 0.0 0 2.4 10 340 M M 2 13 15 310
22 62 42 52 -1 13 0 0.33 0.0 0 5.8 16 310 M M 4 13 22 310
23 58 34 46 -6 19 0 0.00 0.0 0 2.6 8 320 M M 0 13 360
24 63 35 49 -3 16 0 0.00 0.0 0 2.3 12 160 M M 0 16 170
25 69 39 54 2 11 0 0.19 0.0 0 3.5 14 310 M M 4 1 23 310
26 55 37 46 -6 19 0 0.00 0.0 0 5.6 15 350 M M 3 18 22 320
27 62 31 47 -5 18 0 0.00 0.0 0 1.6 8 210 M M 0 12 180
28 57 41 49 -3 16 0 0.00 0.0 0 2.1 8 310 M M 1 12 320
29 57 37 47 -4 18 0 0.00 0.0 0 3.2 12 330 M M 0 17 310
30 67 35 51 0 14 0 0.00 0.0 0 1.8 10 210 M M 0 16 200
================================================================================
SM 1899 1202 330 0 2.51 0.0 85.6 M 58
================================================================================
AV 65.5 41.4 2.9 FASTST M M 2 MAX(MPH)
MISC ----> 17 180 24 310
================================================================================
NOTES:
# LAST OF SEVERAL OCCURRENCES
COLUMN 17 PEAK WIND IN M.P.H.
PRELIMINARY LOCAL CLIMATOLOGICAL DATA (WS FORM: F-6) , PAGE 2
STATION: SHELBY COUNTY AIRPORT
MONTH: NOVEMBER
YEAR: 2021
LATITUDE: 33 10 N
LONGITUDE: 86 47 W
[TEMPERATURE DATA] [PRECIPITATION DATA] SYMBOLS USED IN COLUMN 16
AVERAGE MONTHLY: 53.5 TOTAL FOR MONTH: 2.51 1 = FOG OR MIST
DPTR FM NORMAL: -1.1 DPTR FM NORMAL: -2.05 2 = FOG REDUCING VISIBILITY
HIGHEST: 77 ON 17 GRTST 24HR 1.11 ON 11-11 TO 1/4 MILE OR LESS
LOWEST: 31 ON 27 3 = THUNDER
SNOW, ICE PELLETS, HAIL 4 = ICE PELLETS
TOTAL MONTH: 0.0 INCH 5 = HAIL
GRTST 24HR 0.0 6 = FREEZING RAIN OR DRIZZLE
GRTST DEPTH: 0 7 = DUSTSTORM OR SANDSTORM:
VSBY 1/2 MILE OR LESS
8 = SMOKE OR HAZE
[NO. OF DAYS WITH] [WEATHER - DAYS WITH] 9 = BLOWING SNOW
X = TORNADO
MAX 32 OR BELOW: 0 0.01 INCH OR MORE: 5
MAX 90 OR ABOVE: 0 0.10 INCH OR MORE: 5
MIN 32 OR BELOW: 1 0.50 INCH OR MORE: 2
MIN 0 OR BELOW: 0 1.00 INCH OR MORE: 1
[HDD (BASE 65) ]
TOTAL THIS MO. 330 CLEAR (SCALE 0-3) 22
DPTR FM NORMAL 4 PTCLDY (SCALE 4-7) 6
TOTAL FM JUL 1 398 CLOUDY (SCALE 8-10) 2
DPTR FM NORMAL -32
[CDD (BASE 65) ]
TOTAL THIS MO. 0
DPTR FM NORMAL -13 [PRESSURE DATA]
TOTAL FM JAN 1 2011 HIGHEST SLP 30.43 ON 19
DPTR FM NORMAL -167 LOWEST SLP 29.86 ON 11
[REMARKS]
#FINAL-11-21#