000
CXUS56 KEKA 040105
CF6EKA
PRELIMINARY LOCAL CLIMATOLOGICAL DATA (WS FORM: F-6)
STATION: EUREKA CA
MONTH: APRIL
YEAR: 2023
LATITUDE: 40 47 N
LONGITUDE: 124 10 W
TEMPERATURE IN F: :PCPN: SNOW: WIND :SUNSHINE: SKY :PK WND
================================================================================
1 2 3 4 5 6A 6B 7 8 9 10 11 12 13 14 15 16 17 18
12Z AVG MX 2MIN
DY MAX MIN AVG DEP HDD CDD WTR SNW DPTH SPD SPD DIR MIN PSBL S-S WX SPD DR
================================================================================
1 51 42 47 -3 18 0 0.07 0.0 0 4.8 10 170 M M 10 1 17 M
2 51 39 45 -5 20 0 0.23 0.0 0 6.6 15 300 M M 9 5 23 M
3 47 35 41 -9 24 0 0.09 0.0 0 5.6 13 130 M M 7 15 M
4 50 34 42 -8 23 0 T 0.0 0 3.9 10 300 M M 8 13 M
5 52 37 45 -5 20 0 T 0.0 0 4.0 10 290 M M 9 13 M
6 56 46 51 1 14 0 0.36 0.0 0 11.1 18 210 M M 10 26 M
7 54 46 50 0 15 0 0.05 0.0 0 5.5 12 300 M M 9 15 M
8 58 41 50 0 15 0 0.00 0.0 0 5.0 13 280 M M 8 21 M
9 63 45 54 4 11 0 0.00 0.0 0 5.0 14 300 M M 7 18 M
10 62 46 54 4 11 0 0.97 0.0 0 5.0 12 230 M M 7 1 23 M
11 54 40 47 -3 18 0 T 0.0 0 5.2 14 330 M M 5 14 M
12 51 40 46 -4 19 0 0.06 0.0 0 9.5 14 10 M M 5 1 26 M
13 52 35 44 -7 21 0 0.00 0.0 0 4.3 10 340 M M 2 15 M
14 54 36 45 -6 20 0 0.00 0.0 0 4.3 10 300 M M 3 12 M
15 54 47 51 0 14 0 0.00 0.0 0 3.2 10 300 M M 9 14 M
16 58 42 50 -1 15 0 0.03 0.0 0 5.5 13 280 M M 10 18 M
17 54 43 49 -2 16 0 0.51 0.0 0 6.2 12 180 M M 10 3 24 M
18 54 37 46 -5 19 0 0.17 0.0 0 5.6 10 240 M M 7 22 M
19 53 39 46 -5 19 0 0.03 0.0 0 4.8 10 290 M M 3 12 M
20 57 39 48 -3 17 0 0.00 0.0 0 2.4 6 190 M M 9 9 M
21 59 45 52 1 13 0 0.00 0.0 0 5.0 12 350 M M 9 18 12 M
22 55 49 52 1 13 0 0.00 0.0 0 3.5 9 340 M M 9 1 9 M
23 55 44 50 -1 15 0 0.04 0.0 0 5.3 12 340 M M 10 1 15 M
24 57 44 51 0 14 0 0.00 0.0 0 6.2 14 350 M M 2 24 M
25 58 46 52 1 13 0 0.00 0.0 0 3.7 9 330 M M 3 12 M
26 61 43 52 0 13 0 0.00 0.0 0 2.9 9 340 M M 2 10 M
27 62 46 54 2 11 0 0.00 0.0 0 2.8 7 310 M M 0 128 8 M
28 56 49 53 1 12 0 0.00 0.0 0 3.6 9 300 M M 9 1 12 M
29 55 45 50 -2 15 0 0.00 0.0 0 3.1 7 330 M M 8 1 12 M
30 57 47 52 0 13 0 0.05 0.0 0 4.6 9 340 M M 8 1 13 M
================================================================================
SM 1660 1267 481 0 2.66 0.0 148.2 M 207
================================================================================
AV 55.3 42.2 4.9 FASTST M M 7 MAX(MPH)
MISC ----> 18 210 # 26 9999
================================================================================
NOTES:
# LAST OF SEVERAL OCCURRENCES
COLUMN 17 PEAK WIND IN M.P.H.
PRELIMINARY LOCAL CLIMATOLOGICAL DATA (WS FORM: F-6) , PAGE 2
STATION: EUREKA CA
MONTH: APRIL
YEAR: 2023
LATITUDE: 40 47 N
LONGITUDE: 124 10 W
[TEMPERATURE DATA] [PRECIPITATION DATA] SYMBOLS USED IN COLUMN 16
AVERAGE MONTHLY: 48.8 TOTAL FOR MONTH: 2.66 1 = FOG OR MIST
DPTR FM NORMAL: -2.0 DPTR FM NORMAL: -0.98 2 = FOG REDUCING VISIBILITY
HIGHEST: 63 ON 9 GRTST 24HR 0.97 ON 10-10 TO 1/4 MILE OR LESS
LOWEST: 34 ON 4 3 = THUNDER
SNOW, ICE PELLETS, HAIL 4 = ICE PELLETS
TOTAL MONTH: 0.0 INCH 5 = HAIL
GRTST 24HR 0.0 6 = FREEZING RAIN OR DRIZZLE
GRTST DEPTH: 0 7 = DUSTSTORM OR SANDSTORM:
VSBY 1/2 MILE OR LESS
8 = SMOKE OR HAZE
[NO. OF DAYS WITH] [WEATHER - DAYS WITH] 9 = BLOWING SNOW
X = TORNADO
MAX 32 OR BELOW: 0 0.01 INCH OR MORE: 13
MAX 90 OR ABOVE: 0 0.10 INCH OR MORE: 5
MIN 32 OR BELOW: 0 0.50 INCH OR MORE: 2
MIN 0 OR BELOW: 0 1.00 INCH OR MORE: 0
[HDD (BASE 65) ]
TOTAL THIS MO. 481 CLEAR (SCALE 0-3) 7
DPTR FM NORMAL 55 PTCLDY (SCALE 4-7) 10
TOTAL FM JUL 1 4172 CLOUDY (SCALE 8-10) 13
DPTR FM NORMAL 288
[CDD (BASE 65) ]
TOTAL THIS MO. 0
DPTR FM NORMAL 0 [PRESSURE DATA]
TOTAL FM JAN 1 0 HIGHEST SLP M ON M
DPTR FM NORMAL 0 LOWEST SLP 29.83 ON 7
[REMARKS]
#FINAL-04-23#