000
CXUS56 KEKA 052356
CF6EKA
PRELIMINARY LOCAL CLIMATOLOGICAL DATA (WS FORM: F-6)
STATION: EUREKA CA
MONTH: NOVEMBER
YEAR: 2022
LATITUDE: 40 47 N
LONGITUDE: 124 10 W
TEMPERATURE IN F: :PCPN: SNOW: WIND :SUNSHINE: SKY :PK WND
================================================================================
1 2 3 4 5 6A 6B 7 8 9 10 11 12 13 14 15 16 17 18
12Z AVG MX 2MIN
DY MAX MIN AVG DEP HDD CDD WTR SNW DPTH SPD SPD DIR MIN PSBL S-S WX SPD DR
================================================================================
1 55 41 48 -4 17 0 0.95 0.0 0 6.4 12 20 M M 8 23 M
2 53 38 46 -6 19 0 0.15 0.0 0 3.2 14 310 M M 8 14 M
3 53 35 44 -8 21 0 0.00 0.0 0 1.4 7 330 M M 6 2 7 M
4 61 48 55 3 10 0 0.06 0.0 0 3.7 9 220 M M 10 9 M
5 57 44 51 -1 14 0 0.70 0.0 0 5.8 13 340 M M 10 18 18 M
6 55 40 48 -4 17 0 0.73 0.0 0 6.0 13 180 M M 10 23 M
7 53 42 48 -4 17 0 0.29 0.0 0 8.3 14 M M M 9 21 M
8 49 41 45 -7 20 0 0.21 0.0 0 2.8 6 M M M 10 7 M
9 55 38 47 -5 18 0 0.00 0.0 0 3.0 7 280 M M 3 1 8 M
10 53 34 44 -7 21 0 0.00 0.0 0 2.9 6 300 M M 5 7 M
11 59 38 49 -2 16 0 0.24 0.0 0 2.7 9 290 M M 9 1 10 M
12 56 40 48 -3 17 0 0.26 0.0 0 0.0 M M M M 8 1 13 M
13 53 37 45 -6 20 0 0.00 0.0 0 0.9 5 30 M M 0 7 M
14 55 35 45 -6 20 0 0.00 0.0 0 1.3 7 300 M M 0 2 7 M
15 57 34 46 -5 19 0 0.00 0.0 0 2.0 6 340 M M 0 1 7 M
16 58 34 46 -4 19 0 0.00 0.0 0 1.6 7 10 M M 0 7 M
17 54 36 45 -5 20 0 0.00 0.0 0 2.0 7 300 M M 6 1 7 M
18 54 35 45 -5 20 0 0.00 0.0 0 1.6 7 310 M M 1 1 7 M
19 59 33 46 -4 19 0 0.00 0.0 0 1.4 7 280 M M 3 8 M
20 56 34 45 -5 20 0 0.00 0.0 0 0.8 3 30 M M 5 4 M
21 55 36 46 -4 19 0 0.00 0.0 0 1.4 7 290 M M 7 9 M
22 62 38 50 0 15 0 0.07 0.0 0 2.1 6 120 M M 9 2 6 M
23 55 41 48 -1 17 0 0.02 0.0 0 1.9 8 300 M M 7 2 9 M
24 62 38 50 1 15 0 0.00 0.0 0 3.0 6 270 M M 1 9 M
25 60 40 50 1 15 0 0.00 0.0 0 1.3 6 320 M M 9 1 8 M
26 55 41 48 -1 17 0 T 0.0 0 3.6 9 10 M M 1 1 10 M
27 55 40 48 -1 17 0 0.17 0.0 0 0.9 5 350 M M 2 1 7 M
28 53 36 45 -4 20 0 0.11 0.0 0 3.4 10 360 M M 8 14 M
29 50 32 41 -8 24 0 0.00 0.0 0 0.8 6 10 M M 2 1 7 M
30 55 40 48 0 17 0 1.40 0.0 0 7.3 13 170 M M 10 25 M
================================================================================
SM 1667 1139 540 0 5.36 0.0 83.5 M 167
================================================================================
AV 55.6 38.0 2.8 FASTST M M 6 MAX(MPH)
MISC ----> # 14 310 25 9999
================================================================================
NOTES:
# LAST OF SEVERAL OCCURRENCES
COLUMN 17 PEAK WIND IN M.P.H.
PRELIMINARY LOCAL CLIMATOLOGICAL DATA (WS FORM: F-6) , PAGE 2
STATION: EUREKA CA
MONTH: NOVEMBER
YEAR: 2022
LATITUDE: 40 47 N
LONGITUDE: 124 10 W
[TEMPERATURE DATA] [PRECIPITATION DATA] SYMBOLS USED IN COLUMN 16
AVERAGE MONTHLY: 46.8 TOTAL FOR MONTH: 5.36 1 = FOG OR MIST
DPTR FM NORMAL: -3.7 DPTR FM NORMAL: 0.47 2 = FOG REDUCING VISIBILITY
HIGHEST: 62 ON 24,22 GRTST 24HR 1.55 ON 30-30 TO 1/4 MILE OR LESS
LOWEST: 32 ON 29 3 = THUNDER
SNOW, ICE PELLETS, HAIL 4 = ICE PELLETS
TOTAL MONTH: 0.0 INCH 5 = HAIL
GRTST 24HR 0.0 6 = FREEZING RAIN OR DRIZZLE
GRTST DEPTH: 0 7 = DUSTSTORM OR SANDSTORM:
VSBY 1/2 MILE OR LESS
8 = SMOKE OR HAZE
[NO. OF DAYS WITH] [WEATHER - DAYS WITH] 9 = BLOWING SNOW
X = TORNADO
MAX 32 OR BELOW: 0 0.01 INCH OR MORE: 14
MAX 90 OR ABOVE: 0 0.10 INCH OR MORE: 11
MIN 32 OR BELOW: 1 0.50 INCH OR MORE: 4
MIN 0 OR BELOW: 0 1.00 INCH OR MORE: 1
[HDD (BASE 65) ]
TOTAL THIS MO. 540 CLEAR (SCALE 0-3) 11
DPTR FM NORMAL 105 PTCLDY (SCALE 4-7) 10
TOTAL FM JUL 1 1389 CLOUDY (SCALE 8-10) 9
DPTR FM NORMAL -39
[CDD (BASE 65) ]
TOTAL THIS MO. 0
DPTR FM NORMAL 0 [PRESSURE DATA]
TOTAL FM JAN 1 1 HIGHEST SLP M ON M
DPTR FM NORMAL 0 LOWEST SLP 29.55 ON 8
[REMARKS]
#FINAL-11-22#