000
CXUS56 KEKA 032127
CF6EKA
PRELIMINARY LOCAL CLIMATOLOGICAL DATA (WS FORM: F-6)
STATION: EUREKA CA
MONTH: MARCH
YEAR: 2024
LATITUDE: 40 47 N
LONGITUDE: 124 10 W
TEMPERATURE IN F: :PCPN: SNOW: WIND :SUNSHINE: SKY :PK WND
================================================================================
1 2 3 4 5 6A 6B 7 8 9 10 11 12 13 14 15 16 17 18
12Z AVG MX 2MIN
DY MAX MIN AVG DEP HDD CDD WTR SNW DPTH SPD SPD DIR MIN PSBL S-S WX SPD DR
================================================================================
1 55 41 48 -1 17 0 0.68 0.0 0 10.5 17 270 M M 9 35 31 M
2 46 35 41 -8 24 0 0.40 0.0 0 8.0 17 190 M M 8 5 35 M
3 50 37 44 -5 21 0 0.46 0.0 0 6.6 12 180 M M 9 15 22 M
4 49 37 43 -6 22 0 0.11 0.0 0 6.9 10 190 M M 10 10 M
5 53 46 50 1 15 0 0.96 0.0 0 4.1 7 160 M M 10 1 7 M
6 54 46 50 1 15 0 0.01 0.0 0 6.7 12 20 M M 9 1 24 M
7 54 36 45 -4 20 0 0.00 0.0 0 5.2 12 350 M M 0 15 M
8 54 35 45 -4 20 0 0.00 0.0 0 4.4 12 180 M M 3 12 M
9 56 44 50 1 15 0 0.31 0.0 0 9.3 15 170 M M 7 22 M
10 51 42 47 -2 18 0 0.74 0.0 0 7.1 14 180 M M 10 26 M
11 52 41 47 -2 18 0 0.21 0.0 0 8.3 17 170 M M 10 1 30 M
12 56 42 49 0 16 0 0.15 0.0 0 4.8 10 330 M M 7 1 13 M
13 55 37 46 -3 19 0 0.00 0.0 0 5.9 15 10 M M 2 8 21 M
14 62 37 50 1 15 0 0.00 0.0 0 3.5 10 360 M M 0 14 M
15 71 37 54 5 11 0 0.00 0.0 0 3.5 8 340 M M 0 11 M
16 64 42 53 4 12 0 0.00 0.0 0 4.3 9 270 M M 1 12 M
17 57 43 50 1 15 0 0.00 0.0 0 5.5 12 360 M M 5 12 M
18 58 48 53 4 12 0 0.00 0.0 0 3.3 8 270 M M 9 8 M
19 53 49 51 2 14 0 T 0.0 0 2.8 7 310 M M 10 1 7 M
20 57 47 52 3 13 0 T 0.0 0 4.8 12 210 M M 10 13 M
21 63 47 55 5 10 0 0.00 0.0 0 5.5 12 170 M M 7 20 M
22 61 48 55 5 10 0 0.77 0.0 0 8.0 13 160 M M 9 20 160
23 52 47 50 0 15 0 1.07 0.0 0 7.6 13 31 M M 10 16 M
24 58 46 52 2 13 0 0.50 0.0 0 7.2 10 320 M M 7 20 330
25 58 44 51 1 14 0 T 0.0 0 4.3 10 360 M M 9 13 270
26 56 42 49 -1 16 0 0.00 0.0 0 3.6 7 32 M M 7 12 M
27 57 45 51 1 14 0 0.80 0.0 0 8.2 13 230 M M 10 13 29 M
28 56 44 50 0 15 0 0.25 0.0 0 8.1 14 220 M M 9 1 16 M
29 57 41 49 -1 16 0 T 0.0 0 5.6 13 30 M M 9 20 M
30 60 38 49 -1 16 0 0.00 0.0 0 4.0 10 10 M M 6 1 10 M
31 58 45 52 2 13 0 0.00 0.0 0 7.0 16 360 M M 4 23 M
================================================================================
SM 1743 1309 484 0 7.42 0.0 184.6 M 216
================================================================================
AV 56.2 42.2 6.0 FASTST M M 7 MAX(MPH)
MISC ----> # 17 270 35 9999
================================================================================
NOTES:
# LAST OF SEVERAL OCCURRENCES
COLUMN 17 PEAK WIND IN M.P.H.
PRELIMINARY LOCAL CLIMATOLOGICAL DATA (WS FORM: F-6) , PAGE 2
STATION: EUREKA CA
MONTH: MARCH
YEAR: 2024
LATITUDE: 40 47 N
LONGITUDE: 124 10 W
[TEMPERATURE DATA] [PRECIPITATION DATA] SYMBOLS USED IN COLUMN 16
AVERAGE MONTHLY: 49.2 TOTAL FOR MONTH: 7.42 1 = FOG OR MIST
DPTR FM NORMAL: 0.0 DPTR FM NORMAL: 1.67 2 = FOG REDUCING VISIBILITY
HIGHEST: 71 ON 15 GRTST 24HR 1.20 ON 23-24 TO 1/4 MILE OR LESS
LOWEST: 35 ON 8, 2 3 = THUNDER
SNOW, ICE PELLETS, HAIL 4 = ICE PELLETS
TOTAL MONTH: T 5 = HAIL
GRTST 24HR 0.0 6 = FREEZING RAIN OR DRIZZLE
GRTST DEPTH: 0 7 = DUSTSTORM OR SANDSTORM:
VSBY 1/2 MILE OR LESS
8 = SMOKE OR HAZE
[NO. OF DAYS WITH] [WEATHER - DAYS WITH] 9 = BLOWING SNOW
X = TORNADO
MAX 32 OR BELOW: 0 0.01 INCH OR MORE: 15
MAX 90 OR ABOVE: 0 0.10 INCH OR MORE: 14
MIN 32 OR BELOW: 0 0.50 INCH OR MORE: 7
MIN 0 OR BELOW: 0 1.00 INCH OR MORE: 1
[HDD (BASE 65) ]
TOTAL THIS MO. 484 CLEAR (SCALE 0-3) 6
DPTR FM NORMAL -4 PTCLDY (SCALE 4-7) 9
TOTAL FM JUL 1 2922 CLOUDY (SCALE 8-10) 16
DPTR FM NORMAL -534
[CDD (BASE 65) ]
TOTAL THIS MO. 0
DPTR FM NORMAL 0 [PRESSURE DATA]
TOTAL FM JAN 1 0 HIGHEST SLP 30.36 ON 13
DPTR FM NORMAL 0 LOWEST SLP 29.49 ON 1
[REMARKS]
#FINAL-03-24#