000
CXUS56 KEKA 080608
CF6EKA
PRELIMINARY LOCAL CLIMATOLOGICAL DATA (WS FORM: F-6)
STATION: EUREKA CA
MONTH: JANUARY
YEAR: 2024
LATITUDE: 40 47 N
LONGITUDE: 124 10 W
TEMPERATURE IN F: :PCPN: SNOW: WIND :SUNSHINE: SKY :PK WND
================================================================================
1 2 3 4 5 6A 6B 7 8 9 10 11 12 13 14 15 16 17 18
12Z AVG MX 2MIN
DY MAX MIN AVG DEP HDD CDD WTR SNW DPTH SPD SPD DIR MIN PSBL S-S WX SPD DR
================================================================================
1 58 40 49 2 16 0 0.00 0.0 0 2.0 8 M M M 4 8 M
2 57 44 51 4 14 0 0.49 0.0 0 8.8 15 150 M M 10 1 37 M
3 52 44 48 1 17 0 0.61 0.0 0 2.8 8 230 M M 9 1 12 M
4 58 44 51 4 14 0 0.05 0.0 0 1.8 6 16 M M 9 18 6 M
5 54 43 49 1 16 0 0.04 0.0 0 2.4 7 4 M M 7 18 12 M
6 53 37 45 -3 20 0 0.55 0.0 0 6.5 16 350 M M 7 3 30 M
7 50 34 42 -6 23 0 0.01 0.0 0 2.3 8 320 M M 6 10 M
8 54 41 48 0 17 0 T 0.0 0 2.5 10 170 M M 10 12 M
9 53 44 49 1 16 0 0.65 0.0 0 6.4 14 320 M M 8 18 25 M
10 51 37 44 -4 21 0 0.65 0.0 0 9.3 17 300 M M 10 1 28 M
11 51 32 42 -6 23 0 0.02 0.0 0 2.0 6 290 M M 6 6 M
12 51 41 46 -2 19 0 0.21 0.0 0 5.4 9 180 M M 10 16 M
13 56 49 53 5 12 0 2.45 0.0 0 10.4 21 200 M M 9 1 28 200
14 55 47 51 3 14 0 0.11 0.0 0 2.3 9 280 M M 9 1 9 M
15 51 43 47 -1 18 0 0.00 0.0 0 2.3 6 270 M M 10 2 6 M
16 55 45 50 2 15 0 0.25 0.0 0 4.8 12 180 M M 10 1 18 180
17 58 48 53 5 12 0 0.03 0.0 0 6.7 12 170 M M 9 18 M
18 64 48 56 8 9 0 0.00 0.0 0 4.0 8 210 M M 10 13 M
19 68 48 58 10 7 0 T 0.0 0 5.9 15 170 M M 9 26 M
20 58 50 54 6 11 0 1.89 0.0 0 8.6 18 170 M M 10 1 32 M
21 58 53 56 8 9 0 0.19 0.0 0 7.8 13 170 M M 10 8 25 M
22 61 51 56 8 9 0 0.31 0.0 0 3.1 10 250 M M 9 1 10 M
23 56 50 53 5 12 0 0.16 0.0 0 3.9 10 270 M M 10 1 10 M
24 60 50 55 7 10 0 0.68 0.0 0 7.6 14 150 M M 10 21 M
25 60 46 53 5 12 0 0.01 0.0 0 4.1 10 250 M M 7 13 M
26 62 50 56 8 9 0 0.08 0.0 0 9.1 16 140 M M 10 23 M
27 63 55 59 11 6 0 0.24 0.0 0 9.0 15 150 M M 10 26 M
28 67 51 59 11 6 0 0.00 0.0 0 2.5 8 300 M M 4 1 8 M
29 69 49 59 11 6 0 0.00 0.0 0 4.6 10 90 M M 9 18 10 90
30 71 54 63 15 2 0 T 0.0 0 9.9 21 170 M M 10 40 170
31 66 49 58 10 7 0 2.17 0.0 0 9.8 14 190 M M 10 1 28 190
================================================================================
SM 1800 1417 402 0 11.85 0.0 168.6 M 271
================================================================================
AV 58.1 45.7 5.4 FASTST M M 9 MAX(MPH)
MISC ----> # 21 200 40 170
================================================================================
NOTES:
# LAST OF SEVERAL OCCURRENCES
COLUMN 17 PEAK WIND IN M.P.H.
PRELIMINARY LOCAL CLIMATOLOGICAL DATA (WS FORM: F-6) , PAGE 2
STATION: EUREKA CA
MONTH: JANUARY
YEAR: 2024
LATITUDE: 40 47 N
LONGITUDE: 124 10 W
[TEMPERATURE DATA] [PRECIPITATION DATA] SYMBOLS USED IN COLUMN 16
AVERAGE MONTHLY: 51.9 TOTAL FOR MONTH: 11.85 1 = FOG OR MIST
DPTR FM NORMAL: 4.0 DPTR FM NORMAL: 5.18 2 = FOG REDUCING VISIBILITY
HIGHEST: 71 ON 30 GRTST 24HR 2.49 ON 13-14 TO 1/4 MILE OR LESS
LOWEST: 32 ON 11 3 = THUNDER
SNOW, ICE PELLETS, HAIL 4 = ICE PELLETS
TOTAL MONTH: 0.0 INCH 5 = HAIL
GRTST 24HR 0.0 6 = FREEZING RAIN OR DRIZZLE
GRTST DEPTH: 0 7 = DUSTSTORM OR SANDSTORM:
VSBY 1/2 MILE OR LESS
8 = SMOKE OR HAZE
[NO. OF DAYS WITH] [WEATHER - DAYS WITH] 9 = BLOWING SNOW
X = TORNADO
MAX 32 OR BELOW: 0 0.01 INCH OR MORE: 23
MAX 90 OR ABOVE: 0 0.10 INCH OR MORE: 16
MIN 32 OR BELOW: 1 0.50 INCH OR MORE: 8
MIN 0 OR BELOW: 0 1.00 INCH OR MORE: 3
[HDD (BASE 65) ]
TOTAL THIS MO. 402 CLEAR (SCALE 0-3) 0
DPTR FM NORMAL -127 PTCLDY (SCALE 4-7) 8
TOTAL FM JUL 1 1998 CLOUDY (SCALE 8-10) 23
DPTR FM NORMAL -509
[CDD (BASE 65) ]
TOTAL THIS MO. 0
DPTR FM NORMAL 0 [PRESSURE DATA]
TOTAL FM JAN 1 0 HIGHEST SLP 30.42 ON 5
DPTR FM NORMAL 0 LOWEST SLP 29.44 ON 31
[REMARKS]
#FINAL-01-24#