000
CXUS56 KLKN 030929
CF6EKO
PRELIMINARY LOCAL CLIMATOLOGICAL DATA (WS FORM: F-6)
STATION: ELKO AIRPORT NV
MONTH: SEPTEMBER
YEAR: 2021
LATITUDE: 40 49 N
LONGITUDE: 115 47 W
TEMPERATURE IN F: :PCPN: SNOW: WIND :SUNSHINE: SKY :PK WND
================================================================================
1 2 3 4 5 6A 6B 7 8 9 10 11 12 13 14 15 16 17 18
12Z AVG MX 2MIN
DY MAX MIN AVG DEP HDD CDD WTR SNW DPTH SPD SPD DIR MIN PSBL S-S WX SPD DR
================================================================================
1 86 39 63 -3 2 0 0.00 0.0 0 4.2 17 260 M M 0 8 23 270
2 85 39 62 -3 3 0 0.00 0.0 0 5.2 21 270 M M 0 27 320
3 82 41 62 -3 3 0 0.00 0.0 0 3.5 13 260 M M 0 8 17 260
4 87 39 63 -2 2 0 0.00 0.0 0 5.2 17 260 M M 0 8 23 270
5 92 38 65 1 0 0 0.00 0.0 0 4.3 16 270 M M 0 8 22 290
6 95 39 67 3 0 2 0.00 0.0 0 3.5 14 270 M M 0 18 250
7 96 40 68 4 0 3 0.00 0.0 0 2.3 9 110 M M 0 8 11 70
8 97 47 72 9 0 7 0.00 0.0 0 4.4 16 260 M M 0 20 270
9 97 45 71 8 0 6 0.00 0.0 0 7.3 32 190 M M 0 8 52 230
10 88 57 73 10 0 8 0.10 0.0 0 8.7 36 230 M M 4 3 47 230
11 84 53 69 7 0 4 0.05 0.0 0 3.0 14 280 M M 4 1 18 270
12 88 50 69 7 0 4 0.00 0.0 0 5.1 21 260 M M 1 28 260
13 86 44 65 3 0 0 0.00 0.0 0 4.2 17 270 M M 0 26 270
14 85 42 64 3 1 0 0.00 0.0 0 3.3 15 220 M M 0 19 230
15 88 36 62 1 3 0 0.00 0.0 0 4.6 21 260 M M 0 28 270
16 83 44 64 4 1 0 0.00 0.0 0 5.6 17 270 M M 0 20 260
17 87 42 65 5 0 0 0.00 0.0 0 6.6 24 170 M M 0 32 180
18 83 57 70 10 0 5 0.00 0.0 0 12.0 29 240 M M 1 8 36 260
19 67 38 53 -6 12 0 0.02 0.0 0 10.9 31 270 M M 3 8 39 290
20 69 30 50 -9 15 0 0.00 0.0 0 2.9 10 80 M M 0 13 90
21 81 32 57 -1 8 0 0.00 0.0 0 2.2 9 30 M M 0 14 70
22 82 34 58 0 7 0 0.00 0.0 0 4.3 20 260 M M 0 24 260
23 78 40 59 2 6 0 0.00 0.0 0 4.5 14 60 M M 0 17 70
24 81 37 59 2 6 0 0.00 0.0 0 2.1 8 100 M M 0 11 280
25 86 37 62 6 3 0 0.00 0.0 0 3.8 16 240 M M 0 20 240
26 85 42 64 8 1 0 0.00 0.0 0 5.5 17 290 M M 0 8 21 280
27 84 37 61 5 4 0 0.00 0.0 0 6.6 24 260 M M 0 8 31 260
28 61 34 48 -7 17 0 0.00 0.0 0 9.1 28 270 M M 0 36 270
29 64 24 44 -11 21 0 0.00 0.0 0 2.6 12 50 M M 0 18 50
30 70 25 48 -6 17 0 0.00 0.0 0 3.2 16 30 M M 0 22 30
================================================================================
SM 2497 1202 132 39 0.17 0.0 150.7 M 13
================================================================================
AV 83.2 40.1 5.0 FASTST M M 0 MAX(MPH)
MISC ----> 36 230 52 230
================================================================================
NOTES:
# LAST OF SEVERAL OCCURRENCES
COLUMN 17 PEAK WIND IN M.P.H.
PRELIMINARY LOCAL CLIMATOLOGICAL DATA (WS FORM: F-6) , PAGE 2
STATION: ELKO AIRPORT NV
MONTH: SEPTEMBER
YEAR: 2021
LATITUDE: 40 49 N
LONGITUDE: 115 47 W
[TEMPERATURE DATA] [PRECIPITATION DATA] SYMBOLS USED IN COLUMN 16
AVERAGE MONTHLY: 61.7 TOTAL FOR MONTH: 0.17 1 = FOG OR MIST
DPTR FM NORMAL: 1.3 DPTR FM NORMAL: -0.42 2 = FOG REDUCING VISIBILITY
HIGHEST: 97 ON 9, 8 GRTST 24HR 0.15 ON 10-11 TO 1/4 MILE OR LESS
LOWEST: 24 ON 29 3 = THUNDER
SNOW, ICE PELLETS, HAIL 4 = ICE PELLETS
TOTAL MONTH: 0.0 INCH 5 = HAIL
GRTST 24HR 0.0 6 = FREEZING RAIN OR DRIZZLE
GRTST DEPTH: 0 7 = DUSTSTORM OR SANDSTORM:
VSBY 1/2 MILE OR LESS
8 = SMOKE OR HAZE
[NO. OF DAYS WITH] [WEATHER - DAYS WITH] 9 = BLOWING SNOW
X = TORNADO
MAX 32 OR BELOW: 0 0.01 INCH OR MORE: 3
MAX 90 OR ABOVE: 5 0.10 INCH OR MORE: 1
MIN 32 OR BELOW: 4 0.50 INCH OR MORE: 0
MIN 0 OR BELOW: 0 1.00 INCH OR MORE: 0
[HDD (BASE 65) ]
TOTAL THIS MO. 132 CLEAR (SCALE 0-3) 28
DPTR FM NORMAL -40 PTCLDY (SCALE 4-7) 2
TOTAL FM JUL 1 149 CLOUDY (SCALE 8-10) 0
DPTR FM NORMAL -60
[CDD (BASE 65) ]
TOTAL THIS MO. 39
DPTR FM NORMAL 8 [PRESSURE DATA]
TOTAL FM JAN 1 810 HIGHEST SLP 30.47 ON 21
DPTR FM NORMAL 317 LOWEST SLP 29.69 ON 1
[REMARKS]
#FINAL-09-21#