000
CXUS54 KSHV 011400
CF6ELD
PRELIMINARY LOCAL CLIMATOLOGICAL DATA (WS FORM: F-6)
STATION: EL DORADO
MONTH: FEBRUARY
YEAR: 2022
LATITUDE: 33 13 N
LONGITUDE: 92 49 W
TEMPERATURE IN F: :PCPN: SNOW: WIND :SUNSHINE: SKY :PK WND
================================================================================
1 2 3 4 5 6A 6B 7 8 9 10 11 12 13 14 15 16 17 18
12Z AVG MX 2MIN
DY MAX MIN AVG DEP HDD CDD WTR SNW DPTH SPD SPD DIR MIN PSBL S-S WX SPD DR
================================================================================
1 68 47 58 12 7 0 T 0.0 0 8.5 17 110 M M 7 23 120
2 66 38 52 6 13 0 0.03 0.0 0 7.6 18 40 M M 9 1 23 50
3 38 28 33 -13 32 0 0.69 T 0 9.8 21 40 M M 10 1 28 20
4 33 22 28 -18 37 0 T T 0 6.7 14 320 M M 8 1 19 330
5 48 19 34 -12 31 0 0.00 0.0 0 2.3 7 160 M M 0 11 90
6 54 22 38 -9 27 0 0.00 0.0 0 1.5 8 180 M M 0 12 140
7 57 24 41 -6 24 0 0.00 0.0 0 2.9 14 310 M M 0 17 20
8 63 25 44 -3 21 0 0.00 0.0 0 3.5 15 190 M M 0 19 200
9 68 29 49 2 16 0 0.00 0.0 0 3.1 13 250 M M 0 18 260
10 72 30 51 4 14 0 0.00 0.0 0 2.1 14 200 M M 0 18 250
11 73 35 54 6 11 0 0.00 0.0 0 6.0 20 200 M M 0 27 200
12 56 26 41 -7 24 0 0.02 0.0 0 8.1 20 330 M M 5 18 27 320
13 55 19 37 -11 28 0 0.00 0.0 0 4.5 15 250 M M 0 8 22 230
14 69 26 48 0 17 0 0.00 0.0 0 3.4 14 200 M M 0 24 220
15 69 31 50 2 15 0 0.00 0.0 0 6.5 18 210 M M 0 29 150
16 73 54 64 15 1 0 T 0.0 0 13.0 22 160 M M 8 31 170
17 69 35 52 3 13 0 0.66 0.0 0 13.1 25 280 M M 10 13 38 280
18 51 29 40 -9 25 0 0.00 0.0 0 4.4 15 30 M M 3 19 40
19 63 26 45 -4 20 0 0.00 0.0 0 0.8 10 120 M M 0 14 110
20 67 29 48 -2 17 0 0.00 0.0 0 6.5 18 160 M M 1 23 160
21 74 54 64 14 1 0 0.20 0.0 0 8.4 18 180 M M 8 1 26 170
22 M M M M M M 0.04 0.0 0 11.0 15 170 M M 9 25 170
23 45 32 39 -11 26 0 0.08 T 0 8.9 16 50 M M 10 16 21 20
24 40 33 37 -14 28 0 T 0.0 0 6.7 13 50 M M 10 1 15 40
25 43 31 37 -14 28 0 T T 0 9.0 16 30 M M 10 1 21 20
26 34 30 32 -19 33 0 1.00 0.0 0 7.1 15 40 M M 10 16 18 20
27 54 30 42 -10 23 0 0.02 0.0 0 6.7 15 340 M M 6 1 23 330
28 65 26 46 -6 19 0 0.00 0.0 0 1.3 8 10 M M 0 12 350
================================================================================
SM 1567 830 551 0 2.74 T 173.4 M 124
================================================================================
AV 58.0 30.7 6.2 FASTST M M 4 MAX(MPH)
MISC ----> 25 280 38 280
================================================================================
NOTES:
# LAST OF SEVERAL OCCURRENCES
COLUMN 17 PEAK WIND IN M.P.H.
PRELIMINARY LOCAL CLIMATOLOGICAL DATA (WS FORM: F-6) , PAGE 2
STATION: EL DORADO
MONTH: FEBRUARY
YEAR: 2022
LATITUDE: 33 13 N
LONGITUDE: 92 49 W
[TEMPERATURE DATA] [PRECIPITATION DATA] SYMBOLS USED IN COLUMN 16
AVERAGE MONTHLY: 44.4 TOTAL FOR MONTH: 2.74 1 = FOG OR MIST
DPTR FM NORMAL: -4.1 DPTR FM NORMAL: -1.73 2 = FOG REDUCING VISIBILITY
HIGHEST: 74 ON 21 GRTST 24HR 1.02 ON 26-27 TO 1/4 MILE OR LESS
LOWEST: 19 ON 13, 5 3 = THUNDER
SNOW, ICE PELLETS, HAIL 4 = ICE PELLETS
TOTAL MONTH: T 5 = HAIL
GRTST 24HR T ON 3- 3 6 = FREEZING RAIN OR DRIZZLE
GRTST DEPTH: 0 7 = DUSTSTORM OR SANDSTORM:
VSBY 1/2 MILE OR LESS
8 = SMOKE OR HAZE
[NO. OF DAYS WITH] [WEATHER - DAYS WITH] 9 = BLOWING SNOW
X = TORNADO
MAX 32 OR BELOW: 0 0.01 INCH OR MORE: 9
MAX 90 OR ABOVE: 0 0.10 INCH OR MORE: 4
MIN 32 OR BELOW: 20 0.50 INCH OR MORE: 3
MIN 0 OR BELOW: 0 1.00 INCH OR MORE: 1
[HDD (BASE 65) ]
TOTAL THIS MO. 551 CLEAR (SCALE 0-3) 14
DPTR FM NORMAL 84 PTCLDY (SCALE 4-7) 5
TOTAL FM JUL 1 1927 CLOUDY (SCALE 8-10) 9
DPTR FM NORMAL -210
[CDD (BASE 65) ]
TOTAL THIS MO. 0
DPTR FM NORMAL -6 [PRESSURE DATA]
TOTAL FM JAN 1 2 HIGHEST SLP 30.60 ON 5
DPTR FM NORMAL -1 LOWEST SLP 29.70 ON 17
[REMARKS]
#FINAL-02-22#