000
CXUS54 KEPZ 011030
CF6ELP
PRELIMINARY LOCAL CLIMATOLOGICAL DATA (WS FORM: F-6)
STATION: EL PASO
MONTH: OCTOBER
YEAR: 2022
LATITUDE: 31 47 N
LONGITUDE: 106 24 W
TEMPERATURE IN F: :PCPN: SNOW: WIND :SUNSHINE: SKY :PK WND
================================================================================
1 2 3 4 5 6A 6B 7 8 9 10 11 12 13 14 15 16 17 18
12Z AVG MX 2MIN
DY MAX MIN AVG DEP HDD CDD WTR SNW DPTH SPD SPD DIR MIN PSBL S-S WX SPD DR
================================================================================
1 87 60 74 2 0 9 0.00 0.0 0 6.0 18 170 M M 4 26 190
2 86 64 75 3 0 10 T 0.0 0 6.6 18 100 M M 7 26 100
3 86 63 75 4 0 10 0.04 0.0 0 5.9 16 20 M M 6 21 20
4 83 58 71 0 0 6 0.20 0.0 0 5.4 22 140 M M 5 3 28 140
5 81 61 71 0 0 6 0.05 0.0 0 4.5 20 50 M M 8 13 26 50
6 75 61 68 -2 0 3 0.29 0.0 0 9.2 17 30 M M 7 13 24 10
7 71 61 66 -4 0 1 0.45 0.0 0 8.2 17 190 M M 9 138 23 210
8 74 60 67 -3 0 2 0.20 0.0 0 8.9 20 100 M M 9 1 29 80
9 75 58 67 -2 0 2 0.38 0.0 0 7.8 24 260 M M 8 13 33 260
10 76 56 66 -3 0 1 0.01 0.0 0 4.7 14 350 M M 5 17 350
11 80 55 68 -1 0 3 0.00 0.0 0 5.1 15 250 M M 2 22 270
12 85 59 72 4 0 7 0.00 0.0 0 4.3 10 190 M M 1 13 200
13 84 56 70 2 0 5 0.00 0.0 M 1.9 10 260 M M 5 13 260
14 81 58 70 2 0 5 0.00 0.0 0 3.5 10 190 M M 7 16 200
15 89 59 74 7 0 9 0.00 0.0 0 5.8 21 150 M M 4 27 150
16 80 56 68 1 0 3 0.19 0.0 0 9.7 22 20 M M 6 3 29 70
17 60 54 57 -9 8 0 0.01 0.0 0 11.0 18 10 M M 10 24 10
18 69 51 60 -6 5 0 0.00 0.0 0 5.2 12 120 M M 7 17 130
19 73 48 61 -5 4 0 0.00 0.0 0 4.3 9 40 M M 2 13 50
20 79 47 63 -2 2 0 0.00 0.0 0 2.4 7 180 M M 1 10 10
21 84 50 67 2 0 2 0.00 0.0 0 5.8 20 250 M M 1 27 240
22 85 64 75 10 0 10 0.00 0.0 0 11.8 26 250 M M 5 33 240
23 82 63 73 9 0 8 T 0.0 0 18.6 36 270 M M 6 50 270
24 64 46 55 -9 10 0 0.09 0.0 0 15.5 33 290 M M 4 8 50 310
25 69 39 54 -9 11 0 0.00 0.0 0 5.3 18 300 M M 0 24 300
26 75 41 58 -5 7 0 0.00 0.0 0 6.2 21 260 M M 1 27 260
27 75 49 62 -1 3 0 0.00 0.0 0 15.9 33 320 M M 2 8 45 300
28 68 40 54 -8 11 0 0.00 0.0 0 5.4 18 350 M M 1 23 10
29 71 42 57 -5 8 0 0.00 0.0 0 3.1 8 270 M M 0 11 290
30 75 43 59 -2 6 0 0.00 0.0 0 3.2 8 20 M M 5 10 20
31 76 49 63 2 2 0 0.00 0.0 M 5.4 14 30 M M 4 18 360
================================================================================
SM 2398 1671 77 102 1.91 0.0 216.6 M 142
================================================================================
AV 77.4 53.9 7.0 FASTST M M 5 MAX(MPH)
MISC ----> 36 270 # 50 270
================================================================================
NOTES:
# LAST OF SEVERAL OCCURRENCES
COLUMN 17 PEAK WIND IN M.P.H.
PRELIMINARY LOCAL CLIMATOLOGICAL DATA (WS FORM: F-6) , PAGE 2
STATION: EL PASO
MONTH: OCTOBER
YEAR: 2022
LATITUDE: 31 47 N
LONGITUDE: 106 24 W
[TEMPERATURE DATA] [PRECIPITATION DATA] SYMBOLS USED IN COLUMN 16
AVERAGE MONTHLY: 65.6 TOTAL FOR MONTH: 1.91 1 = FOG OR MIST
DPTR FM NORMAL: -1.1 DPTR FM NORMAL: 1.32 2 = FOG REDUCING VISIBILITY
HIGHEST: 89 ON 15 GRTST 24HR 0.47 ON 6- 7 TO 1/4 MILE OR LESS
LOWEST: 39 ON 25 3 = THUNDER
SNOW, ICE PELLETS, HAIL 4 = ICE PELLETS
TOTAL MONTH: 0.0 INCH 5 = HAIL
GRTST 24HR 0.0 6 = FREEZING RAIN OR DRIZZLE
GRTST DEPTH: 0 7 = DUSTSTORM OR SANDSTORM:
VSBY 1/2 MILE OR LESS
8 = SMOKE OR HAZE
[NO. OF DAYS WITH] [WEATHER - DAYS WITH] 9 = BLOWING SNOW
X = TORNADO
MAX 32 OR BELOW: 0 0.01 INCH OR MORE: 11
MAX 90 OR ABOVE: 0 0.10 INCH OR MORE: 6
MIN 32 OR BELOW: 0 0.50 INCH OR MORE: 0
MIN 0 OR BELOW: 0 1.00 INCH OR MORE: 0
[HDD (BASE 65) ]
TOTAL THIS MO. 77 CLEAR (SCALE 0-3) 10
DPTR FM NORMAL 15 PTCLDY (SCALE 4-7) 18
TOTAL FM JUL 1 77 CLOUDY (SCALE 8-10) 3
DPTR FM NORMAL 14
[CDD (BASE 65) ]
TOTAL THIS MO. 102
DPTR FM NORMAL -12 [PRESSURE DATA]
TOTAL FM JAN 1 2936 HIGHEST SLP 30.29 ON 19
DPTR FM NORMAL 281 LOWEST SLP 29.50 ON 23
[REMARKS]
#FINAL-10-22#