000
CXUS54 KEPZ 010957
CLMELP
CLIMATE REPORT
NATIONAL WEATHER SERVICE EL PASO TX/SANTA TERESA NM
357 AM MDT WED NOV 01 2023
...................................
...THE EL PASO CLIMATE SUMMARY FOR THE MONTH OF OCTOBER 2023...
CLIMATE NORMAL PERIOD 1991 TO 2020
CLIMATE RECORD PERIOD 1879 TO 2023
WEATHER OBSERVED NORMAL DEPART LAST YEAR`S
VALUE DATE(S) VALUE FROM VALUE DATE(S)
NORMAL
................................................................
TEMPERATURE (F)
RECORD
HIGH 96 10/02/2015
10/05/1994
10/11/1979
LOW 25 10/30/1970
10/29/1970
HIGHEST 93 10/02 83 10 89 10/15
LOWEST 35 10/31 44 -9 39 10/25
AVG. MAXIMUM 83.6 79.4 4.2 77.4
AVG. MINIMUM 58.1 54.0 4.1 53.9
MEAN 70.8 66.7 4.1 65.7
DAYS MAX >= 90 6 2.7 3.3 0
DAYS MAX <= 32 0 0.0 0.0 0
DAYS MIN <= 32 0 0.4 -0.4 0
DAYS MIN <= 0 0 0.0 0.0 0
PRECIPITATION (INCHES)
RECORD
MAXIMUM 5.15 1884
MINIMUM 0.00 2016
TOTALS 0.35 0.59 -0.24 1.91
DAYS >= .01 1 11
DAYS >= .10 1 6
DAYS >= .50 0 0
DAYS >= 1.00 0 0
GREATEST
24 HR. TOTAL 0.35 10/24 TO 10/24
SNOWFALL (INCHES)
TOTALS 0.0 0.0
SNOWDEPTH AVG. 0 0
DAYS >= TRACE 0 0
GREATEST
SNOW DEPTH 0
24 HR TOTAL MM
DEGREE DAYS
HEATING TOTAL 47 62 -15 77
SINCE 7/1 47 63 -16 MM
COOLING TOTAL 235 114 121 102
SINCE 1/1 3505 2655 850 MM
FREEZE DATES
RECORD
EARLIEST 10/16/1880
LATEST 05/02/1967
EARLIEST MM
LATEST 03/19
................................................................
WIND (MPH)
AVERAGE WIND SPEED 7.2
HIGHEST WIND SPEED/DIRECTION 33/260 DATE 10/12
HIGHEST GUST SPEED/DIRECTION 44/260 DATE 10/12
SKY COVER
AVERAGE SKY COVER 0.22
AVERAGE RH (PERCENT) 35
WEATHER CONDITIONS. NUMBER OF DAYS WITH
THUNDERSTORM 1 MIXED PRECIP 0
HEAVY RAIN 1 RAIN 1
LIGHT RAIN 2 FREEZING RAIN 0
LT FREEZING RAIN 0 HAIL 0
HEAVY SNOW 0 SNOW 0
LIGHT SNOW 0 SLEET 0
FOG 0 FOG W/VIS <= 1/4 MILE 0
HAZE 2
- INDICATES NEGATIVE NUMBERS.
R INDICATES RECORD WAS SET OR TIED.
MM INDICATES DATA IS MISSING.
T INDICATES TRACE AMOUNT.
$$